-- Table structure for table `category_sub_groups`
--

CREATE TABLE `category_sub_groups` (
  `id` int(10) UNSIGNED NOT NULL,
  `category_group_id` int(10) UNSIGNED NOT NULL,
  `name` varchar(200) NOT NULL,
  `slug` varchar(200) NOT NULL,
  `description` text DEFAULT NULL,
  `active` tinyint(1) NOT NULL DEFAULT 1,
  `order` int(11) DEFAULT 100,
  `meta_title` text DEFAULT NULL,
  `meta_description` longtext DEFAULT NULL,
  `deleted_at` timestamp NULL DEFAULT NULL,
  `created_at` timestamp NULL DEFAULT NULL,
  `updated_at` timestamp NULL DEFAULT NULL
) ENGINE=InnoDB DEFAULT CHARSET=utf8 COLLATE=utf8_unicode_ci;

--
-- Dumping data for table `category_sub_groups`
--

INSERT INTO `category_sub_groups` (`id`, `category_group_id`, `name`, `slug`, `description`, `active`, `order`, `meta_title`, `meta_description`, `deleted_at`, `created_at`, `updated_at`) VALUES
(1, 2, 'Mobile & Accessories', 'mobile-accessories', 'Cell Phones and Accessories', 1, 100, NULL, NULL, NULL, '2022-08-02 15:57:45', '2023-09-30 09:00:24'),
(2, 2, 'Computer & Accessories', 'computer-accessories', 'Tablet, Laptop, Desktop and Accessories', 1, 100, NULL, NULL, NULL, '2022-08-02 15:57:45', '2023-09-30 09:00:36'),
(3, 1, 'Home Entertainment', 'home-entertainment', 'TVs, Home Theaters etc', 1, 100, NULL, NULL, NULL, '2022-08-02 15:57:45', '2022-08-02 15:57:45'),
(4, 14, 'Photo & Video', 'photo-video', 'PnS, DSLR, Video Camera and Accessories', 1, 100, NULL, NULL, NULL, '2022-08-02 15:57:45', '2023-09-30 09:00:58'),
(5, 6, 'Indoor', 'indoor', 'Puzzle, Keram etc', 1, 100, NULL, NULL, NULL, '2022-08-02 15:57:45', '2023-09-30 08:59:59'),
(6, 6, 'Outdoor', 'outdoor', 'Cycle, Dron etc', 1, 100, NULL, NULL, NULL, '2022-08-02 15:57:45', '2023-09-30 09:00:10'),
(7, 4, 'Men\'s Fashion', 'mens-fashion', 'Lots of fashion products.', 1, 100, NULL, NULL, NULL, '2022-08-02 15:57:45', '2023-09-30 09:01:18'),
(8, 4, 'Women\'s Fashion', 'womens-fashion', 'Lots of fashion products.', 1, 100, NULL, NULL, NULL, '2022-08-02 15:57:45', '2023-09-30 09:01:27'),
(9, 1, 'Kitchen', 'kitchen', 'Kitchen and cooking products.', 1, 100, NULL, NULL, NULL, '2022-08-02 15:57:45', '2023-09-30 09:01:39'),
(10, 9, 'Garden', 'garden', 'Gardening related products.', 1, 100, 'Lorem ipsum dolor sit amet, consectetur adipiscing elit, sed', 'Lorem ipsum dolor sit amet, consectetur adipiscing elit, sed do eiusmod tempor incididunt ut labore et dolore magna aliqua. Ut enim ad minim veniam, quis nostrud exercitation ullamco laboris nisi ut aliquip ex ea commodo', NULL, '2022-08-02 15:57:45', '2023-09-30 12:38:05'),
(11, 10, 'Pollich, Leffler and Bayer', 'et-maxime-harum-corrupti-molestiae-qui-expedita-autem', 'Dolor aspernatur dignissimos ad non molestiae maiores doloribus ea. Et sit voluptatum laboriosam eum consectetur rerum magnam. Quia et consectetur et id at magni reprehenderit rerum. Reprehenderit in est dolorem quia. Explicabo necessitatibus ea reiciendis sed aspernatur. Et et totam nihil atque voluptas adipisci. Est repellat nisi consequuntur qui libero ut. Repudiandae quia magnam labore possimus sint.', 1, 100, NULL, NULL, NULL, '2022-08-02 15:57:45', '2023-09-30 09:02:44'),
(12, 3, 'Roberts, Hagenes and Sipes', 'saepe-voluptatem-non-vitae-magni-eaque-eos-consequuntur', 'Sequi ratione magnam assumenda voluptatibus recusandae asperiores. Magnam rerum illo quis quia recusandae doloremque. Nesciunt consequatur cupiditate nihil necessitatibus eum veniam quisquam. At nam pariatur possimus sit non corporis perferendis. Id ut vel et quo. Eligendi nesciunt inventore quis quia enim sed. Ut repellendus est fugit. Est et reprehenderit qui perspiciatis fugiat expedita maiores.', 1, 100, NULL, NULL, NULL, '2022-08-02 15:57:45', '2022-08-02 15:57:45'),
(13, 3, 'Kertzmann LLC', 'non-soluta-repudiandae-quidem', 'Adipisci vero ullam qui laborum non. Ea beatae praesentium voluptatem officiis magni in. Reprehenderit dolores aut quis sit. Itaque ut non voluptatem in. Sunt est commodi cupiditate libero veritatis ut autem. Inventore nulla numquam vitae cupiditate. Aut ipsam dicta nihil iusto praesentium mollitia. Consequatur sequi cupiditate ipsam repudiandae numquam inventore. Mollitia in libero amet natus qui. Voluptas sit amet rerum assumenda expedita. Non velit explicabo beatae cumque.', 1, 100, NULL, NULL, NULL, '2022-08-02 15:57:45', '2022-08-02 15:57:45'),
(14, 8, 'Dickinson, Grady and Lehner', 'ut-beatae-enim-expedita-sit-accusantium-temporibus-velit-reiciendis', 'Quaerat quia recusandae non animi sit suscipit ea. Qui a quo debitis porro repellendus veniam. Repudiandae odit tempora molestiae est. Voluptas ut et accusantium. Eos ea modi quis qui. Ex libero nobis eius sed quia voluptatum doloribus. Nesciunt rem mollitia tempore alias. Nisi voluptas nisi ut enim et odio sit ex. Dolore quas veniam laborum harum quo ut. Consequatur consequatur dicta aut sit et. Cum non veritatis cumque totam porro ipsa.', 1, 100, NULL, NULL, NULL, '2022-08-02 15:57:45', '2023-09-30 09:03:09'),
(15, 12, 'Brown-Weimann', 'sequi-illo-excepturi-est-nostrum', 'Quo non consequatur iste fuga. Enim cum illo itaque aliquid. Necessitatibus fugiat unde cumque. Voluptate quia minus impedit sapiente. Et qui nostrum id voluptatem ut est tenetur. Placeat eligendi velit consectetur molestiae culpa recusandae eius. Doloribus dolorem enim nostrum est assumenda sed dolor occaecati. Enim minus nesciunt dolor ab quod.', 1, 100, NULL, NULL, NULL, '2022-08-02 15:57:45', '2023-09-30 09:04:37'),
(16, 13, 'Jaskolski, Prohaska and Nicolas', 'sit-possimus-in-maiores-deserunt', 'Fugiat laudantium nihil voluptas sunt. Nam maiores praesentium commodi dolorum non at. Tempore ea aperiam aut consequatur aut. Omnis autem ut labore exercitationem deserunt. Maxime tempore exercitationem tempore nisi ullam. Hic voluptas hic sunt qui qui non unde. Deserunt eos autem eveniet provident et id. Et nesciunt quis debitis voluptatem non dolorem corporis. Ipsam aspernatur sit molestiae aperiam.', 1, 100, NULL, NULL, NULL, '2022-08-02 15:57:45', '2023-09-30 09:02:23'),
(17, 4, 'Huels Group', 'voluptate-qui-ut-enim', 'Velit voluptatem aliquid molestiae atque. Adipisci minima harum fuga voluptates aliquam voluptatem facilis quia. Aut alias quibusdam nam voluptatem eaque. Omnis quia quia doloribus rerum sit perferendis quia. Laboriosam esse velit delectus possimus ipsam quia molestiae. Qui quas explicabo et excepturi beatae vero quos.', 1, 100, NULL, NULL, NULL, '2022-08-02 15:57:45', '2023-09-30 14:19:16'),
(18, 6, 'Hirthe-Kerluke', 'facilis-ab-iure-doloremque-quia-non-rerum-eveniet', 'Quo incidunt culpa eligendi molestiae. Sequi rerum ab et eos doloribus. Mollitia voluptas harum ut quo et exercitationem voluptas. Asperiores vel et ut ex. Delectus qui sequi quia sapiente praesentium dicta suscipit. Cupiditate voluptas ut aperiam nam neque nemo quas rerum. Aut et voluptatum ex ut voluptatem. Ea aut sit non nihil saepe. Provident sit suscipit a quis nihil eos. Explicabo eligendi consequuntur ab voluptatibus est adipisci repellat. Eveniet est est eum accusamus sapiente quo.', 1, 100, NULL, NULL, '2023-09-30 14:22:53', '2022-08-02 15:57:45', '2023-09-30 14:22:53'),
(19, 7, 'Flatley-Rosenbaum', 'ut-et-facilis-perspiciatis-architecto-repellat-aut-doloribus', 'Laborum sit harum vero consequatur et non. Magni tempora recusandae non dolorum illum quibusdam. Aut eius est error dignissimos totam. Adipisci hic blanditiis nobis quas neque esse. Fuga ab ipsum debitis ea. Omnis incidunt adipisci omnis sed dolorum optio. Cum cupiditate itaque sed. Qui fugit dolore consequatur nesciunt. Sed omnis et soluta. Vel aut et eum non doloremque.', 1, 100, NULL, NULL, NULL, '2022-08-02 15:57:45', '2022-08-02 15:57:45'),
(20, 5, 'Haag LLC', 'cumque-cum-inventore-perspiciatis-voluptatibus-ut-officiis-itaque-doloremque', 'Culpa debitis ratione nesciunt commodi qui quaerat. Temporibus temporibus et consequatur et velit ut quo. Consequatur culpa repellat et laudantium. Doloremque vel fugit et sit. Fugit id officia ut aliquid et voluptas. Voluptas dolores in non quasi. Ut placeat mollitia animi odio excepturi eum aut.', 1, 100, NULL, NULL, NULL, '2022-08-02 15:57:45', '2023-09-30 13:40:19'),
(21, 12, 'Gottlieb Group', 'distinctio-consequuntur-qui-non-consequuntur', 'Nobis tempora porro fugit. Et soluta explicabo fuga harum ut. Deserunt quia modi cumque quo sed optio totam. Eum suscipit assumenda culpa est. Quia est eius in quam nam. Tempore suscipit blanditiis non excepturi. Quod magni et debitis laudantium labore voluptas. Iusto non occaecati corporis laboriosam ratione architecto dolores. Sapiente in ratione maiores fugit quibusdam minima ea. Voluptatem ut quaerat sed similique explicabo nesciunt sit.', 1, 100, NULL, NULL, NULL, '2022-08-02 15:57:45', '2023-09-30 13:37:13'),
(22, 11, 'Bauch-Nitzsche', 'quia-enim-quo-natus-illum-voluptatum', 'Perferendis provident quos sed aliquam omnis soluta a. Magnam voluptatem eum aut sint et. Aperiam aperiam voluptatem sit distinctio ducimus ea. Quam voluptas aut enim quia dicta. Unde tempora sint eaque vel sed est ex. Voluptas adipisci cumque nesciunt aut. Error voluptas ratione voluptas aperiam voluptas recusandae. Non debitis sunt assumenda aperiam. Quas id qui qui explicabo. Consequatur rerum amet magnam eos omnis aut beatae.', 1, 100, NULL, NULL, NULL, '2022-08-02 15:57:45', '2023-09-30 09:03:31'),
(23, 1, 'Rosenbaum, Schamberger and Johnston', 'tenetur-similique-magnam-amet-qui-voluptatem-consectetur-ut-quas', 'Doloremque minus dolor sequi molestiae perspiciatis soluta harum. Error vel accusamus quo distinctio sit pariatur eos ipsam. Odit hic quaerat dolores dignissimos ut consequuntur saepe. Placeat cumque rem corporis sunt. Incidunt veniam mollitia dolorum neque mollitia aut sit. Aut et ab nemo optio quia. Similique ut cupiditate ea consequatur eaque soluta provident autem. Quia dicta aut fuga nemo sed ut perferendis a. Sunt officia dicta rerum rerum aut rerum.', 1, 100, NULL, NULL, NULL, '2022-08-02 15:57:45', '2022-08-02 15:57:45'),
(24, 9, 'Schultz, Cruickshank and Will', 'a-impedit-sed-ad-sint', 'Praesentium placeat magni voluptates nam. Repellendus voluptas cupiditate deleniti quae aliquid exercitationem. Beatae doloribus harum voluptas enim. Ut eveniet ea qui architecto error veritatis. Rerum perspiciatis et deleniti voluptas odit inventore nobis. Amet ullam cumque aut labore. Unde magni et alias iste. Soluta et saepe delectus aut necessitatibus. Autem odit dolor eaque dolores deleniti aut. Ducimus excepturi culpa velit voluptas fugiat tenetur occaecati non.', 1, 100, NULL, NULL, '2023-09-30 14:22:16', '2022-08-02 15:57:45', '2023-09-30 14:22:16'),
(25, 2, 'Nicolas-King', 'id-blanditiis-iste-molestiae', 'Dignissimos nihil natus eaque voluptas velit a. Autem sint qui voluptas fugiat unde maiores eius. Commodi culpa assumenda eum quam enim. Illo consequatur eum voluptatem et aliquid deleniti iure. Qui quae deleniti odio reprehenderit beatae. Voluptas voluptas occaecati consectetur nisi neque laudantium qui. Sunt deleniti in ullam. Nemo sequi voluptas id quam magnam corporis. Dolorum animi sequi et tempore. Et officiis quis at ab quis quo. Odit rerum nobis et veniam sint.', 1, 100, NULL, NULL, NULL, '2022-08-02 15:57:45', '2022-08-02 15:57:45'),
(26, 11, 'Melodic Prose', 'melodic-prose', NULL, 1, 2, 'Lorem ipsum dolor sit amet, consectetur adipiscing elit, sed do eiusmod tempor incididunt ut labore et dolore magna aliqua. Ut enim ad minim venia', 'Lorem ipsum dolor sit amet, consectetur adipiscing elit, sed do eiusmod tempor incididunt ut labore et dolore magna aliqua. Ut enim ad minim veniam, quis nostrud exercitation ullamco laboris nisi ut aliquip ex ea commodo', NULL, '2023-09-30 09:42:53', '2023-09-30 12:37:22'),
(27, 11, 'Literary Soundscapes', 'literary-soundscapes', NULL, 1, 3, 'Lorem ipsum dolor sit amet, consectetur adipiscing elit, sed do eiusmod tempor incididunt ut labore et dolore magna aliqua. Ut enim', 'Lorem ipsum dolor sit amet, consectetur adipiscing elit, sed do eiusmod tempor incididunt ut labore et dolore magna aliqua. Ut enim ad minim veniam, quis nostrud exercitation ullamco laboris nisi ut aliquip ex ea commodo', NULL, '2023-09-30 09:43:33', '2023-09-30 12:37:45'),
(28, 11, 'Sonorous Stories', 'sonorous-stories', NULL, 1, 4, NULL, NULL, NULL, '2023-09-30 09:44:01', '2023-09-30 09:44:01'),
(29, 13, 'Maternal Wellness', 'maternal-wellness', NULL, 1, 2, 'Lorem ipsum dolor sit amet, consectetur adipiscing elit, sed do eiusmod tempor incididunt ut labore et dolore magna aliqua. Ut enim ad minim veniam, quis nostrud exercitation ullamco laboris nisi ut aliquip', 'Lorem ipsum dolor sit amet, consectetur adipiscing elit, sed do eiusmod tempor incididunt ut labore et dolore magna aliqua. Ut enim ad minim veniam, quis nostrud exercitation ullamco laboris nisi ut aliquip ex ea commodo consequat. Duis aute irure dolor in reprehenderit in voluptate velit esse cillum dolore eu fugiat nulla pariatur. Excepteur sint occaecat cupidatat non proident, sunt in culpa qui officia deserunt mollit anim id est laborum', NULL, '2023-09-30 12:40:21', '2023-09-30 12:40:21'),
(30, 13, 'Toddler Milestones', 'toddler-milestones', NULL, 1, 3, 'Lorem ipsum dolor sit amet,', 'Lorem ipsum dolor sit amet, consectetur adipiscing elit, sed do eiusmod tempor incididunt ut labore et dolore magna aliqua. Ut enim', NULL, '2023-09-30 12:41:26', '2023-09-30 12:41:26'),
(31, 13, 'Infant Care Essentials', 'infant-care-essentials', NULL, 1, 4, 'Lorem ipsum dolor sit amet, consectetur', 'Lorem ipsum dolor sit amet, consectetur adipiscing elit, sed do eiusmod tempor incididunt ut labore et dolore magna aliqua. Ut enim ad minim veniam, quis nostrud exercitation ullamco laboris nisi ut aliquip ex ea commodo consequat. Duis aute irure dolor in reprehenderit in voluptate velit esse cillum dolore eu fugiat nulla pariatur. Excepteur sint occaecat cupidatat non proident, sunt in culpa qui officia deserunt mollit anim id est laborum', NULL, '2023-09-30 12:42:11', '2023-09-30 12:42:11'),
(32, 14, 'Operating Systems & Platforms', 'operating-systems-platforms', NULL, 1, 2, 'Lorem ipsum dolor sit', 'Lorem ipsum dolor sit amet, consectetur adipiscing elit, sed do eiusmod tempor incididunt ut labore et dolore magna aliqua. Ut enim ad minim veniam, quis nostrud exercitation ullamco laboris nisi ut aliquip ex ea commodo consequat. Duis aute irure dolor in reprehenderit in voluptate velit esse cillum dolore eu fugiat nulla pariatur. Excepteur sint occaecat cupidatat non proident, sunt in culpa qui officia deserunt mollit anim id est laborum', NULL, '2023-09-30 12:43:23', '2023-09-30 12:43:23'),
(33, 14, 'Security & Antivirus Software', 'security-antivirus-software', NULL, 1, 100, 'Lorem ipsum dolor sit amet,', 'Lorem ipsum dolor sit amet, consectetur adipiscing elit, sed do eiusmod tempor incididunt ut labore et dolore magna aliqua. Ut enim ad minim veniam, quis nostrud exercitation ullamco laboris nisi ut aliquip ex ea commodo consequat. Duis aute irure dolor in reprehenderit in voluptate velit esse cillum dolore eu fugiat nulla pariatur. Excepteur sint occaecat cupidatat non proident, sunt in culpa qui officia deserunt mollit anim id est laborum', NULL, '2023-09-30 12:43:55', '2023-09-30 12:43:55'),
(34, 14, 'Multimedia & Creative Software', 'multimedia-creative-software', NULL, 1, 4, 'Lorem ipsum dolor sit amet,', 'Lorem ipsum dolor sit amet, consectetur adipiscing elit, sed do eiusmod tempor incididunt ut labore et dolore magna aliqua. Ut enim ad minim veniam, quis nostrud exercitation ullamco laboris nisi ut aliquip ex ea commodo consequat. Duis aute irure dolor in reprehenderit in voluptate velit esse cillum dolore eu fugiat nulla pariatur. Excepteur sint occaecat cupidatat non proident, sunt in culpa qui officia deserunt mollit anim id est laborum', NULL, '2023-09-30 12:45:22', '2023-09-30 12:45:22'),
(35, 14, 'Office Software', 'office-software', NULL, 1, 6, 'Lorem ipsum dolor sit amet,', 'Lorem ipsum dolor sit amet, consectetur adipiscing elit, sed do eiusmod tempor incididunt ut labore et dolore magna aliqua. Ut enim ad minim veniam, quis nostrud exercitation ullamco laboris nisi ut aliquip ex ea commodo consequat. Duis aute irure dolor in reprehenderit in voluptate velit esse cillum dolore eu fugiat nulla pariatur. Excepteur sint occaecat cupidatat non proident, sunt in culpa qui officia deserunt mollit anim id est laborum', NULL, '2023-09-30 12:46:32', '2023-09-30 12:46:32'),
(36, 2, 'Home Appliances & Gadgets', 'home-appliances-gadgets', NULL, 1, 2, 'Lorem ipsum dolor sit amet', 'Lorem ipsum dolor sit amet, consectetur adipiscing elit, sed do eiusmod tempor incididunt ut labore et dolore magna aliqua. Ut enim ad minim veniam, quis nostrud exercitation ullamco laboris nisi ut aliquip ex ea commodo consequat. Duis aute irure dolor in reprehenderit in voluptate velit esse cillum dolore eu fugiat nulla pariatur. Excepteur sint occaecat cupidatat non proident, sunt in culpa qui officia deserunt mollit anim id est laborum', NULL, '2023-09-30 12:48:00', '2023-09-30 12:48:00'),
(37, 2, 'Electronic Components & Accessories', 'electronic-components-accessories', NULL, 1, 3, 'Lorem ipsum dolor sit amet', 'Lorem ipsum dolor sit amet, consectetur adipiscing elit, sed do eiusmod tempor incididunt ut labore et dolore magna aliqua. Ut enim ad minim veniam, quis nostrud exercitation ullamco laboris nisi ut aliquip ex ea commodo consequat. Duis aute irure dolor in reprehenderit in voluptate velit esse cillum dolore eu fugiat nulla pariatur. Excepteur sint occaecat cupidatat non proident, sunt in culpa qui officia deserunt mollit anim id est laborum', NULL, '2023-09-30 12:48:40', '2023-09-30 12:48:40'),
(38, 2, 'Audio and Video Equipment', 'audio-and-video-equipment', NULL, 1, 5, 'Lorem ipsum dolor sit amet', 'Lorem ipsum dolor sit amet, consectetur adipiscing elit, sed do eiusmod tempor incididunt ut labore et dolore magna aliqua. Ut enim ad minim veniam, quis nostrud exercitation ullamco laboris nisi ut aliquip ex ea commodo consequat. Duis aute irure dolor in reprehenderit in voluptate velit esse cillum dolore eu fugiat nulla pariatur. Excepteur sint occaecat cupidatat non proident, sunt in culpa qui officia deserunt mollit anim id est laborum', NULL, '2023-09-30 12:49:22', '2023-09-30 12:49:22'),
(39, 3, 'Toys & Games Galore', 'toys-games-galore', NULL, 1, 3, 'Lorem ipsum dolor sit amet', 'Lorem ipsum dolor sit amet, consectetur adipiscing elit, sed do eiusmod tempor incididunt ut labore et dolore magna aliqua. Ut enim ad minim veniam, quis nostrud exercitation ullamco laboris nisi ut aliquip ex ea commodo consequat. Duis aute irure dolor in reprehenderit in voluptate velit esse cillum dolore eu fugiat nulla pariatur. Excepteur sint occaecat cupidatat non proident, sunt in culpa qui officia deserunt mollit anim id est laborum', NULL, '2023-09-30 12:50:31', '2023-09-30 12:50:31'),
(40, 3, 'Creative Crafting & DIY', 'creative-crafting-diy', NULL, 1, 5, 'Lorem ipsum dolor sit amet', 'Lorem ipsum dolor sit amet, consectetur adipiscing elit, sed do eiusmod tempor incididunt ut labore et dolore magna aliqua. Ut enim ad minim veniam, quis nostrud exercitation ullamco laboris nisi ut aliquip ex ea commodo consequat. Duis aute irure dolor in reprehenderit in voluptate velit esse cillum dolore eu fugiat nulla pariatur. Excepteur sint occaecat cupidatat non proident, sunt in culpa qui officia deserunt mollit anim id est laborum', NULL, '2023-09-30 12:51:10', '2023-09-30 12:51:10'),
(41, 5, 'Skincare Essentials', 'skincare-essentials', NULL, 1, 4, 'Lorem ipsum dolor sit amet', 'Lorem ipsum dolor sit amet, consectetur adipiscing elit, sed do eiusmod tempor incididunt ut labore et dolore magna aliqua. Ut enim ad minim veniam, quis nostrud exercitation ullamco laboris nisi ut aliquip ex ea commodo consequat. Duis aute irure dolor in reprehenderit in voluptate velit esse cillum dolore eu fugiat nulla pariatur. Excepteur sint occaecat cupidatat non proident, sunt in culpa qui officia deserunt mollit anim id est laborum', NULL, '2023-09-30 12:52:24', '2023-09-30 12:52:24'),
(42, 5, 'Makeup Mastery', 'makeup-mastery', NULL, 1, 7, 'Lorem ipsum dolor sit amet', 'Lorem ipsum dolor sit amet, consectetur adipiscing elit, sed do eiusmod tempor incididunt ut labore et dolore magna aliqua. Ut enim ad minim veniam, quis nostrud exercitation ullamco laboris nisi ut aliquip ex ea commodo consequat. Duis aute irure dolor in reprehenderit in voluptate velit esse cillum dolore eu fugiat nulla pariatur. Excepteur sint occaecat cupidatat non proident, sunt in culpa qui officia deserunt mollit anim id est laborum', NULL, '2023-09-30 12:52:55', '2023-09-30 12:52:55'),
(43, 5, 'Nutrition and Fitness', 'nutrition-and-fitness', NULL, 1, 8, 'Lorem ipsum dolor sit amet', 'Lorem ipsum dolor sit amet, consectetur adipiscing elit, sed do eiusmod tempor incididunt ut labore et dolore magna aliqua. Ut enim ad minim veniam, quis nostrud exercitation ullamco laboris nisi ut aliquip ex ea commodo consequat. Duis aute irure dolor in reprehenderit in voluptate velit esse cillum dolore eu fugiat nulla pariatur. Excepteur sint occaecat cupidatat non proident, sunt in culpa qui officia deserunt mollit anim id est laborum', NULL, '2023-09-30 12:53:29', '2023-09-30 12:53:29'),
(44, 6, 'Sports Gear and Equipment', 'sports-gear-and-equipment', NULL, 1, 8, 'Lorem ipsum dolor sit amet', 'Lorem ipsum dolor sit amet, consectetur adipiscing elit, sed do eiusmod tempor incididunt ut labore et dolore magna aliqua. Ut enim ad minim veniam, quis nostrud exercitation ullamco laboris nisi ut aliquip ex ea commodo consequat. Duis aute irure dolor in reprehenderit in voluptate velit esse cillum dolore eu fugiat nulla pariatur. Excepteur sint occaecat cupidatat non proident, sunt in culpa qui officia deserunt mollit anim id est laborum', NULL, '2023-09-30 12:54:41', '2023-09-30 12:54:41'),
(45, 7, 'Vintage and Antique Treasures', 'vintage-and-antique-treasures', NULL, 1, 2, 'Lorem ipsum dolor sit amet', 'Lorem ipsum dolor sit amet, consectetur adipiscing elit, sed do eiusmod tempor incididunt ut labore et dolore magna aliqua. Ut enim ad minim veniam, quis nostrud exercitation ullamco laboris nisi ut aliquip ex ea commodo consequat. Duis aute irure dolor in reprehenderit in voluptate velit esse cillum dolore eu fugiat nulla pariatur. Excepteur sint occaecat cupidatat non proident, sunt in culpa qui officia deserunt mollit anim id est laborum', NULL, '2023-09-30 12:55:49', '2023-09-30 12:55:49'),
(46, 7, 'Handcrafted Artistry', 'handcrafted-artistry', NULL, 1, 2, 'Lorem ipsum dolor sit amet', 'Lorem ipsum dolor sit amet, consectetur adipiscing elit, sed do eiusmod tempor incididunt ut labore et dolore magna aliqua. Ut enim ad minim veniam, quis nostrud exercitation ullamco laboris nisi ut aliquip ex ea commodo consequat. Duis aute irure dolor in reprehenderit in voluptate velit esse cillum dolore eu fugiat nulla pariatur. Excepteur sint occaecat cupidatat non proident, sunt in culpa qui officia deserunt mollit anim id est laborum', NULL, '2023-09-30 12:56:24', '2023-09-30 12:56:24'),
(47, 7, 'Gemstone Elegance', 'gemstone-elegance', NULL, 1, 8, 'Lorem ipsum dolor sit amet', 'Lorem ipsum dolor sit amet, consectetur adipiscing elit, sed do eiusmod tempor incididunt ut labore et dolore magna aliqua. Ut enim ad minim veniam, quis nostrud exercitation ullamco laboris nisi ut aliquip ex ea commodo consequat. Duis aute irure dolor in reprehenderit in voluptate velit esse cillum dolore eu fugiat nulla pariatur. Excepteur sint occaecat cupidatat non proident, sunt in culpa qui officia deserunt mollit anim id est laborum', NULL, '2023-09-30 12:56:57', '2023-09-30 12:56:57'),
(48, 8, 'Pet Care and Grooming', 'pet-care-and-grooming', NULL, 1, 2, 'Lorem ipsum dolor sit amet', 'Lorem ipsum dolor sit amet, consectetur adipiscing elit, sed do eiusmod tempor incididunt ut labore et dolore magna aliqua. Ut enim ad minim veniam, quis nostrud exercitation ullamco laboris nisi ut aliquip ex ea commodo consequat. Duis aute irure dolor in reprehenderit in voluptate velit esse cillum dolore eu fugiat nulla pariatur. Excepteur sint occaecat cupidatat non proident, sunt in culpa qui officia deserunt mollit anim id est laborum', NULL, '2023-09-30 12:57:57', '2023-09-30 12:57:57'),
(49, 8, 'Pet Accessories and Toys', 'pet-accessories-and-toys', NULL, 1, 7, 'Lorem ipsum dolor sit amet', 'Lorem ipsum dolor sit amet, consectetur adipiscing elit, sed do eiusmod tempor incididunt ut labore et dolore magna aliqua. Ut enim ad minim veniam, quis nostrud exercitation ullamco laboris nisi ut aliquip ex ea commodo consequat. Duis aute irure dolor in reprehenderit in voluptate velit esse cillum dolore eu fugiat nulla pariatur. Excepteur sint occaecat cupidatat non proident, sunt in culpa qui officia deserunt mollit anim id est laborum', NULL, '2023-09-30 12:58:28', '2023-09-30 12:58:28'),
(50, 8, 'Pet Health and Nutrition', 'pet-health-and-nutrition', NULL, 1, 9, 'Lorem ipsum dolor sit amet', 'Lorem ipsum dolor sit amet, consectetur adipiscing elit, sed do eiusmod tempor incididunt ut labore et dolore magna aliqua. Ut enim ad minim veniam, quis nostrud exercitation ullamco laboris nisi ut aliquip ex ea commodo consequat. Duis aute irure dolor in reprehenderit in voluptate velit esse cillum dolore eu fugiat nulla pariatur. Excepteur sint occaecat cupidatat non proident, sunt in culpa qui officia deserunt mollit anim id est laborum', NULL, '2023-09-30 12:59:06', '2023-09-30 12:59:06'),
(51, 9, 'Photography and Creative Arts', 'photography-and-creative-arts', NULL, 1, 5, 'Lorem ipsum dolor sit amet', 'Lorem ipsum dolor sit amet, consectetur adipiscing elit, sed do eiusmod tempor incididunt ut labore et dolore magna aliqua. Ut enim ad minim veniam, quis nostrud exercitation ullamco laboris nisi ut aliquip ex ea commodo consequat. Duis aute irure dolor in reprehenderit in voluptate velit esse cillum dolore eu fugiat nulla pariatur. Excepteur sint occaecat cupidatat non proident, sunt in culpa qui officia deserunt mollit anim id est laborum', NULL, '2023-09-30 13:00:21', '2023-09-30 13:00:21'),
(52, 9, 'Cooking and Culinary Creations', 'cooking-and-culinary-creations', NULL, 1, 9, 'Lorem ipsum dolor sit amet', 'Lorem ipsum dolor sit amet, consectetur adipiscing elit, sed do eiusmod tempor incididunt ut labore et dolore magna aliqua. Ut enim ad minim veniam, quis nostrud exercitation ullamco laboris nisi ut aliquip ex ea commodo consequat. Duis aute irure dolor in reprehenderit in voluptate velit esse cillum dolore eu fugiat nulla pariatur. Excepteur sint occaecat cupidatat non proident, sunt in culpa qui officia deserunt mollit anim id est laborum', NULL, '2023-09-30 13:00:55', '2023-09-30 13:00:55'),
(53, 6, 'Morissette, Koepp and Ondricka', 'dolores-qui-ut-corrupti-sequi-sint', 'Explicabo ab ut soluta voluptatum nobis. Repudiandae possimus alias aut qui quia. Blanditiis voluptas odio dolores debitis. Vero aliquid ut aut quaerat. Nobis odio est officia aut porro. Dolorem consequatur aperiam inventore quo rerum nobis minus. Hic nihil aliquam sit. Quis delectus facere velit cumque. Fuga praesentium consequatur aliquid tenetur et ut in. Ullam tempore quasi illo soluta tenetur quae. Magni dolorem nisi facere in. Facere optio autem ipsa voluptatibus nisi.', 1, 100, NULL, NULL, NULL, '2023-09-30 12:22:56', '2023-09-30 14:20:23'),
(54, 12, 'Oberbrunner-Zboncak', 'rerum-porro-architecto-consequuntur-rerum-iusto-sed', 'Aut sed voluptatum qui laborum. Voluptatem voluptas consequatur voluptatum vel non nesciunt et dolorum. Laudantium ducimus nulla voluptate odio eius deleniti. Aliquam quidem labore corporis delectus maxime et voluptas eligendi. Rerum necessitatibus nobis vel repellendus in. Dolores quasi qui illum ipsa temporibus error nesciunt. Ut saepe temporibus et veniam. Illo vero unde amet eum sit consequatur architecto. Accusantium rerum quia debitis eveniet neque aut.', 1, 100, NULL, NULL, NULL, '2023-09-30 12:22:56', '2023-09-30 12:22:56'),
(55, 6, 'Treutel, Russel and Herman', 'placeat-maxime-expedita-est-architecto', 'Iste est aut neque facilis. Exercitationem aut vero deserunt quia eos. Fugiat rem molestias non nostrum minus hic. Laudantium animi id quam odit porro ullam. Facilis iure magnam commodi harum excepturi modi. Eum molestias aut animi ut necessitatibus aliquid error. Aspernatur id quia dolor voluptate. Accusamus et eveniet nihil. Et voluptas dolor veritatis dolores corporis. Placeat quo dicta reprehenderit possimus.', 1, 100, NULL, NULL, NULL, '2023-09-30 12:22:56', '2023-09-30 12:22:56'),
(56, 1, 'Witting and Sons', 'aut-blanditiis-quo-quae-quae-omnis-doloremque', 'In ab non tenetur impedit qui. Sit magni itaque quia vero. Voluptate ipsam ratione consequatur ut dolore quibusdam. Iste perspiciatis excepturi asperiores cupiditate totam aut qui dolorem. Vel temporibus natus animi odio. Quam ut tenetur aliquid quam sequi esse. Nihil deserunt sint a ad.', 1, 100, NULL, NULL, NULL, '2023-09-30 12:22:56', '2023-09-30 12:22:56'),
(57, 4, 'Ullrich PLC', 'voluptatem-quisquam-quo-rerum-alias-porro-repellendus-beatae-dolorem', 'Id aliquam facere facilis eum sapiente. Ut vel officia libero ex aut mollitia. Eos asperiores id tempora voluptas et dolorem reiciendis error. Culpa corporis iste pariatur rem aut nisi. Facere laboriosam dolor molestiae inventore in dolorem velit. Eos magnam ut consequuntur rerum a. Minus sed nam accusantium voluptatem voluptatem. Odio voluptate et necessitatibus corporis doloribus laudantium cum dolorum. Nihil consequatur soluta labore qui et unde tenetur esse.', 1, 100, NULL, NULL, NULL, '2023-09-30 12:22:56', '2023-09-30 12:22:56'),
(58, 10, 'Wunsch and Sons', 'velit-reprehenderit-voluptatum-natus-cum-veniam-quia-id-iste', 'Mollitia exercitationem deleniti et. Velit eum harum iure. Ut quos veritatis architecto assumenda commodi nostrum. Minus omnis amet repellat quibusdam quod corrupti natus. Ea quae et aspernatur magni ratione ut voluptas molestiae. Et omnis sapiente architecto sit. Error ducimus enim laborum asperiores suscipit labore. In et iusto cupiditate laboriosam ipsa labore. Eos occaecati sit porro ab nihil saepe. Doloremque consequatur fugiat est reiciendis facere eligendi.', 1, 100, NULL, NULL, NULL, '2023-09-30 12:22:56', '2023-09-30 12:22:56'),
(59, 7, 'Eichmann Ltd', 'sequi-sunt-quo-nesciunt-velit-ullam', 'Atque veritatis adipisci debitis exercitationem veritatis. Dolor aut et et ex quidem. Laudantium aut dolor et consequatur laudantium natus exercitationem. Voluptas qui quis dolores sint quia unde quos. Ab qui sunt quia quae aut rerum. Quibusdam itaque non optio veritatis magnam. Dolores alias qui vitae adipisci veniam et unde. Maiores qui et reiciendis aliquid similique aspernatur.', 1, 100, NULL, NULL, NULL, '2023-09-30 12:22:56', '2023-09-30 13:49:15'),
(60, 9, 'Botsford, Sipes and Boyle', 'rerum-est-velit-nam-a', 'Error sapiente ipsum aut. Quae aut earum labore inventore. Rem sed corporis vero. Nobis quidem molestiae et dolores voluptatem. Velit autem neque laudantium aut sit aut. Nesciunt maiores et asperiores iusto unde non vel. Dignissimos cupiditate debitis eius molestiae unde sint est. Voluptatem voluptate a deserunt odit iusto fugiat. Rerum corporis voluptatum nam enim. Et incidunt nisi vero voluptates. Voluptas aspernatur adipisci et et doloremque vel animi.', 1, 100, NULL, NULL, NULL, '2023-09-30 12:22:56', '2023-09-30 12:22:56'),
(61, 11, 'Hauck-Nienow', 'eum-atque-inventore-qui-tenetur', 'Ipsam nisi minima molestias sint. Occaecati illum assumenda quidem sequi et consequuntur vitae quidem. Voluptatem commodi laudantium sed. Et est tempora est quia qui magnam. Omnis soluta ut dolores quasi id consequuntur. Enim sit dolorem voluptatem sunt aut. Aliquam aut unde id rerum aut aut. Reprehenderit aperiam est est adipisci aspernatur eligendi. Necessitatibus nam aspernatur sed et et a doloribus autem. Temporibus rerum eligendi aut quia ut et ipsum iure.', 1, 100, NULL, NULL, NULL, '2023-09-30 12:22:56', '2023-09-30 12:22:56'),
(62, 12, 'Gibson-McDermott', 'autem-molestias-quia-natus-magnam-quam', 'Sapiente ipsam voluptas omnis ipsum et nam facilis. Minima ipsum laudantium in aut. Ut velit reprehenderit nulla consectetur natus. Est eveniet cupiditate qui ratione. Aut delectus eligendi eos. Temporibus quaerat expedita earum et ipsum reprehenderit. Suscipit eveniet rem mollitia. Maiores ea quo rerum nihil quas ut est.', 1, 100, NULL, NULL, NULL, '2023-09-30 12:22:56', '2023-09-30 13:39:20'),
(63, 5, 'Pfeffer-O\'Hara', 'incidunt-et-quisquam-deleniti', 'Ut qui earum non repellendus unde vel. Molestiae sit et aut laboriosam et id. Praesentium earum cumque sunt qui. Quia placeat adipisci deserunt qui numquam. Doloribus harum tempora maiores aperiam perspiciatis. Ut voluptatem et est consequatur. Nemo impedit nobis ut sint quas. Quia quis voluptas error aut corrupti ipsam non sequi. Similique illum rerum minima. Possimus voluptates quo ratione incidunt autem sed non tempora.', 1, 100, NULL, NULL, '2023-09-30 14:22:31', '2023-09-30 12:22:56', '2023-09-30 14:22:31'),
(64, 8, 'Dach, Ernser and Kulas', 'quae-saepe-blanditiis-enim-vero', 'Fuga recusandae et quo vel eveniet. Reprehenderit expedita perferendis ut nobis id. Nesciunt libero accusantium error expedita enim dolores quo quo. Quisquam rerum sequi voluptatem porro facere sit. Et eveniet magnam quia dolore ex. Possimus odit enim architecto impedit qui autem. Qui quasi praesentium consectetur quibusdam saepe at sed. Vitae quidem inventore doloribus reiciendis.', 1, 100, NULL, NULL, NULL, '2023-09-30 12:22:56', '2023-09-30 12:22:56'),
(65, 2, 'Kessler-Schimmel', 'iste-consequatur-maiores-qui-ducimus-tenetur-maiores', 'Laborum provident ea impedit eum velit id. Atque vitae et iusto doloremque numquam ut. Accusamus error dolor voluptas nam error explicabo aspernatur. Natus voluptas expedita non et veritatis quo et quaerat. Inventore quam vel maxime. Nulla quia sequi neque. Quia sunt odit qui ea debitis voluptatum sit. Non praesentium sit sequi ea est a. Odio velit blanditiis voluptatem laboriosam. Velit nulla eius quidem autem molestias. Iste hic ratione est libero debitis. Fugiat illum explicabo ea.', 1, 100, NULL, NULL, NULL, '2023-09-30 12:22:56', '2023-09-30 12:22:56'),
(66, 13, 'Goodwin, O\'Conner and Emmerich', 'aspernatur-minima-dolores-deserunt-reprehenderit-facere-perspiciatis', 'Sequi accusamus porro sed voluptates. Sapiente sit ut illum maiores facere error nemo. Laudantium amet est tempora dolores. Id labore est non et perspiciatis consectetur temporibus. Consectetur nihil officiis sunt qui. Dolorem quo eligendi molestiae corrupti quasi veniam quia. Eum et omnis ut ut et. Iste in aut aperiam omnis nesciunt rerum. Et ad temporibus quisquam nam delectus numquam a.', 1, 100, NULL, NULL, NULL, '2023-09-30 12:22:56', '2023-09-30 12:22:56'),
(67, 10, 'Metz Group', 'perspiciatis-accusantium-repudiandae-aut-voluptatem-aperiam-aspernatur-saepe', 'Dignissimos ea inventore vel rem omnis minus ipsum. Natus impedit magnam nulla consequatur. Deserunt minima ea sint. Odio est doloremque ut sunt a quis. Et consequatur aut dolorem eligendi. Modi molestiae suscipit fuga quae iste possimus ut. Sint praesentium blanditiis aut quisquam similique sed architecto. Doloribus neque consequatur fugiat assumenda distinctio ea rerum.', 1, 100, NULL, NULL, NULL, '2023-09-30 12:22:56', '2023-09-30 12:22:56'),
(68, 12, 'Tromp Group', 'ea-reiciendis-esse-qui-quis-consequatur-laudantium', 'Qui ut temporibus omnis in. Et et sunt aut ducimus. Non et eos voluptatem id expedita aut et. Impedit aliquam nemo voluptatum amet doloremque magni libero et. Quas quisquam autem animi officiis quia et doloremque. Voluptatem sint odio repudiandae vel facilis tempore impedit nisi. Voluptas quae asperiores enim et et voluptatem. Id atque aliquid a et.', 1, 100, NULL, NULL, NULL, '2023-09-30 12:22:56', '2023-09-30 13:37:37'),
(69, 6, 'Wolff LLC', 'ut-aut-unde-rem-sint-modi', 'Voluptas numquam quibusdam provident quia consequatur a commodi cupiditate. Porro dignissimos exercitationem ut cum commodi est. Repellendus minus ut dolorum saepe vel vel rerum odit. Soluta eaque nihil esse sequi quae suscipit. Aut deleniti nobis id. Officiis vel perspiciatis non ut atque. Quas illo natus similique sed. Libero corporis consequuntur in nihil autem occaecati ea. Nemo ut ducimus et natus neque totam. Voluptas magnam aut fugiat.', 1, 100, NULL, NULL, NULL, '2023-09-30 12:22:56', '2023-09-30 13:43:52'),
(70, 10, 'Reynolds Ltd', 'vero-aperiam-quis-recusandae-tenetur-amet-omnis', 'Voluptatem inventore deleniti eligendi perferendis magnam. Est quia dolores blanditiis et sunt reiciendis. Et excepturi doloribus sed. Aliquam nostrum quisquam aut ut qui. Autem corporis voluptates provident aperiam voluptatem sequi. Aliquid est ut labore ipsam voluptatibus quidem quos. Dolores eveniet id voluptatem. Omnis deleniti quis quo. Illo nobis quam soluta. Sint assumenda temporibus dolore.', 1, 100, NULL, NULL, NULL, '2023-09-30 12:22:56', '2023-09-30 14:18:59'),
(71, 4, 'Kozey, Rolfson and Abbott', 'culpa-exercitationem-voluptatum-nostrum-in-fuga-animi-vero', 'Sint aspernatur sequi ullam consectetur consectetur magni. Repellendus ut rerum molestiae modi eveniet omnis sunt. Et ex aliquid inventore saepe voluptatem. Est temporibus tempore aperiam ad. Nam saepe aperiam quia aliquid eligendi nulla. Et omnis vel repellat. Maiores quidem accusamus sit voluptas. Non dicta corrupti recusandae ut debitis.', 1, 100, NULL, NULL, NULL, '2023-09-30 12:22:56', '2023-09-30 12:22:56'),
(72, 14, 'Hoppe-Towne', 'nesciunt-odit-delectus-nam-iusto-eos-et-vero', 'Fugit et totam eveniet et id. Quaerat debitis quaerat commodi quos sed sint error. Tempora excepturi numquam nemo ut neque doloribus. Temporibus qui delectus magni repellendus delectus. Aperiam qui cum officia expedita est fugit. Earum adipisci rerum non aut rerum nisi. Odio aut in et est tenetur voluptates non. Asperiores fuga nihil minus dolore.', 1, 100, NULL, NULL, NULL, '2023-09-30 12:22:56', '2023-09-30 14:24:07'),
(73, 4, 'Kerluke LLC', 'odit-in-dolores-tempora-aut-perspiciatis-ut', 'Consequatur quos qui quis nihil non saepe asperiores consequatur. Similique nesciunt quis minima iste enim totam. Quia nihil repudiandae officia ipsa exercitationem voluptatum. Omnis et quia voluptas consequatur odit dolorem neque. Et est sit dolores sit asperiores cumque. Voluptate accusantium aut numquam eveniet dolore beatae a. Ipsam ea odit est dolores.', 1, 100, NULL, NULL, NULL, '2023-09-30 12:22:56', '2023-09-30 12:22:56'),
(74, 2, 'Leannon-Adams', 'itaque-veniam-et-reprehenderit-qui', 'Est dolor dolor ipsa distinctio ipsum. Ut deleniti esse fugiat cumque consectetur. Accusamus vel minus sed sed temporibus. Et cupiditate est a dignissimos recusandae. Suscipit ut nulla sed esse ut. Voluptatem ut necessitatibus ullam ut. Doloremque doloribus voluptatem architecto doloremque earum numquam. Et veritatis ea provident est. Dolores earum ratione ea nihil et commodi blanditiis. Illum odit qui ex expedita nemo rem. Quos perferendis molestiae quos voluptas quam aut magnam.', 1, 100, NULL, NULL, NULL, '2023-09-30 12:22:56', '2023-09-30 12:22:56'),
(75, 11, 'Lakin-Mohr', 'autem-eos-culpa-hic-maxime-totam-alias', 'Maiores dolores pariatur praesentium autem explicabo ducimus temporibus. Voluptas dolores delectus exercitationem est inventore. Adipisci non minus ea sint. Sit minima sit maxime cum enim qui. Eius occaecati ipsam quas qui labore. Officiis enim voluptatem ut quia. Quam incidunt labore velit laborum et magni. Dolor nisi deserunt officiis et sint. Mollitia dolore eaque explicabo voluptatum. Qui vel qui distinctio magni quia et non placeat.', 1, 100, NULL, NULL, NULL, '2023-09-30 12:22:56', '2023-09-30 12:22:56'),
(76, 8, 'Dickinson, Emard and Rowe', 'quis-rerum-inventore-consequatur-suscipit', 'Explicabo asperiores commodi culpa pariatur debitis nesciunt. Porro et dolores aut et nihil omnis. Occaecati sit aut nostrum harum quas. Deleniti nostrum omnis vel sed quia blanditiis eum. Et temporibus ut est ut. Est nam veniam hic atque praesentium est esse sint. Ipsam odio et unde inventore amet accusantium et. Quia ab ea fuga illo eveniet.', 1, 100, NULL, NULL, NULL, '2023-09-30 12:22:56', '2023-09-30 12:22:56'),
(77, 11, 'Roob-Larson', 'et-corrupti-iure-possimus-facere-beatae-laborum', 'Magni harum voluptates hic dolore praesentium et. Optio facilis nihil sed consequatur dicta aut. Aut et nam ut. Aut fuga dolor doloribus quibusdam. Ipsa voluptatem sed voluptatem nobis animi commodi cumque. Excepturi ea explicabo facilis sint tempore et. Beatae suscipit assumenda quos ex autem et cupiditate. Rerum aut corporis modi iure eum corporis. Quam quod sed hic nam rerum et eveniet. Optio in dolorem consequatur assumenda.', 1, 100, NULL, NULL, NULL, '2023-09-30 12:22:56', '2023-09-30 12:22:56'),
(78, 12, 'Kuphal-Prohaska', 'est-nostrum-et-nihil-nisi-inventore-animi-similique-in', 'Qui necessitatibus ullam repudiandae et et corrupti. Est qui consequatur nobis unde aut reiciendis laudantium ducimus. Ratione eum sint est cupiditate natus. Qui ut laboriosam ut quod est est labore. Rem occaecati aperiam cupiditate nemo. Nemo illum cumque vero recusandae quae. Quidem repellat commodi quia voluptatem aut.', 1, 100, NULL, NULL, NULL, '2023-09-30 12:22:56', '2023-10-10 10:22:09'),
(79, 3, 'Blick LLC', 'dolorem-voluptatibus-odit-perferendis', 'Alias tempora voluptatem qui dolorem delectus. Iure laboriosam sunt deserunt inventore ipsam. Rerum provident reiciendis dolor nihil sapiente ut commodi doloremque. Quos eos deserunt mollitia ipsa. Molestiae nihil ipsum voluptatum. Perspiciatis dignissimos harum sint dolorum et corporis. Doloribus laudantium iusto cupiditate vel et. Aut et reiciendis nobis omnis est. Iste doloribus fugit iusto id corrupti nam laudantium. Odio expedita deleniti qui. Quo maiores fuga et odio ea ipsum porro.', 1, 100, NULL, NULL, NULL, '2023-09-30 12:22:56', '2023-09-30 12:22:56'),
(80, 13, 'Jaskolski-Reichel', 'soluta-itaque-quidem-perspiciatis-est-ut-dignissimos', 'Est aut aut aperiam maiores. Molestiae eligendi odit cumque dolorem et. Expedita iste debitis ullam ut sequi. Nulla illo animi aperiam ea. Itaque accusantium numquam blanditiis exercitationem laudantium beatae cumque. Ratione est beatae exercitationem modi voluptatem. Porro quia optio tempore quia. Quis aut rerum architecto voluptatibus qui qui. Quo quos enim omnis ut ipsum est ipsum. Qui asperiores sit atque repudiandae et sit omnis.', 1, 100, NULL, NULL, NULL, '2023-09-30 12:22:56', '2023-09-30 12:22:56'),
(81, 10, 'Howe, Beier and Keebler', 'velit-sed-magnam-aspernatur-accusamus-placeat-error', 'Sint recusandae qui nam vel quis dolor sed. Velit illo doloremque neque ut velit aspernatur. Quis quaerat dolor aut sit ut cumque aut optio. Veniam quas excepturi et vel nulla. Ut minima ut voluptatem minima pariatur. Sit ut reiciendis accusamus dolore ex et. In a autem voluptatibus. Officiis deserunt velit non est. Odio quo vero et quis et occaecati. Ut hic dolorum alias blanditiis.', 1, 100, NULL, NULL, NULL, '2023-09-30 12:22:56', '2023-09-30 12:22:56'),
(82, 7, 'Thiel Ltd', 'eveniet-repellat-necessitatibus-itaque-soluta-deleniti', 'Laboriosam corporis impedit et sunt. Expedita repellat cupiditate sed fugiat tempora non. Pariatur provident harum inventore ducimus. Velit qui nihil deserunt maxime. Dolor ipsa id expedita et. Aut doloremque quo nulla quod. Recusandae soluta eos rem saepe. Quo iusto debitis cumque fugit necessitatibus voluptas odio. Libero consectetur sed molestiae consequuntur consequatur molestias assumenda. Molestiae illo quis at facere. Necessitatibus consequatur qui culpa fugit.', 1, 100, NULL, NULL, NULL, '2023-09-30 12:22:56', '2023-09-30 12:22:56'),
(83, 7, 'Lehner Ltd', 'tempora-qui-repudiandae-et-eum', 'Nobis quasi unde repudiandae alias dolore. Voluptatibus voluptatum ipsam eveniet ut ab ut non. Vel aut sunt molestias suscipit quia nisi quo. Officia veniam accusamus ut expedita qui itaque quidem. Sunt suscipit maxime et repudiandae optio. Aliquam tempora deserunt impedit tempora. Molestiae eum voluptatum expedita possimus qui. Occaecati minima voluptatem nisi. Molestiae quia et et dolore. Quaerat magnam culpa ut facere optio odio. Voluptatem veritatis aut suscipit voluptate sed ad laudantium.', 1, 100, NULL, NULL, NULL, '2023-09-30 12:22:56', '2023-09-30 12:22:56'),
(84, 6, 'Gusikowski PLC', 'quo-optio-et-maiores-minima', 'Quaerat ex quaerat nostrum eveniet consectetur veritatis ipsum. Modi voluptatibus numquam cupiditate aperiam. Accusamus ullam laudantium sed. Non odit eos quis at ipsum enim quia. Error voluptas ea veritatis nihil sit totam sit eos. Dolor et ratione aperiam aliquam. Porro fugit quas iste laboriosam non. Eaque molestiae ut iusto recusandae rerum et.', 1, 100, NULL, NULL, NULL, '2023-09-30 12:22:56', '2023-09-30 12:22:56'),
(85, 14, 'Parker, Turner and Durgan', 'placeat-sunt-porro-eos', 'Dicta nesciunt et ad repellendus consequatur veritatis laborum. Sed distinctio in debitis vel excepturi. Ipsam non reiciendis in asperiores ut nesciunt voluptatum. Sint dolore porro necessitatibus beatae eveniet. Et numquam pariatur ab. Enim qui quo eius aperiam soluta enim ullam. Rem tempora consequuntur eum quia. Deleniti sint nam perspiciatis quasi autem. Qui voluptate nihil officia autem quae. Quia ratione nemo vitae consectetur sit nisi sit.', 1, 100, NULL, NULL, NULL, '2023-09-30 12:22:56', '2023-09-30 12:22:56'),
(86, 10, 'Parker, Gleichner and Gutmann', 'sed-soluta-autem-facere-aspernatur-aut-suscipit', 'Provident nihil vel fuga voluptas commodi atque. Ut consequuntur sunt eos hic dolor. Dolor eos quasi facere maxime temporibus inventore at. Nihil reiciendis eius iusto in. Repudiandae id quis vero unde. Eum ut at molestiae adipisci quibusdam ut. Necessitatibus similique quia et autem atque cupiditate vitae. Aliquam repellendus aut culpa illo.', 1, 100, NULL, NULL, NULL, '2023-09-30 12:22:56', '2023-09-30 12:22:56'),
(87, 9, 'Ortiz, Kuvalis and Dickinson', 'nisi-qui-libero-non-voluptate', 'Harum magnam autem vel est et velit et soluta. Laboriosam unde qui consequatur molestiae ex corporis. Et quo rerum ducimus voluptas non aperiam similique cupiditate. Sint quia itaque est enim repudiandae labore sed. Quas deleniti dolore molestias aut debitis fuga nihil. Et facilis et et ea. Fugit suscipit pariatur sed alias. Velit rerum nihil accusamus itaque. Earum sed ea aut facere reprehenderit non molestiae. Quis sed aspernatur necessitatibus voluptate.', 1, 100, NULL, NULL, NULL, '2023-09-30 12:22:56', '2023-09-30 12:22:56'),
(88, 10, 'Hermiston-Gerlach', 'sit-ut-vitae-corrupti-aut-ea', 'Et quasi voluptatem dignissimos vel. Libero molestiae ut ut voluptas qui vel. Praesentium molestias repellendus quia. Omnis odio hic iste cum quae voluptas. Aut vitae illum asperiores et ratione saepe iure. Alias ducimus minus ut impedit molestias magnam veritatis. Voluptatem molestiae natus fugiat facere non. Ipsam ea voluptate sunt et aut. Est maxime sapiente placeat eum odio maiores iste unde.', 1, 100, NULL, NULL, NULL, '2023-09-30 12:22:56', '2023-09-30 14:25:07'),
(89, 4, 'Kulas-Sporer', 'ipsa-est-nulla-sunt-hic-eveniet-non-debitis-sit', 'Tenetur qui adipisci cum qui. Qui eveniet dignissimos quis ea saepe labore. Quae cupiditate maiores et expedita quae at quo. Autem quis quibusdam inventore ducimus architecto. Corporis cum repellendus itaque non eum. Quaerat vitae delectus sed rem. Beatae corporis ut minus repellat. Voluptates eius quisquam recusandae delectus voluptas ullam. Ab est saepe dolorem unde dignissimos officiis voluptatum. Est fugiat in nulla id voluptate quidem et.', 1, 100, NULL, NULL, NULL, '2023-09-30 12:22:56', '2023-09-30 12:22:56'),
(90, 2, 'Denesik LLC', 'tempora-est-laboriosam-et-quis-et', 'Quibusdam eum ducimus consequatur fuga recusandae velit. Et voluptatem fuga ut molestiae animi. Reprehenderit aliquam dignissimos et sed rerum nihil eos. Cupiditate culpa repudiandae in ut ipsam alias occaecati qui. Voluptas nemo perferendis qui et vero eos et. Id aperiam et officiis facere dolore. Culpa et asperiores ab. Voluptas laboriosam et ut similique. Exercitationem perferendis fuga aut cupiditate sed optio. Temporibus doloremque explicabo rerum omnis tempore ut.', 1, 100, NULL, NULL, NULL, '2023-09-30 12:22:56', '2023-09-30 12:22:56'),
(91, 5, 'Thompson, Funk and Kilback', 'eius-labore-est-dicta-similique-exercitationem-dolores', 'Ut et rerum ab dolores qui dicta aut et. Magnam recusandae enim debitis non rerum sed. Sequi amet pariatur enim eligendi quod id. Doloremque blanditiis accusamus eum placeat. Qui tenetur quae velit velit deserunt omnis vel. Ipsam dolore qui quae doloribus. A delectus odio modi. Quam repellat eos enim accusantium est. Unde ea omnis iure cumque. Maxime ullam distinctio sint magnam aut ut inventore.', 1, 100, NULL, NULL, NULL, '2023-09-30 12:22:56', '2023-09-30 12:22:56'),
(92, 10, 'Turner-Kutch', 'autem-aspernatur-ut-sed-tenetur-voluptatum', 'Quas est error dolorem unde nisi sed. Quidem odit ut ut ipsam. Quia tempora qui qui ipsum sit mollitia est. Quia aliquid inventore libero at. Dolores sit sint quia exercitationem aut dolores ducimus. Exercitationem magni voluptas in enim sint. Ut ratione enim aut excepturi unde voluptatum. Delectus et sunt mollitia. Veniam consequatur aut quia quibusdam assumenda cum.', 1, 100, NULL, NULL, NULL, '2023-09-30 12:22:56', '2023-09-30 12:22:56'),
(93, 9, 'Streich, Roob and McKenzie', 'atque-quo-illum-quidem-facilis', 'Unde et asperiores expedita officia. Eveniet saepe et ut reprehenderit in asperiores eos. Repudiandae dolorum enim sequi voluptas iusto magnam et omnis. Non eveniet magnam reprehenderit aut ex in. Velit velit ut consectetur rerum molestiae omnis sit. Quos molestias quasi et autem. Maxime impedit sed corporis. Odit velit et repellendus voluptates aliquam quam eum. Id fuga culpa aliquid nihil facere sit. Quia culpa id et tempore. Ullam voluptas eaque dolorem praesentium itaque.', 1, 100, NULL, NULL, NULL, '2023-09-30 12:22:56', '2023-09-30 12:22:56'),
(94, 12, 'Feest-Heidenreich', 'accusantium-voluptatibus-occaecati-consequuntur-ad-occaecati-et-nihil', 'Atque nihil rerum voluptas porro qui consequatur. Ut sint in nostrum non aut. Vitae commodi sapiente error eum. Excepturi laudantium officiis ex ex consequatur. Eaque et et perspiciatis voluptates non. Illo quo voluptas est distinctio molestiae. Omnis cum enim expedita rerum suscipit a voluptate. Possimus et numquam qui ut harum animi earum. Ipsam architecto voluptas nulla qui dolore repellendus. Asperiores quis modi impedit sapiente pariatur ut dolores. Hic similique enim sed perspiciatis.', 1, 100, NULL, NULL, NULL, '2023-09-30 12:22:56', '2023-09-30 13:49:41');
INSERT INTO `category_sub_groups` (`id`, `category_group_id`, `name`, `slug`, `description`, `active`, `order`, `meta_title`, `meta_description`, `deleted_at`, `created_at`, `updated_at`) VALUES
(95, 14, 'Yost Inc', 'in-ut-deserunt-impedit-eum-esse-est-est', 'Similique odit quia odio velit natus ab excepturi. Sit deserunt sapiente optio ad. Ipsam tempora magnam dicta illum est voluptatem. Repudiandae sit ipsa molestias aut ipsa odio voluptates. Perferendis numquam enim est placeat velit vero. Et sunt sed asperiores et ducimus hic. In aut nesciunt suscipit blanditiis officia.', 1, 100, NULL, NULL, NULL, '2023-09-30 12:22:56', '2023-09-30 14:23:48'),
(96, 14, 'Fritsch Ltd', 'error-sapiente-delectus-laborum-nobis-et-nihil-asperiores', 'Sunt aut quia repudiandae a. Ab dolorum animi dolorem inventore voluptas asperiores. Incidunt vero ut quia odio. Et exercitationem qui et ut. At aut adipisci consectetur quisquam ipsum. Rerum enim quasi eum velit placeat voluptatem architecto. Voluptas enim rem sapiente repellendus commodi. Adipisci esse velit sed ab iure est a et. Et illo nihil sint rerum alias id nemo. Omnis ipsam porro odit molestias animi.', 1, 100, NULL, NULL, NULL, '2023-09-30 12:22:56', '2023-09-30 12:22:56'),
(97, 13, 'Anderson and Sons', 'in-omnis-dolorem-officia', 'Odit impedit perferendis doloremque voluptatem vitae. Deserunt molestiae aspernatur et ipsam quam. Perspiciatis molestias quisquam voluptas deserunt. Maxime ratione est sint deserunt aut. Voluptas atque impedit numquam dolores et sed. Atque commodi accusamus modi nihil quam explicabo. Nesciunt nulla ut quibusdam in sequi. Autem rem amet consequuntur dolorem et voluptate provident.', 1, 100, NULL, NULL, NULL, '2023-09-30 12:22:56', '2023-09-30 12:22:56'),
(98, 8, 'Schultz-Heller', 'officiis-rerum-molestiae-reprehenderit-non', 'Nulla nihil explicabo et atque qui tempora ea. Sed fugiat soluta esse et labore dolores. Beatae velit ad consequatur magni quam harum sunt. Asperiores quos vel neque sequi hic omnis. Sequi ut ut cumque illum. Vitae vitae soluta cum iste esse quia. Sint qui omnis libero aliquam sunt consequatur magnam.', 1, 100, NULL, NULL, NULL, '2023-09-30 12:22:56', '2023-09-30 12:22:56'),
(99, 5, 'Rath, Nikolaus and Schuster', 'amet-tempora-corrupti-quidem', 'Soluta asperiores eveniet illo temporibus. Dolorem iste aut omnis molestiae id accusantium neque. Est tempore sed omnis et. Et et recusandae nihil commodi totam minima suscipit. Consequatur ipsum voluptas eos. Vel praesentium sit distinctio repudiandae quo et. Ut qui molestias voluptatem voluptatem autem. Tenetur quos perferendis officiis id quo tempore voluptatem. Est possimus qui facere ea voluptates perferendis ut. Repudiandae aliquid iure exercitationem qui aut suscipit a.', 1, 100, NULL, NULL, NULL, '2023-09-30 12:22:56', '2023-09-30 12:22:56'),
(100, 8, 'Hammes, Price and Dickinson', 'omnis-enim-repellat-qui', 'Natus culpa ut porro qui doloribus qui doloremque. Exercitationem dolorem consequatur dolorem quo. Sed amet excepturi nisi doloremque ut quaerat sit fuga. Similique doloremque non quasi ducimus expedita mollitia. Aut ab odit aliquam tempore. Dolores excepturi libero deserunt nisi magnam aliquam nemo. Porro nam eligendi quo voluptatem aut aut. Soluta ullam et nisi voluptatum necessitatibus. Et itaque quo eos in itaque.', 1, 100, NULL, NULL, NULL, '2023-09-30 12:22:56', '2023-09-30 12:22:56'),
(101, 8, 'Stracke-Marvin', 'excepturi-eveniet-et-sequi', 'Magni mollitia blanditiis vitae consequatur. Eum occaecati aut nesciunt non deleniti. Qui odit possimus ipsum atque adipisci. Possimus sint ut ipsum eos. Molestias et nulla inventore dicta accusantium eos. Expedita voluptatum maxime aperiam aut et cupiditate nesciunt. Sit voluptas voluptatem temporibus dolor dolor ut qui. Optio quis consectetur laboriosam labore enim. Sit distinctio odio cumque ab est.', 1, 100, NULL, NULL, NULL, '2023-09-30 12:22:56', '2023-09-30 12:22:56'),
(102, 11, 'Veum, Bernhard and Huels', 'qui-ipsum-vero-fugit-non-animi', 'Est et ea cum est veniam deserunt. Occaecati explicabo et ex. Omnis ut non non quidem. Vero non labore perspiciatis dolor ut delectus asperiores. Quod iusto explicabo assumenda quasi quidem voluptas dolorem. Architecto rem incidunt dolores enim molestiae aut error. Et nesciunt animi harum deserunt rerum sint illum. Aperiam ipsam velit perspiciatis. Neque non autem cum alias sit cumque. Asperiores non libero mollitia et molestiae.', 1, 100, NULL, NULL, NULL, '2023-09-30 12:22:56', '2023-09-30 12:22:56'),
(103, 14, 'Mosciski LLC', 'dolor-sunt-accusamus-ut-ut-aliquam-omnis', 'Assumenda qui deleniti odit sed alias beatae similique. Quos ipsa at dolores. Officia qui iusto exercitationem totam culpa dolorem. Adipisci non dolor qui atque quidem quia veritatis nulla. Quod est sunt cupiditate pariatur molestiae. Reprehenderit voluptas nisi ipsum maiores quia soluta. Sed debitis iste dignissimos consequatur iste. Est ut omnis recusandae ex culpa et. Vel et odio aut. Perspiciatis voluptas consequatur reiciendis quia. Officiis unde est soluta aut exercitationem commodi.', 1, 100, NULL, NULL, NULL, '2023-09-30 12:22:56', '2023-09-30 12:22:56'),
(104, 14, 'Deckow, Flatley and Prosacco', 'ut-explicabo-accusamus-repellendus-tempora-debitis-et-quod', 'Soluta blanditiis omnis fugit et et. Quia corporis quia aliquam. Minima excepturi nihil quae et iusto non assumenda. Laudantium sit quae ad quam itaque voluptatem. Rem laboriosam distinctio quis et laborum rerum. Optio quod quia non iure voluptate modi harum. Qui in excepturi quis non. Repellat doloribus esse sit sequi eos dolorem. Libero dicta rem aut quod officia. Tempora blanditiis quia consequatur et enim molestiae veritatis in.', 1, 100, NULL, NULL, NULL, '2023-09-30 12:22:56', '2023-09-30 12:22:56'),
(105, 11, 'Rippin-Ferry', 'repellendus-distinctio-adipisci-voluptatibus-laborum-a-consequatur', 'Modi nihil asperiores voluptas cumque. Optio veritatis veritatis non possimus facere eum nihil. Quibusdam rerum et aspernatur adipisci reprehenderit. Recusandae amet hic possimus est quia eum id. Minima non corrupti assumenda est. Ea exercitationem amet ad rerum sequi. Beatae neque ut ratione non eaque commodi cumque. Magni eaque sapiente non velit. Odio sequi dignissimos dicta hic consequatur in.', 1, 100, NULL, NULL, NULL, '2023-09-30 12:22:56', '2023-09-30 12:22:56'),
(106, 6, 'Stracke PLC', 'commodi-dolor-quia-eum-est-aut-incidunt-tempore', 'Nostrum ut dolore et rem beatae asperiores. Nihil voluptatem numquam consequatur. Cum doloribus alias vero suscipit tempore. Voluptatem illo architecto neque laborum. Modi tenetur est corrupti. At aut commodi impedit consectetur explicabo veniam in mollitia. Nostrum at id quae. Nostrum omnis voluptate eos reiciendis. Animi tenetur ut quaerat optio ea omnis. Ea aut rerum ut expedita ut.', 1, 100, NULL, NULL, NULL, '2023-09-30 12:22:56', '2023-09-30 13:44:20'),
(107, 12, 'Roberts Group', 'sit-numquam-ipsum-necessitatibus-ipsum-et', 'Maxime tempore qui nihil repellat et laborum. Ex saepe sit et necessitatibus enim eum praesentium. Voluptate voluptatum minus culpa fuga sit voluptatibus sapiente error. Suscipit assumenda corporis molestias ducimus. Rem expedita alias sit illum rem a qui. Officiis enim nostrum veritatis aut adipisci repellat. Iure eaque omnis voluptas et. Distinctio ad sed eos aut. Expedita quia delectus sunt sit nisi. Aliquam cum id amet vitae provident.', 1, 100, NULL, NULL, NULL, '2023-09-30 12:22:56', '2023-09-30 12:22:56'),
(108, 1, 'Swift Ltd', 'eius-odit-quia-aut-eius-odit-est-consequatur-officia', 'Ut rerum voluptatem necessitatibus in hic. Non sunt illum praesentium. Et cum voluptas delectus et. Natus expedita rerum et quo. Quasi pariatur minima illo cumque quidem modi expedita. Consectetur tempora voluptatum natus vel sit asperiores labore pariatur. Eveniet nobis consectetur tempora est quas voluptas. Cum molestias qui eveniet voluptate sit consectetur id. Delectus aspernatur omnis atque voluptatem illo aut. Harum consequatur est architecto explicabo aliquid adipisci.', 1, 100, NULL, NULL, NULL, '2023-09-30 12:22:56', '2023-09-30 12:22:56'),
(109, 1, 'Kuhn-Hills', 'asperiores-est-corrupti-ea-neque-doloremque-suscipit', 'Aut veniam laborum sit. Quia odio ea ut quidem dicta sint. Autem quis et officia iste asperiores commodi consequatur. Asperiores animi inventore facilis voluptatem quae neque voluptatem adipisci. Omnis odit debitis voluptatem non mollitia reiciendis harum. Omnis sit id fugit dolorem asperiores molestias porro. Est qui animi incidunt quam et.', 1, 100, NULL, NULL, NULL, '2023-09-30 12:22:56', '2023-09-30 12:22:56'),
(110, 5, 'Rutherford-Welch', 'aliquid-saepe-nulla-deserunt-vel-non-quae-ea', 'Iusto qui et incidunt est in. Nostrum corrupti modi molestiae praesentium molestias consequatur. Officia odit vero consequatur corrupti sit beatae ut. Enim unde id nesciunt quibusdam. Perferendis quod quasi accusamus voluptatem alias itaque velit. Et est beatae voluptatem quaerat vero delectus qui. Non laudantium consequatur expedita quae blanditiis ea.', 1, 100, NULL, NULL, NULL, '2023-09-30 12:22:56', '2023-09-30 13:42:07'),
(111, 6, 'Marvin LLC', 'harum-voluptatibus-tenetur-aut-quibusdam-eum-impedit', 'Maxime veritatis ab et necessitatibus molestiae. Qui et nobis asperiores eum quo et numquam doloribus. Eos illum quo enim ea quasi iusto assumenda nihil. Optio voluptatum eius repellendus assumenda. Et vitae adipisci ea quia eum. Quasi nesciunt ut reprehenderit enim aut. Deleniti aliquid impedit quos et explicabo consequatur illum corrupti. Aut fugiat quidem deserunt ut est. Iure voluptatibus autem officia id error consequatur aut. Beatae aut ducimus et aut voluptates ratione quam.', 1, 100, NULL, NULL, NULL, '2023-09-30 12:22:56', '2023-09-30 13:44:07'),
(112, 2, 'Glover, Mueller and Kris', 'dignissimos-consequuntur-aut-delectus-facilis', 'Quis voluptas illum fuga. Qui dolores pariatur repellendus fugit atque. Assumenda cupiditate corporis adipisci. Nihil est repellat autem voluptatem. Dicta voluptas quisquam vel delectus vero et sit consequuntur. Quas quidem quam perspiciatis maxime laborum et dolorum. Quo enim quos amet laudantium quisquam accusamus.', 1, 100, NULL, NULL, NULL, '2023-09-30 12:22:56', '2023-09-30 12:22:56'),
(113, 4, 'Langosh PLC', 'placeat-incidunt-doloribus-excepturi-qui-labore-amet-sed-temporibus', 'Voluptatum pariatur magni id dolore quos iste quia. Libero eligendi et maiores placeat cumque enim. Dolorem eos officiis porro et asperiores sunt repudiandae quasi. Qui voluptas aut est aspernatur repellat et voluptatibus. Est enim expedita et soluta alias dolores. Accusantium aliquid ipsa non adipisci commodi veritatis. Voluptatem et vel consequatur et optio est. Voluptatem pariatur nihil illo eveniet. Corrupti repellendus non dignissimos quis saepe sed odio.', 1, 100, NULL, NULL, NULL, '2023-09-30 12:22:56', '2023-09-30 12:22:56'),
(114, 10, 'Purdy, Wisozk and Kris', 'in-laudantium-sunt-qui-ex-ducimus-recusandae', 'Maiores quis ut quo est. Placeat sint molestiae veritatis facere laborum veritatis alias. Repellat id distinctio et earum necessitatibus. Perferendis qui et aut asperiores. Aspernatur commodi quisquam quisquam autem omnis. Error cum est ut deserunt maxime. Pariatur sed nesciunt et distinctio aperiam qui labore est. Sed excepturi minima maxime voluptate. Voluptas molestiae facilis minima voluptatum. Iusto saepe accusamus doloribus optio quia provident.', 1, 100, NULL, NULL, NULL, '2023-09-30 12:22:56', '2023-09-30 12:22:56'),
(115, 8, 'Boyer-Schuppe', 'sunt-minima-quasi-tempore-doloremque-velit-et', 'At et et non quia aliquid sit dolore. Quidem amet consectetur aperiam ullam. Enim ut exercitationem error occaecati consequatur eius rerum recusandae. Id voluptas veritatis voluptatem ex. Nulla sed et occaecati autem. Quisquam aut unde necessitatibus perferendis veniam. Voluptas ipsa illum tempore recusandae. Nam tenetur non quia veniam distinctio. Ut soluta nostrum aut beatae atque blanditiis. Numquam ea et amet facilis suscipit at optio. Ea enim ipsa minima blanditiis maiores harum.', 1, 100, NULL, NULL, NULL, '2023-09-30 12:22:56', '2023-09-30 12:22:56'),
(116, 4, 'Yundt, Wyman and Kilback', 'dignissimos-totam-molestiae-cum-in', 'Nobis consequatur libero distinctio omnis. Temporibus sapiente non expedita ut omnis. Fuga non nihil et et eos. Fugit maxime in dolorem dolor quibusdam earum consequatur. Excepturi cumque voluptatibus est quisquam delectus iusto iste. Odit officia earum adipisci quo saepe maiores id. In et ab libero nesciunt sequi debitis. Deleniti porro non pariatur ducimus eligendi illum qui assumenda. Reiciendis et nemo eligendi officiis aut ducimus.', 1, 100, NULL, NULL, NULL, '2023-09-30 12:22:56', '2023-09-30 12:22:56'),
(117, 13, 'Ortiz, Reichel and Reichert', 'eius-voluptas-qui-corporis-accusamus-totam', 'Consequatur et molestiae expedita aspernatur. Qui temporibus aperiam aut sunt sunt. Animi voluptatem occaecati qui. Ea ipsa tempore commodi numquam eos consectetur ut in. Eum fugit et quasi eveniet nam et. Ut dolorem dignissimos temporibus ut ut aut perferendis. Officia ab hic velit necessitatibus amet minima consequatur quo. Qui magni qui odit enim ducimus.', 1, 100, NULL, NULL, NULL, '2023-09-30 12:22:56', '2023-09-30 12:22:56'),
(118, 6, 'VonRueden, Steuber and Jacobson', 'neque-amet-voluptatem-voluptas-laudantium-eaque-iste-doloremque', 'Adipisci reiciendis quas quasi. Asperiores dignissimos iusto optio quia qui quas sit. Similique vitae facere magnam placeat quasi numquam nihil. Ducimus vel vel libero quod et. Alias ut inventore pariatur animi. Debitis laboriosam temporibus expedita accusantium consectetur tenetur sint. Quia nisi quidem est autem velit. Ex quod nihil excepturi ut dolorem. Mollitia est et saepe et sit ad laboriosam. Omnis amet cum et. Dolores aperiam commodi velit est numquam voluptatem non.', 1, 100, NULL, NULL, NULL, '2023-09-30 12:22:56', '2023-09-30 12:22:56'),
(119, 12, 'Hodkiewicz, Streich and Lubowitz', 'nam-quam-sed-animi-et-sit-et', 'Quo id aut perspiciatis sunt pariatur corporis alias veniam. Neque sed asperiores quia voluptatem omnis tempore corrupti. Qui incidunt quo rerum omnis velit est. Excepturi dolorem non est totam voluptatem et. Consequuntur error sint dolor voluptas ut dolore. Ut quo tempore architecto qui. Repellendus aliquam aut nobis voluptatum.', 1, 100, NULL, NULL, NULL, '2023-09-30 12:22:56', '2023-09-30 12:22:56'),
(120, 5, 'Schoen PLC', 'aut-possimus-sint-ut-explicabo-quos', 'Laborum quidem at fugit nesciunt. Repudiandae amet error quam est accusantium tempore similique. Id quas nobis accusamus eos sint illo. Corrupti placeat provident error quam. Facere omnis iste voluptatum nostrum porro beatae. Ut sapiente consequatur veritatis libero. Iste facere aut quasi. Ad recusandae aperiam beatae quo temporibus eos cupiditate.', 1, 100, NULL, NULL, NULL, '2023-09-30 12:22:56', '2023-09-30 12:22:56'),
(121, 10, 'Dietrich Group', 'explicabo-tempora-ea-dolorum', 'Fugit est aut iusto aut ab sint architecto. Labore laborum porro impedit. Placeat enim temporibus laudantium sit earum. Dolorum iste occaecati error incidunt quia nam rerum. Aut iure numquam alias autem dolores odit odio minima. Odit eos neque rerum quod dolorem nihil odit consequatur. Nostrum eos provident libero. Qui corrupti facilis quia. Earum vel ut rerum quod est eum.', 1, 100, NULL, NULL, NULL, '2023-09-30 12:22:56', '2023-09-30 12:22:56'),
(122, 1, 'Metz-Cassin', 'architecto-numquam-fugit-minus-incidunt-voluptatum-nam-quam-ea', 'Iusto omnis explicabo unde harum facilis repudiandae. Dolorum et dolor eveniet qui voluptas. Nisi sit officia fuga porro doloremque. Incidunt alias et rerum incidunt. Eius blanditiis delectus exercitationem occaecati eligendi doloribus. Impedit blanditiis ut esse dolores. Et quia harum quod dignissimos et voluptas.', 1, 100, NULL, NULL, NULL, '2023-09-30 12:22:56', '2023-09-30 12:22:56'),
(123, 5, 'Douglas-Braun', 'sed-nisi-qui-non-fugit', 'Ipsum inventore nihil aspernatur aliquid. Et sunt aut ea alias. Delectus laudantium ab recusandae modi tempore odio amet. Suscipit unde vel deserunt assumenda in quidem et. Debitis aut eveniet esse optio voluptates enim voluptas. Quasi id quo quia culpa odio. Blanditiis sed quia sed cumque voluptas rerum recusandae non.', 1, 100, NULL, NULL, NULL, '2023-09-30 12:22:56', '2023-09-30 12:22:56'),
(124, 11, 'Dibbert, Terry and Purdy', 'qui-aspernatur-veniam-delectus-minus-distinctio', 'Sint quas cupiditate delectus esse ipsum nisi. Voluptatum aut aspernatur harum necessitatibus et. Iure voluptatum et consectetur. Sit rem dicta omnis sit modi. Illum est quia in modi ipsum amet nam. Dolores et non excepturi aut sequi exercitationem occaecati. Deserunt enim nemo ut nobis possimus. Veniam ullam repellendus est illum. Dolores labore ut quod pariatur qui. Quis nam perferendis aliquid accusantium illo est. Repellat harum assumenda officiis alias veritatis voluptatem.', 1, 100, NULL, NULL, NULL, '2023-09-30 12:22:56', '2023-09-30 12:22:56'),
(125, 8, 'Boyle, Becker and Smith', 'explicabo-similique-et-fuga-expedita-corrupti-possimus-eos-soluta', 'Ut consequuntur error consectetur dolores ullam et quis. Repudiandae ab cum rerum reprehenderit. Consequatur eaque et officia laudantium qui. Saepe sit earum voluptatem voluptatem. Non quis dolore aut illum eaque sapiente. Iusto impedit maxime voluptas voluptate iusto fugit accusantium aliquid. Aut voluptas in error sit in odit sint. Quia itaque laudantium aspernatur ipsam eum. Qui debitis et dolorum blanditiis odio eum et.', 1, 100, NULL, NULL, NULL, '2023-09-30 12:22:56', '2023-09-30 12:22:56'),
(126, 1, 'Trantow Group', 'atque-voluptatem-quia-suscipit-officiis-numquam-eius-sit', 'Soluta numquam ad dicta quia aperiam. Pariatur aut voluptatem quos laudantium deleniti. Voluptatem in in officia sed velit eius. Aut quidem qui non qui. Cupiditate enim at similique sed voluptatum sit iste. Sint enim libero ut nam aliquam doloremque. Incidunt qui aut quaerat velit non eum cupiditate. Quo non nulla voluptatem nihil. Eaque voluptas voluptas ut.', 1, 100, NULL, NULL, NULL, '2023-09-30 12:22:56', '2023-09-30 12:22:56'),
(127, 7, 'Grady-Hermann', 'ipsum-totam-ut-asperiores-laudantium', 'Et exercitationem nostrum ut esse veritatis. Cupiditate qui nostrum deserunt expedita ut necessitatibus cum. Quod et pariatur maxime asperiores reiciendis ipsa dolore. Exercitationem aliquid recusandae quis. Aperiam maiores at et similique deleniti voluptatum distinctio. Et nihil sapiente ducimus ut exercitationem quibusdam. Sint voluptatem inventore cumque ullam earum. Amet numquam minus sed officiis.', 1, 100, NULL, NULL, NULL, '2023-09-30 12:22:56', '2023-09-30 12:22:56'),
(128, 4, 'Glover Inc', 'qui-atque-voluptate-in-voluptas-maiores-deleniti', 'Et et atque minus id sint tenetur harum. Possimus ut rerum qui voluptas sed impedit provident. In fugit sed ducimus autem porro modi. Perspiciatis sit autem necessitatibus rem odit. Libero velit maiores sit eum explicabo quae. Error voluptatem saepe vero magnam quam sit. Suscipit non nihil esse maiores porro nulla dignissimos. Et saepe aut tempore aut quaerat voluptas. Quas ratione et deserunt. Placeat et ratione sit deleniti cumque aut sit. Nobis quod et aspernatur eos corrupti.', 1, 100, NULL, NULL, NULL, '2023-09-30 12:22:56', '2023-09-30 12:22:56'),
(129, 12, 'Bailey, Williamson and Hirthe', 'consequuntur-quia-blanditiis-excepturi-esse-beatae-provident-non', 'Quia vel a assumenda debitis. Nemo temporibus totam iusto dolorum. Et rerum eos omnis eligendi. Necessitatibus qui iusto est. Et totam qui qui architecto provident accusantium est quae. Quibusdam illum qui alias saepe et autem illo. Voluptas quod molestias illo occaecati consequuntur ex eos. Placeat repellendus sint excepturi non labore est fugiat. Doloribus quis asperiores ut excepturi impedit excepturi explicabo.', 1, 100, NULL, NULL, NULL, '2023-09-30 12:22:56', '2023-09-30 12:22:56'),
(130, 10, 'Schuppe, Heaney and Stracke', 'hic-omnis-doloribus-voluptas-est-rerum-dolorem', 'Et quasi ut sed enim eos illum. Et vel explicabo molestias expedita et. Nemo unde sapiente hic voluptas qui eum. Occaecati voluptatem similique consequuntur beatae sit. Delectus assumenda omnis consequatur assumenda omnis non error. Nulla culpa laborum suscipit culpa fugiat dolor. Voluptatem eveniet est consequuntur molestiae. Eius occaecati est ut natus est sed aliquid. Et doloribus sint eaque non.', 1, 100, NULL, NULL, NULL, '2023-09-30 12:22:56', '2023-09-30 12:22:56'),
(131, 10, 'Bartoletti, Russel and Donnelly', 'consequatur-totam-culpa-perferendis-vitae-rem-distinctio', 'Enim iure ipsam sunt voluptas corporis dolore qui. Distinctio est fugit aliquid ab. Minus magni labore neque ea voluptas enim tempora. Autem quia voluptas aut laudantium. Et suscipit vel eos. Aliquam consequatur esse molestias. Beatae aut molestiae cumque aut. Illum nisi libero temporibus ipsa doloremque aut ad quasi. Nihil deserunt cum mollitia et fugit. Enim voluptatem quia dolores corrupti.', 1, 100, NULL, NULL, NULL, '2023-09-30 12:22:56', '2023-09-30 12:22:56'),
(132, 3, 'Gorczany, Skiles and Pagac', 'sed-laboriosam-vel-ullam-ratione', 'Dolorem libero perferendis laborum at voluptate illo. Velit dolor explicabo iusto velit provident. Nisi fugit voluptate neque perferendis aliquam et aliquam. Et et aspernatur nihil facere. Consectetur aut provident ut molestiae quia eos dolores. Harum quis qui velit odio. Id atque aspernatur adipisci magni quis minus. Quas dolorem nisi ipsam sapiente voluptatibus qui maiores. Aliquid neque eum nihil corrupti. Alias in temporibus iusto.', 1, 100, NULL, NULL, NULL, '2023-09-30 12:22:56', '2023-09-30 12:22:56'),
(133, 3, 'Nolan PLC', 'exercitationem-qui-animi-consequatur', 'Repellendus nostrum odit dolores rerum aut. Est repellendus velit unde tempore vero aperiam. Consequuntur ut pariatur repellat. Ut velit eveniet odit qui reiciendis. Sunt dolores fuga voluptatibus non quae. Harum ut ut et autem. Ratione qui iusto voluptas sed quia. Totam laboriosam ut praesentium ut deserunt.', 1, 100, NULL, NULL, NULL, '2023-09-30 12:22:56', '2023-09-30 12:22:56'),
(134, 1, 'Rohan Ltd', 'beatae-doloribus-consequatur-assumenda-sit', 'Dolores est est dolorum. Quasi culpa aut nam esse. Ipsum reiciendis iste at aspernatur delectus aut. Ipsa totam harum qui debitis ut in quibusdam dolorum. Facere odit laborum repellat ea enim eos. Neque sed excepturi quasi est et. Et suscipit repudiandae harum enim id totam. Voluptatem quasi unde suscipit qui rem consequatur nostrum. Maxime corporis rem quia facilis nobis neque.', 1, 100, NULL, NULL, NULL, '2023-09-30 12:22:56', '2023-09-30 12:22:56'),
(135, 3, 'Reichel-Mueller', 'officiis-hic-ullam-assumenda-ut-in-eum', 'Et doloremque at harum quam tenetur. Ipsa quia atque aut. Nihil exercitationem rem error sed quaerat et enim. Voluptatem corporis dolores quam sit. Qui ex est consequatur deserunt reprehenderit dolores ullam. Quia et optio ut aperiam repudiandae. Id distinctio quaerat neque occaecati. Et recusandae doloremque eum id nulla minima. Quis ut ut possimus eos quae.', 1, 100, NULL, NULL, NULL, '2023-09-30 12:22:56', '2023-09-30 12:22:56'),
(136, 9, 'Paucek-Barton', 'rerum-id-qui-qui-ex', 'Et veniam dolores recusandae numquam. Est aperiam ducimus sequi harum. Deleniti aut nemo doloremque et architecto earum unde. Voluptatibus saepe id ipsa vel ab non nisi. Omnis et sit rerum fugit similique aut. Nemo sit dicta mollitia natus. Aspernatur voluptatem ut aut non et. Corrupti fuga et omnis nihil suscipit quibusdam accusantium. Delectus deserunt officiis sit omnis.', 1, 100, NULL, NULL, NULL, '2023-09-30 12:22:56', '2023-09-30 12:22:56'),
(137, 13, 'Glover, Cummings and Von', 'ipsa-ducimus-quia-tempore-aspernatur-aperiam-fugit', 'Quia iusto non placeat eveniet velit. Optio ut quo minima qui aut dolore enim. Dolores a esse cupiditate et sint inventore ipsum excepturi. Magnam voluptas non occaecati voluptate et dicta sed. Est dolores quibusdam totam voluptatum non. Labore ipsum sequi rem quia error hic quo. Consequatur soluta illo ex laudantium magni. Voluptas optio incidunt iste quia.', 1, 100, NULL, NULL, NULL, '2023-09-30 12:22:56', '2023-09-30 12:22:56'),
(138, 3, 'Morissette-Treutel', 'sint-nemo-sapiente-magnam-mollitia', 'Omnis quia est tempora molestiae. Nemo cupiditate eos numquam animi nisi ut ut. Eveniet omnis eos adipisci illum. Voluptates ea reprehenderit est est debitis sint id. Eum ut beatae non est et. Error et velit aliquam occaecati. Sint a et ullam dolores vel libero amet. Labore ducimus dolorem omnis maxime ea. Consequatur cumque eos ut molestiae sint repudiandae et sunt. Sequi enim eos quia eum dolorum voluptas. Voluptatum optio ducimus rerum ut.', 1, 100, NULL, NULL, NULL, '2023-09-30 12:22:56', '2023-09-30 12:22:56'),
(139, 7, 'Barrows-Kris', 'sint-sunt-velit-modi-alias-nostrum-nostrum-praesentium-aut', 'Nisi et amet vitae aut aperiam molestiae. Dolor debitis modi cumque molestiae at qui recusandae. Ad quasi iste et et eos earum eum sequi. Neque sed et optio ratione architecto alias soluta. Sed temporibus quo fuga. Explicabo enim magni alias assumenda minus. Non dignissimos perspiciatis et odit tenetur quis. Ducimus dolorem vero unde sed est commodi expedita facere. Placeat deserunt esse veniam quas quibusdam eos dolorum dignissimos.', 1, 100, NULL, NULL, NULL, '2023-09-30 12:22:56', '2023-09-30 12:22:56'),
(140, 13, 'Kozey and Sons', 'aut-magni-sit-sit-facere-dolores-nesciunt-et', 'Et asperiores ipsam impedit autem. Nostrum reiciendis eaque qui eos nihil omnis. Maxime rerum esse dolorem nisi. Nisi similique ex et laudantium autem accusamus molestiae modi. A quis voluptatem ea aliquid consequatur. Necessitatibus officia et velit ipsam architecto. Quis illo deserunt nulla optio. Eveniet adipisci fuga quidem nesciunt aliquam. Aut mollitia ipsum at nisi dicta pariatur quia.', 1, 100, NULL, NULL, NULL, '2023-09-30 12:22:56', '2023-09-30 12:22:56'),
(141, 4, 'Wolff-McGlynn', 'aut-est-eius-dignissimos-molestiae-omnis-voluptatum', 'Quaerat dolor neque soluta quos ut aut autem. Enim fuga cum ad et excepturi. Voluptatem ea recusandae iste quibusdam ipsam. Laborum accusamus illum occaecati deleniti. Voluptate voluptatem eaque reiciendis libero. Sed beatae iusto maiores dolore aut voluptas laborum. Reprehenderit perferendis velit fugiat consequatur. Consequuntur tempore nihil veritatis quo. Tenetur quos voluptatem ad dolor sit et neque. Reiciendis fugit voluptatibus id amet.', 1, 100, NULL, NULL, NULL, '2023-09-30 12:22:56', '2023-09-30 12:22:56'),
(142, 2, 'Lesch-O\'Conner', 'illum-minima-dolore-eius-enim', 'Dolores ratione earum velit qui nihil sapiente velit mollitia. Accusamus nulla non ipsum enim. Voluptatem quam ut eum quaerat. Tempore totam id quia recusandae dolorem dolor. Vitae ut voluptatem ut quia minima earum nesciunt. Est voluptate sint voluptatem eius et consequatur aut. Sed quod ad velit excepturi alias consequatur rem. Aut aliquid aut omnis et explicabo perspiciatis. Itaque et et officiis repellat. Et vitae amet deserunt eos. Laboriosam ex officia sed aut quis.', 1, 100, NULL, NULL, NULL, '2023-09-30 12:22:56', '2023-09-30 12:22:56'),
(143, 13, 'Rath PLC', 'culpa-illum-ex-dolore-et-impedit-reiciendis-voluptas', 'Ipsam enim provident qui quod reiciendis delectus nisi. Praesentium sed iste sunt voluptas. Praesentium voluptatibus reprehenderit ea est tempora. Et est laboriosam modi ut. Asperiores accusantium recusandae quasi ratione dolor dolorem. Libero soluta aspernatur nostrum neque qui architecto et aspernatur. Placeat voluptatem cupiditate qui. Occaecati officia voluptas officia molestiae. Dolore error architecto odit autem. Necessitatibus odio fugiat nostrum aut unde placeat quo.', 1, 100, NULL, NULL, NULL, '2023-09-30 12:22:56', '2023-09-30 12:22:56'),
(144, 12, 'Ondricka Ltd', 'omnis-sequi-error-aut-maiores', 'Labore est saepe possimus commodi aut. Vero magni libero tempore consequuntur harum. Molestiae aut quaerat sed dolor similique cupiditate. Aut in omnis rerum corrupti blanditiis porro eum. Beatae nihil quaerat fugiat quam sunt. Quae aut suscipit sapiente porro ex et. Qui deleniti harum unde suscipit. Qui est quidem consequatur reprehenderit sit. Aperiam molestiae culpa quidem nesciunt quo.', 1, 100, NULL, NULL, NULL, '2023-09-30 12:22:56', '2023-09-30 13:38:58'),
(145, 3, 'Connelly, Marvin and Kessler', 'earum-eos-enim-quia-incidunt-natus-sit', 'In est fugit distinctio consectetur. Minima saepe amet vel consequatur. Quis et nisi culpa dolor officia quam rerum. Quam necessitatibus fugiat iste repudiandae ea. Et fugit dignissimos consequatur et deleniti doloribus laboriosam. In consequatur laboriosam iusto incidunt velit omnis. Repellendus ipsa ipsum nihil et placeat non. Similique in sed aut quod repellendus repudiandae vitae. Dolor enim aut doloremque maiores. Soluta ut sunt molestiae facere blanditiis inventore blanditiis voluptates.', 1, 100, NULL, NULL, NULL, '2023-09-30 12:22:56', '2023-09-30 12:22:56'),
(146, 1, 'Abernathy-Waelchi', 'velit-ipsum-totam-pariatur-nemo', 'Et commodi praesentium maxime dolor cum. Repellat rerum dolorem voluptatum necessitatibus inventore. Pariatur sed debitis maiores nemo impedit sint eum repellat. Iste laborum aperiam cumque dolores tempore nobis molestiae. Beatae adipisci ut id et deserunt.', 1, 100, NULL, NULL, NULL, '2023-09-30 12:22:56', '2023-09-30 12:22:56'),
(147, 7, 'Stamm, Robel and Collins', 'quisquam-repellendus-error-quia-sint-exercitationem-vel-mollitia', 'Beatae voluptas quam iste quis et sit in. Incidunt sit et aut aut et dolorum voluptate. Veniam repellendus quia tempora omnis. Reiciendis magni aut perferendis. Quidem dicta aut expedita unde. Pariatur ad eius vero voluptates enim laboriosam sit. Sit quos suscipit architecto commodi. Et nemo est dignissimos voluptatem labore. Aperiam voluptatem inventore soluta quis. Aut voluptatum quasi officia voluptatem.', 1, 100, NULL, NULL, NULL, '2023-09-30 12:22:56', '2023-09-30 12:22:56'),
(148, 1, 'Flatley, Mueller and Larkin', 'soluta-saepe-quia-culpa-eius-nihil', 'Et rerum ex ut blanditiis. Accusamus id dolorem voluptas. Libero mollitia quaerat labore sit. Corporis eum corporis in sunt. Labore voluptas non ut assumenda maxime ea. Cum quisquam recusandae aliquid tempora aut voluptas mollitia. Id sequi autem expedita odit provident adipisci voluptas. Fugit atque voluptatum eum in. Maiores qui et quisquam corrupti voluptas. Repellendus saepe esse debitis doloribus. Dolorem maxime dolores reprehenderit impedit est.', 1, 100, NULL, NULL, NULL, '2023-09-30 12:22:56', '2023-09-30 12:22:56'),
(149, 14, 'Howe Inc', 'iusto-atque-at-nulla-enim', 'Saepe ut sint laborum molestiae ut. Eum rerum similique exercitationem. Praesentium laboriosam at ab saepe. Voluptate voluptas consequuntur est voluptas. Quaerat temporibus est pariatur harum dolore. Illo et dicta blanditiis praesentium architecto totam quaerat. Aliquid voluptatibus non quisquam reiciendis velit voluptates sit ut. Corporis et impedit ratione cum veniam possimus. Consequatur ipsam accusamus inventore.', 1, 100, NULL, NULL, NULL, '2023-09-30 12:22:56', '2023-09-30 12:22:56'),
(150, 11, 'Koch Ltd', 'mollitia-velit-minus-non-porro-nulla-aspernatur-ipsa-sunt', 'Voluptatem minus nisi nisi. Nihil et excepturi optio non enim. Deleniti vitae sed inventore aut maiores. Non culpa dolor deleniti ut voluptatum est nulla. Veniam laboriosam exercitationem minima sint possimus. Velit iste sint asperiores est maxime. Consectetur harum consequatur eligendi vel rerum ut sint. Sunt ipsam fugit est est ipsa sunt. Sit nesciunt et quia quia explicabo voluptate placeat. Ut quia facilis unde adipisci. Labore consectetur eum quas laudantium.', 1, 100, NULL, NULL, NULL, '2023-09-30 12:22:56', '2023-09-30 12:22:56'),
(151, 5, 'Berge LLC', 'commodi-possimus-eius-error-numquam-id-et', 'Qui ut sit ipsa cumque iure laudantium. Quam excepturi delectus architecto vitae sed. Sunt qui temporibus culpa delectus. Nobis veniam rerum veniam velit. Qui a reprehenderit voluptates placeat. Exercitationem consequuntur voluptatibus qui ea est totam. Quia praesentium et culpa porro doloribus numquam. Nihil consequatur quia et impedit ea facere. Aut eos fugit eum quia. Alias veritatis eum qui rem qui esse non.', 1, 100, NULL, NULL, NULL, '2023-09-30 12:22:56', '2023-09-30 12:22:56'),
(152, 11, 'Gerlach LLC', 'optio-amet-quia-sed-commodi-voluptatem', 'Quis numquam laboriosam recusandae voluptatem fugit atque magnam ad. Eos delectus reprehenderit voluptatem possimus amet voluptatem error. Omnis est et ut veritatis. Dolorem aut impedit et nobis animi rerum inventore ut. Quasi reprehenderit temporibus aut sunt et. Soluta nesciunt totam eligendi eum. Corrupti sit debitis voluptates atque enim hic.', 1, 100, NULL, NULL, NULL, '2023-09-30 12:22:56', '2023-09-30 12:22:56');

-- --------------------------------------------------------

--
-- Table structure for table `chat_conversations`
--

CREATE TABLE `chat_conversations` (
  `id` bigint(20) UNSIGNED NOT NULL,
  `shop_id` int(10) UNSIGNED DEFAULT NULL,
  `customer_id` bigint(20) UNSIGNED DEFAULT NULL,
  `message` text DEFAULT NULL,
  `status` int(11) NOT NULL DEFAULT 1,
  `private` tinyint(1) NOT NULL DEFAULT 1,
  `read` tinyint(1) DEFAULT NULL,
  `deleted_at` timestamp NULL DEFAULT NULL,
  `created_at` timestamp NULL DEFAULT NULL,
  `updated_at` timestamp NULL DEFAULT NULL
) ENGINE=InnoDB DEFAULT CHARSET=utf8 COLLATE=utf8_unicode_ci;

--
-- Dumping data for table `chat_conversations`
--

INSERT INTO `chat_conversations` (`id`, `shop_id`, `customer_id`, `message`, `status`, `private`, `read`, `deleted_at`, `created_at`, `updated_at`) VALUES
(1, 2, 18, 'hello', 2, 1, NULL, NULL, '2022-12-12 05:58:11', '2022-12-12 05:58:29'),
(2, 4, 1, 'I want to know how long it\'s take to delivery?', 1, 1, NULL, NULL, '2022-12-14 05:39:29', '2022-12-14 05:39:29');

-- --------------------------------------------------------

--
-- Table structure for table `configs`
--

CREATE TABLE `configs` (
  `shop_id` int(10) UNSIGNED NOT NULL,
  `support_phone` varchar(255) DEFAULT NULL,
  `support_phone_toll_free` varchar(255) DEFAULT NULL,
  `support_email` varchar(255) DEFAULT NULL,
  `support_agent` bigint(20) UNSIGNED DEFAULT NULL,
  `default_sender_email_address` varchar(255) DEFAULT NULL,
  `default_email_sender_name` varchar(255) DEFAULT NULL,
  `return_refund` longtext DEFAULT NULL,
  `order_number_prefix` varchar(255) DEFAULT '#',
  `order_number_suffix` varchar(255) DEFAULT NULL,
  `default_tax_id` int(10) UNSIGNED DEFAULT 1,
  `order_handling_cost` decimal(20,6) DEFAULT NULL,
  `credit_back_percentage` decimal(8,2) NOT NULL DEFAULT 0.00,
  `auto_archive_order` tinyint(1) DEFAULT 0,
  `default_payment_method_id` int(10) UNSIGNED DEFAULT NULL,
  `ac_holder_name` varchar(255) DEFAULT NULL,
  `ac_number` varchar(255) DEFAULT NULL,
  `ac_type` varchar(255) DEFAULT NULL,
  `ac_routing_number` varchar(255) DEFAULT NULL,
  `ac_swift_bic_code` varchar(255) DEFAULT NULL,
  `ac_iban` varchar(255) DEFAULT NULL,
  `ac_bank_address` text DEFAULT NULL,
  `pagination` int(10) UNSIGNED NOT NULL DEFAULT 10,
  `show_shop_desc_with_listing` tinyint(1) DEFAULT NULL,
  `show_refund_policy_with_listing` tinyint(1) DEFAULT 1,
  `alert_quantity` int(11) DEFAULT NULL,
  `digital_goods_only` tinyint(1) DEFAULT 0,
  `default_warehouse_id` int(10) UNSIGNED DEFAULT NULL,
  `default_supplier_id` int(10) UNSIGNED DEFAULT NULL,
  `default_packaging_ids` varchar(255) DEFAULT NULL,
  `default_affiliate_commission_percentage` decimal(8,2) DEFAULT NULL,
  `notify_new_message` tinyint(1) DEFAULT NULL,
  `notify_alert_quantity` tinyint(1) DEFAULT NULL,
  `notify_inventory_out` tinyint(1) DEFAULT NULL,
  `notify_new_order` tinyint(1) DEFAULT 1,
  `notify_abandoned_checkout` tinyint(1) DEFAULT NULL,
  `notify_new_disput` tinyint(1) DEFAULT 1,
  `enable_live_chat` tinyint(1) DEFAULT 1,
  `notify_new_chat` tinyint(1) DEFAULT 1,
  `maintenance_mode` tinyint(1) DEFAULT 1,
  `pending_verification` tinyint(1) DEFAULT NULL,
  `active_ecommerce` tinyint(1) NOT NULL DEFAULT 1,
  `pay_online` tinyint(1) NOT NULL DEFAULT 1,
  `pay_in_person` tinyint(1) NOT NULL DEFAULT 0,
  `pickup_enabled` tinyint(1) NOT NULL DEFAULT 1,
  `created_at` timestamp NULL DEFAULT NULL,
  `updated_at` timestamp NULL DEFAULT NULL
) ENGINE=InnoDB DEFAULT CHARSET=utf8 COLLATE=utf8_unicode_ci;

--
-- Dumping data for table `configs`
--

INSERT INTO `configs` (`shop_id`, `support_phone`, `support_phone_toll_free`, `support_email`, `support_agent`, `default_sender_email_address`, `default_email_sender_name`, `return_refund`, `order_number_prefix`, `order_number_suffix`, `default_tax_id`, `order_handling_cost`, `credit_back_percentage`, `auto_archive_order`, `default_payment_method_id`, `ac_holder_name`, `ac_number`, `ac_type`, `ac_routing_number`, `ac_swift_bic_code`, `ac_iban`, `ac_bank_address`, `pagination`, `show_shop_desc_with_listing`, `show_refund_policy_with_listing`, `alert_quantity`, `digital_goods_only`, `default_warehouse_id`, `default_supplier_id`, `default_packaging_ids`, `default_affiliate_commission_percentage`, `notify_new_message`, `notify_alert_quantity`, `notify_inventory_out`, `notify_new_order`, `notify_abandoned_checkout`, `notify_new_disput`, `enable_live_chat`, `notify_new_chat`, `maintenance_mode`, `pending_verification`, `active_ecommerce`, `pay_online`, `pay_in_person`, `pickup_enabled`, `created_at`, `updated_at`) VALUES
(1, NULL, NULL, 'support.shop@demo.com', NULL, 'noreply.shop@demo.com', 'Support Agent', '<h3>Return & Refund Policy</h3> Thanks for shopping at My Shop.<br/> If you are not entirely satisfied with your purchase, we\'re here to help.<br/><br/><h3>Returns</h3>You have 30 (change this) calendar days to return an item from the date you received it.<br/>To be eligible for a return, your item must be unused and in the same condition that you received it.<br/>Your item must be in the original packaging.<br/>Your item needs to have the receipt or proof of purchase.<br/><br/>', '#', NULL, 1, 2.000000, 5.00, 0, NULL, NULL, NULL, NULL, NULL, NULL, NULL, NULL, 10, NULL, 1, NULL, 0, NULL, NULL, NULL, 13.00, NULL, NULL, NULL, 1, NULL, 1, 1, 1, 0, NULL, 1, 1, 0, 1, '2022-08-15 15:57:43', '2022-08-15 15:57:43'),
(2, NULL, NULL, 'support.shop@demo.com', NULL, 'noreply.shop@demo.com', 'Support Agent', '<h3>Return & Refund Policy</h3> Thanks for shopping at My Shop.<br/> If you are not entirely satisfied with your purchase, we\'re here to help.<br/><br/><h3>Returns</h3>You have 30 (change this) calendar days to return an item from the date you received it.<br/>To be eligible for a return, your item must be unused and in the same condition that you received it.<br/>Your item must be in the original packaging.<br/>Your item needs to have the receipt or proof of purchase.<br/><br/>', '#', NULL, 1, 2.000000, 7.00, 0, NULL, NULL, NULL, NULL, NULL, NULL, NULL, NULL, 10, NULL, 1, 0, 0, NULL, NULL, NULL, 11.00, NULL, NULL, NULL, 1, NULL, 1, 1, 1, 0, NULL, 1, 1, 0, 1, '2022-08-15 15:57:43', '2024-07-14 01:13:41'),
(3, NULL, NULL, 'support.shop@demo.com', NULL, 'noreply.shop@demo.com', 'Support Agent', '<h3>Return & Refund Policy</h3> Thanks for shopping at My Shop.<br/> If you are not entirely satisfied with your purchase, we\'re here to help.<br/><br/><h3>Returns</h3>You have 30 (change this) calendar days to return an item from the date you received it.<br/>To be eligible for a return, your item must be unused and in the same condition that you received it.<br/>Your item must be in the original packaging.<br/>Your item needs to have the receipt or proof of purchase.<br/><br/>', '#', NULL, 1, 2.000000, 6.00, 0, NULL, NULL, NULL, NULL, NULL, NULL, NULL, NULL, 10, NULL, 1, NULL, 0, NULL, NULL, NULL, 18.00, NULL, NULL, NULL, 1, NULL, 1, 1, 1, 0, NULL, 1, 1, 0, 1, '2022-08-15 15:57:43', '2022-08-15 15:57:43'),
(4, NULL, NULL, 'support.shop@demo.com', NULL, 'noreply.shop@demo.com', 'Support Agent', '<h3>Return & Refund Policy</h3> Thanks for shopping at My Shop.<br/> If you are not entirely satisfied with your purchase, we\'re here to help.<br/><br/><h3>Returns</h3>You have 30 (change this) calendar days to return an item from the date you received it.<br/>To be eligible for a return, your item must be unused and in the same condition that you received it.<br/>Your item must be in the original packaging.<br/>Your item needs to have the receipt or proof of purchase.<br/><br/>', '#', NULL, 1, 2.000000, 10.00, 0, NULL, NULL, NULL, NULL, NULL, NULL, NULL, NULL, 10, NULL, 1, NULL, 0, NULL, NULL, NULL, 13.00, NULL, NULL, NULL, 1, NULL, 1, 1, 1, 0, NULL, 1, 1, 0, 1, '2022-08-15 15:57:43', '2022-08-15 15:57:43'),
(5, NULL, NULL, 'support.shop@demo.com', NULL, 'noreply.shop@demo.com', 'Support Agent', '<h3>Return & Refund Policy</h3> Thanks for shopping at My Shop.<br/> If you are not entirely satisfied with your purchase, we\'re here to help.<br/><br/><h3>Returns</h3>You have 30 (change this) calendar days to return an item from the date you received it.<br/>To be eligible for a return, your item must be unused and in the same condition that you received it.<br/>Your item must be in the original packaging.<br/>Your item needs to have the receipt or proof of purchase.<br/><br/>', '#', NULL, 1, 2.000000, 8.00, 0, NULL, NULL, NULL, NULL, NULL, NULL, NULL, NULL, 10, NULL, 1, NULL, 0, NULL, NULL, NULL, 18.00, NULL, NULL, NULL, 1, NULL, 1, 1, 1, 0, NULL, 1, 1, 0, 1, '2022-08-15 15:57:43', '2022-08-15 15:57:43');

-- --------------------------------------------------------

--
-- Table structure for table `config_authorize_net`
--

CREATE TABLE `config_authorize_net` (
  `shop_id` int(10) UNSIGNED NOT NULL,
  `api_login_id` text DEFAULT NULL,
  `transaction_key` text DEFAULT NULL,
  `sandbox` tinyint(1) DEFAULT 1,
  `created_at` timestamp NULL DEFAULT NULL,
  `updated_at` timestamp NULL DEFAULT NULL
) ENGINE=InnoDB DEFAULT CHARSET=utf8 COLLATE=utf8_unicode_ci;

-- --------------------------------------------------------

--
-- Table structure for table `config_cybersources`
--

CREATE TABLE `config_cybersources` (
  `shop_id` int(10) UNSIGNED NOT NULL,
  `merchant_id` text DEFAULT NULL,
  `api_key_id` text DEFAULT NULL,
  `secret` text DEFAULT NULL,
  `sandbox` tinyint(1) DEFAULT 1,
  `created_at` timestamp NULL DEFAULT NULL,
  `updated_at` timestamp NULL DEFAULT NULL
) ENGINE=InnoDB DEFAULT CHARSET=utf8 COLLATE=utf8_unicode_ci;

-- --------------------------------------------------------

--
-- Table structure for table `config_flutterwave`
--

CREATE TABLE `config_flutterwave` (
  `shop_id` int(10) UNSIGNED NOT NULL,
  `pub_key` text DEFAULT NULL,
  `sec_key` text DEFAULT NULL,
  `sandbox` tinyint(1) DEFAULT 1,
  `created_at` timestamp NULL DEFAULT NULL,
  `updated_at` timestamp NULL DEFAULT NULL
) ENGINE=InnoDB DEFAULT CHARSET=utf8 COLLATE=utf8_unicode_ci;

-- --------------------------------------------------------

--
-- Table structure for table `config_instamojo`
--

CREATE TABLE `config_instamojo` (
  `shop_id` int(10) UNSIGNED NOT NULL,
  `api_key` text DEFAULT NULL,
  `auth_token` text DEFAULT NULL,
  `sandbox` tinyint(1) DEFAULT 1,
  `created_at` timestamp NULL DEFAULT NULL,
  `updated_at` timestamp NULL DEFAULT NULL
) ENGINE=InnoDB DEFAULT CHARSET=utf8 COLLATE=utf8_unicode_ci;

-- --------------------------------------------------------

--
-- Table structure for table `config_iyzicos`
--

CREATE TABLE `config_iyzicos` (
  `id` bigint(20) UNSIGNED NOT NULL,
  `shop_id` int(10) UNSIGNED NOT NULL,
  `api_key` text DEFAULT NULL,
  `secret_key` text DEFAULT NULL,
  `sandbox` tinyint(1) DEFAULT 1,
  `created_at` timestamp NULL DEFAULT NULL,
  `updated_at` timestamp NULL DEFAULT NULL
) ENGINE=InnoDB DEFAULT CHARSET=utf8 COLLATE=utf8_unicode_ci;

-- --------------------------------------------------------

--
-- Table structure for table `config_manual_payments`
--

CREATE TABLE `config_manual_payments` (
  `shop_id` int(10) UNSIGNED NOT NULL,
  `payment_method_id` int(10) UNSIGNED NOT NULL,
  `additional_details` text DEFAULT NULL,
  `payment_instructions` text DEFAULT NULL,
  `created_at` timestamp NULL DEFAULT NULL,
  `updated_at` timestamp NULL DEFAULT NULL
) ENGINE=InnoDB DEFAULT CHARSET=utf8 COLLATE=utf8_unicode_ci;

--
-- Dumping data for table `config_manual_payments`
--

INSERT INTO `config_manual_payments` (`shop_id`, `payment_method_id`, `additional_details`, `payment_instructions`, `created_at`, `updated_at`) VALUES
(1, 4, 'Send the payment via Bank Wire Transfer.', 'Payment instructions for Bank Wire Transfer', '2022-08-02 15:57:43', '2022-08-02 15:57:43'),
(1, 3, 'Our man will collect the payment when deliver the item to your doorstep.', 'Payment instructions for COD', '2022-08-02 15:57:43', '2022-08-02 15:57:43'),
(2, 4, 'Send the payment via Bank Wire Transfer.', 'Payment instructions for Bank Wire Transfer', '2022-08-02 15:57:43', '2022-08-02 15:57:43'),
(2, 3, 'Our man will collect the payment when deliver the item to your doorstep.', 'Payment instructions for COD', '2022-08-02 15:57:43', '2022-08-02 15:57:43'),
(3, 4, 'Send the payment via Bank Wire Transfer.', 'Payment instructions for Bank Wire Transfer', '2022-08-02 15:57:43', '2022-08-02 15:57:43'),
(3, 3, 'Our man will collect the payment when deliver the item to your doorstep.', 'Payment instructions for COD', '2022-08-02 15:57:43', '2022-08-02 15:57:43'),
(4, 4, 'Send the payment via Bank Wire Transfer.', 'Payment instructions for Bank Wire Transfer', '2022-08-02 15:57:43', '2022-08-02 15:57:43'),
(4, 3, 'Our man will collect the payment when deliver the item to your doorstep.', 'Payment instructions for COD', '2022-08-02 15:57:43', '2022-08-02 15:57:43'),
(5, 4, 'Send the payment via Bank Wire Transfer.', 'Payment instructions for Bank Wire Transfer', '2022-08-02 15:57:43', '2022-08-02 15:57:43'),
(5, 3, 'Our man will collect the payment when deliver the item to your doorstep.', 'Payment instructions for COD', '2022-08-02 15:57:43', '2022-08-02 15:57:43');

-- --------------------------------------------------------

--
-- Table structure for table `config_mercado_pago`
--

CREATE TABLE `config_mercado_pago` (
  `id` bigint(20) UNSIGNED NOT NULL,
  `shop_id` int(10) UNSIGNED NOT NULL,
  `public_key` text DEFAULT NULL,
  `access_token` text DEFAULT NULL,
  `sandbox` tinyint(1) NOT NULL DEFAULT 1,
  `created_at` timestamp NULL DEFAULT NULL,
  `updated_at` timestamp NULL DEFAULT NULL
) ENGINE=InnoDB DEFAULT CHARSET=utf8 COLLATE=utf8_unicode_ci;

-- --------------------------------------------------------

--
-- Table structure for table `config_mollie`
--

CREATE TABLE `config_mollie` (
  `shop_id` int(10) UNSIGNED NOT NULL,
  `merchant_key` text DEFAULT NULL,
  `sandbox` tinyint(1) DEFAULT 1,
  `created_at` timestamp NULL DEFAULT NULL,
  `updated_at` timestamp NULL DEFAULT NULL
) ENGINE=InnoDB DEFAULT CHARSET=utf8 COLLATE=utf8_unicode_ci;

-- --------------------------------------------------------

--
-- Table structure for table `config_mpesa`
--

CREATE TABLE `config_mpesa` (
  `shop_id` int(10) UNSIGNED NOT NULL,
  `consumer_key` varchar(255) DEFAULT NULL,
  `consumer_secret` varchar(255) DEFAULT NULL,
  `short_code` varchar(255) DEFAULT NULL,
  `mpesa_passkey` varchar(255) DEFAULT NULL,
  `lipa_na_mpesa` varchar(255) DEFAULT NULL,
  `sandbox` tinyint(1) DEFAULT 1,
  `created_at` timestamp NULL DEFAULT NULL,
  `updated_at` timestamp NULL DEFAULT NULL
) ENGINE=InnoDB DEFAULT CHARSET=utf8 COLLATE=utf8_unicode_ci;

-- --------------------------------------------------------

--
-- Table structure for table `config_payfasts`
--

CREATE TABLE `config_payfasts` (
  `id` bigint(20) UNSIGNED NOT NULL,
  `shop_id` int(10) UNSIGNED NOT NULL,
  `merchant_id` text DEFAULT NULL,
  `merchant_key` text DEFAULT NULL,
  `salt_passphrase` text DEFAULT NULL,
  `sandbox` tinyint(1) NOT NULL DEFAULT 1,
  `created_at` timestamp NULL DEFAULT NULL,
  `updated_at` timestamp NULL DEFAULT NULL
) ENGINE=InnoDB DEFAULT CHARSET=utf8 COLLATE=utf8_unicode_ci;

-- --------------------------------------------------------

--
-- Table structure for table `config_paypals`
--

CREATE TABLE `config_paypals` (
  `id` bigint(20) UNSIGNED NOT NULL,
  `shop_id` int(10) UNSIGNED NOT NULL,
  `client_id` text DEFAULT NULL,
  `client_secret` text DEFAULT NULL,
  `sandbox` tinyint(1) DEFAULT 1,
  `created_at` timestamp NULL DEFAULT NULL,
  `updated_at` timestamp NULL DEFAULT NULL
) ENGINE=InnoDB DEFAULT CHARSET=utf8 COLLATE=utf8_unicode_ci;

-- --------------------------------------------------------

--
-- Table structure for table `config_paypal_express`
--

CREATE TABLE `config_paypal_express` (
  `shop_id` int(10) UNSIGNED NOT NULL,
  `account` text DEFAULT NULL,
  `client_id` text DEFAULT NULL,
  `secret` text DEFAULT NULL,
  `sandbox` tinyint(1) DEFAULT 1,
  `created_at` timestamp NULL DEFAULT NULL,
  `updated_at` timestamp NULL DEFAULT NULL
) ENGINE=InnoDB DEFAULT CHARSET=utf8 COLLATE=utf8_unicode_ci;

-- --------------------------------------------------------

--
-- Table structure for table `config_paypal_marketplace`
--

CREATE TABLE `config_paypal_marketplace` (
  `shop_id` int(10) UNSIGNED NOT NULL,
  `merchant_id` varchar(255) DEFAULT NULL,
  `account_email` varchar(255) DEFAULT NULL,
  `created_at` timestamp NULL DEFAULT NULL,
  `updated_at` timestamp NULL DEFAULT NULL
) ENGINE=InnoDB DEFAULT CHARSET=utf8 COLLATE=utf8_unicode_ci;

-- --------------------------------------------------------

--
-- Table structure for table `config_paystacks`
--

CREATE TABLE `config_paystacks` (
  `shop_id` int(10) UNSIGNED NOT NULL,
  `merchant_email` text DEFAULT NULL,
  `public_key` text DEFAULT NULL,
  `secret` text DEFAULT NULL,
  `sandbox` tinyint(1) DEFAULT 1,
  `created_at` timestamp NULL DEFAULT NULL,
  `updated_at` timestamp NULL DEFAULT NULL
) ENGINE=InnoDB DEFAULT CHARSET=utf8 COLLATE=utf8_unicode_ci;

-- --------------------------------------------------------

--
-- Table structure for table `config_razorpay`
--

CREATE TABLE `config_razorpay` (
  `shop_id` int(10) UNSIGNED NOT NULL,
  `api_key` text DEFAULT NULL,
  `secret` text DEFAULT NULL,
  `sandbox` tinyint(1) DEFAULT 1,
  `created_at` timestamp NULL DEFAULT NULL,
  `updated_at` timestamp NULL DEFAULT NULL
) ENGINE=InnoDB DEFAULT CHARSET=utf8 COLLATE=utf8_unicode_ci;

-- --------------------------------------------------------

--
-- Table structure for table `config_sslcommerz`
--

CREATE TABLE `config_sslcommerz` (
  `shop_id` int(10) UNSIGNED NOT NULL,
  `store_id` text DEFAULT NULL,
  `store_password` text DEFAULT NULL,
  `sandbox` tinyint(1) DEFAULT 1,
  `created_at` timestamp NULL DEFAULT NULL,
  `updated_at` timestamp NULL DEFAULT NULL
) ENGINE=InnoDB DEFAULT CHARSET=utf8 COLLATE=utf8_unicode_ci;

-- --------------------------------------------------------

--
-- Table structure for table `config_stripes`
--

CREATE TABLE `config_stripes` (
  `shop_id` int(10) UNSIGNED NOT NULL,
  `stripe_user_id` varchar(255) DEFAULT NULL,
  `publishable_key` varchar(255) DEFAULT NULL,
  `refresh_token` varchar(255) DEFAULT NULL,
  `created_at` timestamp NULL DEFAULT NULL,
  `updated_at` timestamp NULL DEFAULT NULL
) ENGINE=InnoDB DEFAULT CHARSET=utf8 COLLATE=utf8_unicode_ci;

-- --------------------------------------------------------

--
-- Table structure for table `contact_us`
--

CREATE TABLE `contact_us` (
  `id` bigint(20) UNSIGNED NOT NULL,
  `name` varchar(255) DEFAULT NULL,
  `phone` varchar(255) DEFAULT NULL,
  `email` varchar(255) NOT NULL,
  `subject` varchar(255) NOT NULL,
  `message` longtext NOT NULL,
  `read` tinyint(1) DEFAULT NULL,
  `created_at` timestamp NULL DEFAULT NULL,
  `updated_at` timestamp NULL DEFAULT NULL
) ENGINE=InnoDB DEFAULT CHARSET=utf8 COLLATE=utf8_unicode_ci;

-- --------------------------------------------------------

--
-- Table structure for table `countries`
--

CREATE TABLE `countries` (
  `id` int(10) UNSIGNED NOT NULL,
  `name` varchar(255) NOT NULL,
  `full_name` varchar(255) DEFAULT NULL,
  `capital` varchar(255) DEFAULT NULL,
  `currency_id` int(10) UNSIGNED DEFAULT NULL,
  `timezone_id` int(10) UNSIGNED DEFAULT NULL,
  `citizenship` varchar(255) DEFAULT NULL,
  `iso_code` varchar(2) NOT NULL,
  `iso_numeric` varchar(3) DEFAULT NULL,
  `calling_code` varchar(3) DEFAULT NULL,
  `flag` varchar(6) DEFAULT NULL,
  `eea` tinyint(1) DEFAULT 0,
  `active` tinyint(1) DEFAULT 0,
  `created_at` timestamp NULL DEFAULT NULL,
  `updated_at` timestamp NULL DEFAULT NULL
) ENGINE=InnoDB DEFAULT CHARSET=utf8 COLLATE=utf8_unicode_ci;

--
-- Dumping data for table `countries`
--

INSERT INTO `countries` (`id`, `name`, `full_name`, `capital`, `currency_id`, `timezone_id`, `citizenship`, `iso_code`, `iso_numeric`, `calling_code`, `flag`, `eea`, `active`, `created_at`, `updated_at`) VALUES
(4, 'Afghanistan', 'Islamic Republic of Afghanistan', 'Kabul', NULL, NULL, 'Afghan', 'AF', '4', '93', 'AF.png', 0, 1, '2022-08-02 15:57:41', '2022-08-02 15:57:41'),
(8, 'Albania', 'Republic of Albania', 'Tirana', NULL, NULL, 'Albanian', 'AL', '8', '355', 'AL.png', 0, 1, '2022-08-02 15:57:41', '2022-08-02 15:57:41'),
(10, 'Antarctica', 'Antarctica', 'Antartica', NULL, NULL, 'of Antartica', 'AQ', '010', '672', 'AQ.png', 0, 1, '2022-08-02 15:57:41', '2022-08-02 15:57:41'),
(12, 'Algeria', 'People\'s Democratic Republic of Algeria', 'Algiers', NULL, NULL, 'Algerian', 'DZ', '12', '213', 'DZ.png', 0, 1, '2022-08-02 15:57:41', '2022-08-02 15:57:41'),
(16, 'American Samoa', 'Territory of American', 'Pago Pago', NULL, NULL, 'American Samoan', 'AS', '016', '1', 'AS.png', 0, 1, '2022-08-02 15:57:41', '2022-08-02 15:57:41'),
(20, 'Andorra', 'Principality of Andorra', 'Andorra la Vella', NULL, NULL, 'Andorran', 'AD', '20', '376', 'AD.png', 0, 1, '2022-08-02 15:57:41', '2022-08-02 15:57:41'),
(24, 'Angola', 'Republic of Angola', 'Luanda', NULL, NULL, 'Angolan', 'AO', '24', '244', 'AO.png', 0, 1, '2022-08-02 15:57:41', '2022-08-02 15:57:41'),
(28, 'Antigua and Barbuda', 'Antigua and Barbuda', 'St. John\'s', NULL, NULL, 'Antiguan or Barbudan', 'AG', '28', '1-2', 'AG.png', 0, 1, '2022-08-02 15:57:41', '2022-08-02 15:57:41'),
(31, 'Azerbaijan', 'Republic of Azerbaijan', 'Baku', NULL, NULL, 'Azerbaijani', 'AZ', '31', '994', 'AZ.png', 0, 1, '2022-08-02 15:57:41', '2022-08-02 15:57:41'),
(32, 'Argentina', 'Argentine Republic', 'Buenos Aires', NULL, NULL, 'Argentine', 'AR', '32', '54', 'AR.png', 0, 1, '2022-08-02 15:57:41', '2022-08-02 15:57:41'),
(36, 'Australia', 'Commonwealth of Australia', 'Canberra', NULL, NULL, 'Australian', 'AU', '36', '61', 'AU.png', 0, 1, '2022-08-02 15:57:41', '2022-08-02 15:57:41'),
(40, 'Austria', 'Republic of Austria', 'Vienna', NULL, NULL, 'Austrian', 'AT', '40', '43', 'AT.png', 1, 1, '2022-08-02 15:57:41', '2022-08-02 15:57:41'),
(44, 'Bahamas', 'Commonwealth of the Bahamas', 'Nassau', NULL, NULL, 'Bahamian', 'BS', '44', '1-2', 'BS.png', 0, 1, '2022-08-02 15:57:41', '2022-08-02 15:57:41'),
(48, 'Bahrain', 'Kingdom of Bahrain', 'Manama', NULL, NULL, 'Bahraini', 'BH', '48', '973', 'BH.png', 0, 1, '2022-08-02 15:57:41', '2022-08-02 15:57:41'),
(50, 'Bangladesh', 'People\'s Republic of Bangladesh', 'Dhaka', NULL, NULL, 'Bangladeshi', 'BD', '50', '880', 'BD.png', 0, 1, '2022-08-02 15:57:41', '2022-08-02 15:57:41'),
(51, 'Armenia', 'Republic of Armenia', 'Yerevan', NULL, NULL, 'Armenian', 'AM', '51', '374', 'AM.png', 0, 1, '2022-08-02 15:57:41', '2022-08-02 15:57:41'),
(52, 'Barbados', 'Barbados', 'Bridgetown', NULL, NULL, 'Barbadian', 'BB', '52', '1-2', 'BB.png', 0, 1, '2022-08-02 15:57:41', '2022-08-02 15:57:41'),
(56, 'Belgium', 'Kingdom of Belgium', 'Brussels', NULL, NULL, 'Belgian', 'BE', '56', '32', 'BE.png', 1, 1, '2022-08-02 15:57:41', '2022-08-02 15:57:41'),
(60, 'Bermuda', 'Bermuda', 'Hamilton', NULL, NULL, 'Bermudian', 'BM', '060', '1', 'BM.png', 0, 1, '2022-08-02 15:57:41', '2022-08-02 15:57:41'),
(64, 'Bhutan', 'Kingdom of Bhutan', 'Thimphu', NULL, NULL, 'Bhutanese', 'BT', '64', '975', 'BT.png', 0, 1, '2022-08-02 15:57:41', '2022-08-02 15:57:41'),
(68, 'Bolivia', 'Plurinational State of Bolivia', 'Sucre', NULL, NULL, 'Bolivian', 'BO', '68', '591', 'BO.png', 0, 1, '2022-08-02 15:57:41', '2022-08-02 15:57:41'),
(70, 'Bosnia and Herzegovina', 'Bosnia and Herzegovina', 'Sarajevo', NULL, NULL, 'Bosnian or Herzegovinian', 'BA', '70', '387', 'BA.png', 0, 1, '2022-08-02 15:57:41', '2022-08-02 15:57:41'),
(72, 'Botswana', 'Republic of Botswana', 'Gaborone', NULL, NULL, 'Motswana', 'BW', '72', '267', 'BW.png', 0, 1, '2022-08-02 15:57:41', '2022-08-02 15:57:41'),
(74, 'Bouvet Island', 'Bouvet Island', 'Bouvet island', NULL, NULL, 'of Bouvet island', 'BV', '074', '47', 'BV.png', 0, 1, '2022-08-02 15:57:41', '2022-08-02 15:57:41'),
(76, 'Brazil', 'Federative Republic of Brazil', 'Brasilia', NULL, NULL, 'Brazilian', 'BR', '76', '55', 'BR.png', 0, 1, '2022-08-02 15:57:41', '2022-08-02 15:57:41'),
(84, 'Belize', 'Belize', 'Belmopan', NULL, NULL, 'Belizean', 'BZ', '84', '501', 'BZ.png', 0, 1, '2022-08-02 15:57:41', '2022-08-02 15:57:41'),
(86, 'British Indian Ocean Territory', 'British Indian Ocean Territory', 'Diego Garcia', NULL, NULL, 'Changosian', 'IO', '086', '246', 'IO.png', 0, 1, '2022-08-02 15:57:41', '2022-08-02 15:57:41'),
(90, 'Solomon Islands', 'Solomon Islands', 'Honiara', NULL, NULL, 'Solomon Islander', 'SB', '90', '677', 'SB.png', 0, 1, '2022-08-02 15:57:41', '2022-08-02 15:57:41'),
(92, 'Virgin Islands, British', 'British Virgin Islands', 'Road Town', NULL, NULL, 'British Virgin Islander;', 'VG', '092', '1', 'VG.png', 0, 1, '2022-08-02 15:57:41', '2022-08-02 15:57:41'),
(96, 'Brunei', 'Nation of Brunei, Abode of Peace', 'Bandar Seri Begawan', NULL, NULL, 'Bruneian', 'BN', '96', '673', 'BN.png', 0, 1, '2022-08-02 15:57:41', '2022-08-02 15:57:41'),
(100, 'Bulgaria', 'Republic of Bulgaria', 'Sofia', NULL, NULL, 'Bulgarian', 'BG', '100', '359', 'BG.png', 1, 1, '2022-08-02 15:57:41', '2022-08-02 15:57:41'),
(104, 'Myanmar', 'Republic of the Union of Myanmar', 'Nay Pyi Taw', NULL, NULL, 'Myanmar', 'MM', '104', '95', 'MM.png', 0, 1, '2022-08-02 15:57:41', '2022-08-02 15:57:41'),
(108, 'Burundi', 'Republic of Burundi', 'Gitega', NULL, NULL, 'Burundian', 'BI', '108', '257', 'BI.png', 0, 1, '2022-08-02 15:57:41', '2022-08-02 15:57:41'),
(112, 'Belarus', 'Republic of Belarus', 'Minsk', NULL, NULL, 'Belarusian', 'BY', '112', '375', 'BY.png', 0, 1, '2022-08-02 15:57:41', '2022-08-02 15:57:41'),
(116, 'Cambodia', 'Kingdom of Cambodia', 'Phnom Penh', NULL, NULL, 'Cambodian', 'KH', '116', '855', 'KH.png', 0, 1, '2022-08-02 15:57:41', '2022-08-02 15:57:41'),
(120, 'Cameroon', 'Republic of Cameroon', 'Yaounde', NULL, NULL, 'Cameroonian', 'CM', '120', '237', 'CM.png', 0, 1, '2022-08-02 15:57:41', '2022-08-02 15:57:41'),
(124, 'Canada', 'Canada', 'Ottawa', NULL, NULL, 'Canadian', 'CA', '124', '1', 'CA.png', 0, 1, '2022-08-02 15:57:41', '2022-08-02 15:57:41'),
(132, 'Cabo Verde', 'Republic of Cabo Verde', 'Praia', NULL, NULL, 'Cabo Verdean', 'CV', '132', '238', 'CV.png', 0, 1, '2022-08-02 15:57:41', '2022-08-02 15:57:41'),
(136, 'Cayman Islands', 'Cayman Islands', 'George Town', NULL, NULL, 'Caymanian', 'KY', '136', '1', 'KY.png', 0, 1, '2022-08-02 15:57:41', '2022-08-02 15:57:41'),
(140, 'Central African Republic', 'Central African Republic', 'Bangui', NULL, NULL, 'Central African', 'CF', '140', '236', 'CF.png', 0, 1, '2022-08-02 15:57:41', '2022-08-02 15:57:41'),
(144, 'Sri Lanka', 'Democratic Socialist Republic of Sri Lanka', 'Sri Jayawardenepura Kotte', NULL, NULL, 'Sri Lankan', 'LK', '144', '94', 'LK.png', 0, 1, '2022-08-02 15:57:41', '2022-08-02 15:57:41'),
(148, 'Chad', 'Republic of Chad', 'N\'Djamena', NULL, NULL, 'Chadian', 'TD', '148', '235', 'TD.png', 0, 1, '2022-08-02 15:57:41', '2022-08-02 15:57:41'),
(152, 'Chile', 'Republic of Chile', 'Santiago', NULL, NULL, 'Chilean', 'CL', '152', '56', 'CL.png', 0, 1, '2022-08-02 15:57:41', '2022-08-02 15:57:41'),
(156, 'China', 'People\'s Republic of China', 'Beijing', NULL, NULL, 'Chinese', 'CN', '156', '86', 'CN.png', 0, 1, '2022-08-02 15:57:41', '2022-08-02 15:57:41'),
(158, 'Taiwan', 'Republic of China (Taiwan)', 'Taipei', NULL, NULL, 'Taiwanese', 'TW', '158', '886', 'TW.png', 0, 1, '2022-08-02 15:57:41', '2022-08-02 15:57:41'),
(162, 'Christmas Island', 'Christmas Island Territory', 'Flying Fish Cove', NULL, NULL, 'Christmas Islander', 'CX', '162', '61', 'CX.png', 0, 1, '2022-08-02 15:57:41', '2022-08-02 15:57:41'),
(166, 'Cocos (Keeling) Islands', 'Territory of Cocos (Keeling) Islands', 'Bantam', NULL, NULL, 'Cocos Islander', 'CC', '166', '61', 'CC.png', 0, 1, '2022-08-02 15:57:41', '2022-08-02 15:57:41'),
(170, 'Colombia', 'Republic of Colombia', 'Bogota', NULL, NULL, 'Colombian', 'CO', '170', '57', 'CO.png', 0, 1, '2022-08-02 15:57:41', '2022-08-02 15:57:41'),
(174, 'Comoros', 'Union of the Comoros', 'Moroni', NULL, NULL, 'Comoran', 'KM', '174', '269', 'KM.png', 0, 1, '2022-08-02 15:57:41', '2022-08-02 15:57:41'),
(175, 'Mayotte', 'Departmental Collectivity of Mayotte', 'Mamoudzou', NULL, NULL, 'Mahorais', 'YT', '175', '262', 'YT.png', 0, 1, '2022-08-02 15:57:41', '2022-08-02 15:57:41'),
(178, 'Congo, Republic of the', 'Republic of the Congo', 'Brazzaville', NULL, NULL, 'Congolese', 'CG', '178', '242', 'CG.png', 0, 1, '2022-08-02 15:57:41', '2022-08-02 15:57:41'),
(180, 'Congo, Democratic Republic of the', 'Democratic Republic of the Congo', 'Kinshasa', NULL, NULL, 'Congolese', 'CD', '180', '243', 'CD.png', 0, 1, '2022-08-02 15:57:41', '2022-08-02 15:57:41'),
(184, 'Cook Islands', 'Cook Islands', 'Avarua', NULL, NULL, 'Cook Islander', 'CK', '184', '682', 'CK.png', 0, 1, '2022-08-02 15:57:41', '2022-08-02 15:57:41'),
(188, 'Costa Rica', 'Republic of Costa Rica', 'San Jose', NULL, NULL, 'Costa Rican', 'CR', '188', '506', 'CR.png', 0, 1, '2022-08-02 15:57:41', '2022-08-02 15:57:41'),
(191, 'Croatia', 'Republic of Croatia', 'Zagreb', NULL, NULL, 'Croatian', 'HR', '191', '385', 'HR.png', 1, 1, '2022-08-02 15:57:41', '2022-08-02 15:57:41'),
(192, 'Cuba', 'Republic of Cuba', 'Havana', NULL, NULL, 'Cuban', 'CU', '192', '53', 'CU.png', 0, 1, '2022-08-02 15:57:41', '2022-08-02 15:57:41'),
(196, 'Cyprus', 'Republic of Cyprus', 'Nicosia', NULL, NULL, 'Cypriot', 'CY', '196', '357', 'CY.png', 1, 1, '2022-08-02 15:57:41', '2022-08-02 15:57:41'),
(203, 'Czech Republic', 'Czech Republic', 'Prague', NULL, NULL, 'Czech', 'CZ', '203', '420', 'CZ.png', 1, 1, '2022-08-02 15:57:41', '2022-08-02 15:57:41'),
(204, 'Benin', 'Republic of Benin', 'Porto-Novo', NULL, NULL, 'Beninese', 'BJ', '204', '229', 'BJ.png', 0, 1, '2022-08-02 15:57:41', '2022-08-02 15:57:41'),
(208, 'Denmark', 'Kingdom of Denmark', 'Copenhagen', NULL, NULL, 'Danish', 'DK', '208', '45', 'DK.png', 1, 1, '2022-08-02 15:57:41', '2022-08-02 15:57:41'),
(212, 'Dominica', 'Commonwealth of Dominica', 'Roseau', NULL, NULL, 'Dominican', 'DM', '212', '1-7', 'DM.png', 0, 1, '2022-08-02 15:57:41', '2022-08-02 15:57:41'),
(214, 'Dominican Republic', 'Dominican Republic', 'Santo Domingo', NULL, NULL, 'Dominican', 'DO', '214', '1-8', 'DO.png', 0, 1, '2022-08-02 15:57:41', '2022-08-02 15:57:41'),
(218, 'Ecuador', 'Republic of Ecuador', 'Quito', NULL, NULL, 'Ecuadorian', 'EC', '218', '593', 'EC.png', 0, 1, '2022-08-02 15:57:41', '2022-08-02 15:57:41'),
(222, 'El Salvador', 'Republic of El Salvador', 'San Salvador', NULL, NULL, 'Salvadoran', 'SV', '222', '503', 'SV.png', 0, 1, '2022-08-02 15:57:41', '2022-08-02 15:57:41'),
(226, 'Equatorial Guinea', 'Republic of Equatorial Guinea', 'Malabo', NULL, NULL, 'Equatorial Guinean', 'GQ', '226', '240', 'GQ.png', 0, 1, '2022-08-02 15:57:41', '2022-08-02 15:57:41'),
(231, 'Ethiopia', 'Federal Democratic Republic of Ethiopia', 'Addis Ababa', NULL, NULL, 'Ethiopian', 'ET', '231', '251', 'ET.png', 0, 1, '2022-08-02 15:57:41', '2022-08-02 15:57:41'),
(232, 'Eritrea', 'State of Eritrea', 'Asmara', NULL, NULL, 'Eritrean', 'ER', '232', '291', 'ER.png', 0, 1, '2022-08-02 15:57:41', '2022-08-02 15:57:41'),
(233, 'Estonia', 'Republic of Estonia', 'Tallinn', NULL, NULL, 'Estonian', 'EE', '233', '372', 'EE.png', 1, 1, '2022-08-02 15:57:41', '2022-08-02 15:57:41'),
(234, 'Faroe Islands', 'Faeroe Islands', 'TÃ³rshavn', NULL, NULL, 'Faeroese', 'FO', '234', '298', 'FO.png', 0, 1, '2022-08-02 15:57:41', '2022-08-02 15:57:41'),
(238, 'Falkland Islands (Malvinas)', 'Falkland Islands', 'Stanley', NULL, NULL, 'Falkland Islander', 'FK', '238', '500', 'FK.png', 0, 1, '2022-08-02 15:57:41', '2022-08-02 15:57:41'),
(239, 'South Georgia and the South Sandwich Islands', 'South Georgia and the South Sandwich Islands', 'King Edward Point (Grytviken)', NULL, NULL, 'of South Georgia and the South Sandwich Islands', 'GS', '239', '44', 'GS.png', 0, 1, '2022-08-02 15:57:41', '2022-08-02 15:57:41'),
(242, 'Fiji', 'Republic of Fiji', 'Suva', NULL, NULL, 'Fijian', 'FJ', '242', '679', 'FJ.png', 0, 1, '2022-08-02 15:57:41', '2022-08-02 15:57:41'),
(246, 'Finland', 'Republic of Finland', 'Helsinki', NULL, NULL, 'Finnish', 'FI', '246', '358', 'FI.png', 1, 1, '2022-08-02 15:57:41', '2022-08-02 15:57:41'),
(248, 'Aland Islands', 'Aland Islands', 'Mariehamn', NULL, NULL, 'Aland Islander', 'AX', '248', '358', NULL, 0, 1, '2022-08-02 15:57:41', '2022-08-02 15:57:41'),
(250, 'France', 'French Republic', 'Paris', NULL, NULL, 'French', 'FR', '250', '33', 'FR.png', 1, 1, '2022-08-02 15:57:41', '2022-08-02 15:57:41'),
(254, 'French Guiana', 'French Guiana', 'Cayenne', NULL, NULL, 'Guianese', 'GF', '254', '594', 'GF.png', 0, 1, '2022-08-02 15:57:41', '2022-08-02 15:57:41'),
(258, 'French Polynesia', 'French Polynesia', 'Papeete', NULL, NULL, 'Polynesian', 'PF', '258', '689', 'PF.png', 0, 1, '2022-08-02 15:57:41', '2022-08-02 15:57:41'),
(260, 'French Southern Territories', 'French Southern and Antarctic Lands', 'Port-aux-Francais', NULL, NULL, 'of French Southern and Antarctic Lands', 'TF', '260', '33', 'TF.png', 0, 1, '2022-08-02 15:57:41', '2022-08-02 15:57:41'),
(262, 'Djibouti', 'Republic of Djibouti', 'Djibouti', NULL, NULL, 'Djiboutian', 'DJ', '262', '253', 'DJ.png', 0, 1, '2022-08-02 15:57:41', '2022-08-02 15:57:41'),
(266, 'Gabon', 'Gabonese Republic', 'Libreville', NULL, NULL, 'Gabonese', 'GA', '266', '241', 'GA.png', 0, 1, '2022-08-02 15:57:41', '2022-08-02 15:57:41'),
(268, 'Georgia', 'Georgia', 'Tbilisi', NULL, NULL, 'Georgian', 'GE', '268', '995', 'GE.png', 0, 1, '2022-08-02 15:57:41', '2022-08-02 15:57:41'),
(270, 'Gambia', 'Republic of the Gambia', 'Banjul', NULL, NULL, 'Gambian', 'GM', '270', '220', 'GM.png', 0, 1, '2022-08-02 15:57:41', '2022-08-02 15:57:41'),
(275, 'Palestine', 'State of Palestine', 'Jerusalem', NULL, NULL, 'Palestinian', 'PS', '275', '970', 'PS.png', 0, 1, '2022-08-02 15:57:41', '2022-08-02 15:57:41'),
(276, 'Germany', 'Federal Republic of Germany', 'Berlin', NULL, NULL, 'German', 'DE', '276', '49', 'DE.png', 1, 1, '2022-08-02 15:57:41', '2022-08-02 15:57:41'),
(288, 'Ghana', 'Republic of Ghana', 'Accra', NULL, NULL, 'Ghanaian', 'GH', '288', '233', 'GH.png', 0, 1, '2022-08-02 15:57:41', '2022-08-02 15:57:41'),
(292, 'Gibraltar', 'Gibraltar', 'Gibraltar', NULL, NULL, 'Gibraltarian', 'GI', '292', '350', 'GI.png', 0, 1, '2022-08-02 15:57:41', '2022-08-02 15:57:41'),
(296, 'Kiribati', 'Independent and Sovereign Republic of Kiribati', 'South Tarawa', NULL, NULL, 'I-Kiribati', 'KI', '296', '686', 'KI.png', 0, 1, '2022-08-02 15:57:41', '2022-08-02 15:57:41'),
(300, 'Greece', 'Hellenic Republic', 'Athens', NULL, NULL, 'Greek', 'GR', '300', '30', 'GR.png', 1, 1, '2022-08-02 15:57:41', '2022-08-02 15:57:41'),
(304, 'Greenland', 'Greenland', 'Nuuk', NULL, NULL, 'Greenlander', 'GL', '304', '299', 'GL.png', 0, 1, '2022-08-02 15:57:41', '2022-08-02 15:57:41'),
(308, 'Grenada', 'Grenada', 'St. George\'s', NULL, NULL, 'Grenadian', 'GD', '308', '1-4', 'GD.png', 0, 1, '2022-08-02 15:57:41', '2022-08-02 15:57:41'),
(312, 'Guadeloupe', 'Guadeloupe', 'Basse Terre', NULL, NULL, 'Guadeloupean', 'GP', '312', '590', 'GP.png', 0, 1, '2022-08-02 15:57:41', '2022-08-02 15:57:41'),
(316, 'Guam', 'Territory of Guam', 'AgaÃ±a (HagÃ¥tÃ±a)', NULL, NULL, 'Guamanian', 'GU', '316', '1', 'GU.png', 0, 1, '2022-08-02 15:57:41', '2022-08-02 15:57:41'),
(320, 'Guatemala', 'Republic of Guatemala', 'Guatemala City', NULL, NULL, 'Guatemalan', 'GT', '320', '502', 'GT.png', 0, 1, '2022-08-02 15:57:41', '2022-08-02 15:57:41'),
(324, 'Guinea', 'Republic of Guinea', 'Conakry', NULL, NULL, 'Guinean', 'GN', '324', '224', 'GN.png', 0, 1, '2022-08-02 15:57:41', '2022-08-02 15:57:41'),
(328, 'Guyana', 'Co-operative Republic of Guyana', 'Georgetown', NULL, NULL, 'Guyanese', 'GY', '328', '592', 'GY.png', 0, 1, '2022-08-02 15:57:41', '2022-08-02 15:57:41'),
(332, 'Haiti', 'Republic of Haiti', 'Port-au-Prince', NULL, NULL, 'Haitian', 'HT', '332', '509', 'HT.png', 0, 1, '2022-08-02 15:57:41', '2022-08-02 15:57:41'),
(334, 'Heard Island and McDonald Islands', 'Territory of Heard Island and McDonald Islands', 'Territory of Heard Island and McDonald Islands', NULL, NULL, 'of Territory of Heard Island and McDonald Islands', 'HM', '334', '61', 'HM.png', 0, 1, '2022-08-02 15:57:41', '2022-08-02 15:57:41'),
(336, 'Holy See (Vatican City State)', 'the Holy See/ Vatican City State', 'Vatican City', NULL, NULL, 'of the Holy See/of the Vatican', 'VA', '336', '39', 'VA.png', 0, 1, '2022-08-02 15:57:41', '2022-08-02 15:57:41'),
(340, 'Honduras', 'Republic of Honduras', 'Tegucigalpa', NULL, NULL, 'Honduran', 'HN', '340', '504', 'HN.png', 0, 1, '2022-08-02 15:57:41', '2022-08-02 15:57:41'),
(344, 'Hong Kong', 'Hong Kong Special Administrative Region of the Peopleâ€™s Republic of China (HK2)', '(HK3)', NULL, NULL, 'Hong Kong Chinese', 'HK', '344', '852', 'HK.png', 0, 1, '2022-08-02 15:57:41', '2022-08-02 15:57:41'),
(348, 'Hungary', 'Hungary', 'Budapest', NULL, NULL, 'Hungarian', 'HU', '348', '36', 'HU.png', 1, 1, '2022-08-02 15:57:41', '2022-08-02 15:57:41'),
(352, 'Iceland', 'Republic of Iceland', 'Reykjavik', NULL, NULL, 'Icelandic', 'IS', '352', '354', 'IS.png', 1, 1, '2022-08-02 15:57:41', '2022-08-02 15:57:41'),
(356, 'India', 'Republic of India', 'New Delhi', NULL, NULL, 'Indian', 'IN', '356', '91', 'IN.png', 0, 1, '2022-08-02 15:57:41', '2022-08-02 15:57:41'),
(360, 'Indonesia', 'Republic of Indonesia', 'Jakarta', NULL, NULL, 'Indonesian', 'ID', '360', '62', 'ID.png', 0, 1, '2022-08-02 15:57:41', '2022-08-02 15:57:41'),
(364, 'Iran', 'Islamic Republic of Iran', 'Tehran', NULL, NULL, 'Iranian', 'IR', '364', '98', 'IR.png', 0, 1, '2022-08-02 15:57:41', '2022-08-02 15:57:41'),
(368, 'Iraq', 'Republic of Iraq', 'Baghdad', NULL, NULL, 'Iraqi', 'IQ', '368', '964', 'IQ.png', 0, 1, '2022-08-02 15:57:41', '2022-08-02 15:57:41'),
(372, 'Ireland', 'Ireland', 'Dublin', NULL, NULL, 'Irish', 'IE', '372', '353', 'IE.png', 1, 1, '2022-08-02 15:57:41', '2022-08-02 15:57:41'),
(376, 'Israel', 'State of Israel', 'Jerusalem', NULL, NULL, 'Israeli', 'IL', '376', '972', 'IL.png', 0, 1, '2022-08-02 15:57:41', '2022-08-02 15:57:41'),
(380, 'Italy', 'Italian Republic', 'Rome', NULL, NULL, 'Italian', 'IT', '380', '39', 'IT.png', 1, 1, '2022-08-02 15:57:41', '2022-08-02 15:57:41'),
(384, 'Cote d\'Ivoire', 'Republic of Cote d\'Ivoire', 'Yamoussoukro', NULL, NULL, 'Ivorian', 'CI', '384', '225', 'CI.png', 0, 1, '2022-08-02 15:57:41', '2022-08-02 15:57:41'),
(388, 'Jamaica', 'Jamaica', 'Kingston', NULL, NULL, 'Jamaican', 'JM', '388', '1-8', 'JM.png', 0, 1, '2022-08-02 15:57:41', '2022-08-02 15:57:41'),
(392, 'Japan', 'Japan', 'Tokyo', NULL, NULL, 'Japanese', 'JP', '392', '81', 'JP.png', 0, 1, '2022-08-02 15:57:41', '2022-08-02 15:57:41'),
(398, 'Kazakhstan', 'Republic of Kazakhstan', 'Nur-Sultan', NULL, NULL, 'Kazakh', 'KZ', '398', '7', 'KZ.png', 0, 1, '2022-08-02 15:57:41', '2022-08-02 15:57:41'),
(400, 'Jordan', 'Hashemite Kingdom of Jordan', 'Amman', NULL, NULL, 'Jordanian', 'JO', '400', '962', 'JO.png', 0, 1, '2022-08-02 15:57:41', '2022-08-02 15:57:41'),
(404, 'Kenya', 'Republic of Kenya', 'Nairobi', NULL, NULL, 'Kenyan', 'KE', '404', '254', 'KE.png', 0, 1, '2022-08-02 15:57:41', '2022-08-02 15:57:41'),
(408, 'Korea, Democratic People\'s Republic of', 'Democratic People\'s Republic of Korea', 'Pyongyang', NULL, NULL, 'North Korean', 'KP', '408', '850', 'KP.png', 0, 1, '2022-08-02 15:57:41', '2022-08-02 15:57:41'),
(410, 'Korea, Republic of', 'Republic of Korea', 'Seoul', NULL, NULL, 'South Korean', 'KR', '410', '82', 'KR.png', 0, 1, '2022-08-02 15:57:41', '2022-08-02 15:57:41'),
(414, 'Kuwait', 'State of Kuwait', 'Kuwait City', NULL, NULL, 'Kuwaiti', 'KW', '414', '965', 'KW.png', 0, 1, '2022-08-02 15:57:41', '2022-08-02 15:57:41'),
(417, 'Kyrgyzstan', 'Kyrgyz Republic', 'Bishkek', NULL, NULL, 'Kyrgyz', 'KG', '417', '996', 'KG.png', 0, 1, '2022-08-02 15:57:41', '2022-08-02 15:57:41'),
(418, 'Laos', 'Lao People\'s Democratic Republic', 'Vientiane', NULL, NULL, 'Laotian', 'LA', '418', '856', 'LA.png', 0, 1, '2022-08-02 15:57:41', '2022-08-02 15:57:41'),
(422, 'Lebanon', 'Lebanese Republic', 'Beirut', NULL, NULL, 'Lebanese', 'LB', '422', '961', 'LB.png', 0, 1, '2022-08-02 15:57:41', '2022-08-02 15:57:41'),
(426, 'Lesotho', 'Kingdom of Lesotho', 'Maseru', NULL, NULL, 'Mosotho', 'LS', '426', '266', 'LS.png', 0, 1, '2022-08-02 15:57:41', '2022-08-02 15:57:41'),
(428, 'Latvia', 'Republic of Latvia', 'Riga', NULL, NULL, 'Latvian', 'LV', '428', '371', 'LV.png', 1, 1, '2022-08-02 15:57:41', '2022-08-02 15:57:41'),
(430, 'Liberia', 'Republic of Liberia', 'Monrovia', NULL, NULL, 'Liberian', 'LR', '430', '231', 'LR.png', 0, 1, '2022-08-02 15:57:41', '2022-08-02 15:57:41'),
(434, 'Libya', 'State of Libya', 'Tripoli', NULL, NULL, 'Libyan', 'LY', '434', '218', 'LY.png', 0, 1, '2022-08-02 15:57:41', '2022-08-02 15:57:41'),
(438, 'Liechtenstein', 'Principality of Liechtenstein', 'Vaduz', NULL, NULL, 'Liechtenstein citizen', 'LI', '438', '423', 'LI.png', 1, 1, '2022-08-02 15:57:41', '2022-08-02 15:57:41'),
(440, 'Lithuania', 'Republic of Lithuania', 'Vilnius', NULL, NULL, 'Lithuanian', 'LT', '440', '370', 'LT.png', 1, 1, '2022-08-02 15:57:41', '2022-08-02 15:57:41'),
(442, 'Luxembourg', 'Grand Duchy of Luxembourg', 'Luxembourg', NULL, NULL, 'Luxembourger', 'LU', '442', '352', 'LU.png', 1, 1, '2022-08-02 15:57:41', '2022-08-02 15:57:41'),
(446, 'Macao', 'Macao Special Administrative Region of the Peopleâ€™s Republic of China (MO2)', 'Macao (MO3)', NULL, NULL, 'Macanese', 'MO', '446', '853', 'MO.png', 0, 1, '2022-08-02 15:57:41', '2022-08-02 15:57:41'),
(450, 'Madagascar', 'Republic of Madagascar', 'Antananarivo', NULL, NULL, 'Malagasy', 'MG', '450', '261', 'MG.png', 0, 1, '2022-08-02 15:57:41', '2022-08-02 15:57:41'),
(454, 'Malawi', 'Republic of Malawi', 'Lilongwe', NULL, NULL, 'Malawian', 'MW', '454', '265', 'MW.png', 0, 1, '2022-08-02 15:57:41', '2022-08-02 15:57:41'),
(458, 'Malaysia', 'Malaysia', 'Kuala Lumpur', NULL, NULL, 'Malaysian', 'MY', '458', '60', 'MY.png', 0, 1, '2022-08-02 15:57:41', '2022-08-02 15:57:41'),
(462, 'Maldives', 'Republic of Maldives', 'Male', NULL, NULL, 'Maldivian', 'MV', '462', '960', 'MV.png', 0, 1, '2022-08-02 15:57:41', '2022-08-02 15:57:41'),
(466, 'Mali', 'Republic of Mali', 'Bamako', NULL, NULL, 'Malian', 'ML', '466', '223', 'ML.png', 0, 1, '2022-08-02 15:57:41', '2022-08-02 15:57:41'),
(470, 'Malta', 'Republic of Malta', 'Valletta', NULL, NULL, 'Maltese', 'MT', '470', '356', 'MT.png', 1, 1, '2022-08-02 15:57:41', '2022-08-02 15:57:41'),
(474, 'Martinique', 'Martinique', 'Fort-de-France', NULL, NULL, 'Martinican', 'MQ', '474', '596', 'MQ.png', 0, 1, '2022-08-02 15:57:41', '2022-08-02 15:57:41'),
(478, 'Mauritania', 'Islamic Republic of Mauritania', 'Nouakchott', NULL, NULL, 'Mauritanian', 'MR', '478', '222', 'MR.png', 0, 1, '2022-08-02 15:57:41', '2022-08-02 15:57:41'),
(480, 'Mauritius', 'Republic of Mauritius', 'Port Louis', NULL, NULL, 'Mauritian', 'MU', '480', '230', 'MU.png', 0, 1, '2022-08-02 15:57:41', '2022-08-02 15:57:41'),
(484, 'Mexico', 'United Mexican States', 'Mexico City', NULL, NULL, 'Mexican', 'MX', '484', '52', 'MX.png', 0, 1, '2022-08-02 15:57:41', '2022-08-02 15:57:41'),
(492, 'Monaco', 'Principality of Monaco', 'Monaco', NULL, NULL, 'Monegasque', 'MC', '492', '377', 'MC.png', 0, 1, '2022-08-02 15:57:41', '2022-08-02 15:57:41'),
(496, 'Mongolia', 'Mongolia', 'Ulaanbaatar', NULL, NULL, 'Mongolian', 'MN', '496', '976', 'MN.png', 0, 1, '2022-08-02 15:57:41', '2022-08-02 15:57:41'),
(498, 'Moldova', 'Republic of Moldova', 'Chisinau', NULL, NULL, 'Moldovan', 'MD', '498', '373', 'MD.png', 0, 1, '2022-08-02 15:57:41', '2022-08-02 15:57:41'),
(499, 'Montenegro', 'Montenegro', 'Podgorica', NULL, NULL, 'Montenegrin', 'ME', '499', '382', NULL, 0, 1, '2022-08-02 15:57:41', '2022-08-02 15:57:41'),
(500, 'Montserrat', 'Montserrat', 'Plymouth (MS2)', NULL, NULL, 'Montserratian', 'MS', '500', '1', 'MS.png', 0, 1, '2022-08-02 15:57:41', '2022-08-02 15:57:41'),
(504, 'Morocco', 'Kingdom of Morocco', 'Rabat', NULL, NULL, 'Moroccan', 'MA', '504', '212', 'MA.png', 0, 1, '2022-08-02 15:57:41', '2022-08-02 15:57:41'),
(508, 'Mozambique', 'Republic of Mozambique', 'Maputo', NULL, NULL, 'Mozambican', 'MZ', '508', '258', 'MZ.png', 0, 1, '2022-08-02 15:57:41', '2022-08-02 15:57:41'),
(512, 'Oman', 'Sultanate of Oman', 'Muscat', NULL, NULL, 'Omani', 'OM', '512', '968', 'OM.png', 0, 1, '2022-08-02 15:57:41', '2022-08-02 15:57:41'),
(516, 'Namibia', 'Republic of Namibia', 'Windhoek', NULL, NULL, 'Namibian', 'NA', '516', '264', 'NA.png', 0, 1, '2022-08-02 15:57:41', '2022-08-02 15:57:41'),
(520, 'Nauru', 'Republic of Nauru', 'Yaren', NULL, NULL, 'Nauruan', 'NR', '520', '674', 'NR.png', 0, 1, '2022-08-02 15:57:41', '2022-08-02 15:57:41'),
(524, 'Nepal', 'Federal Democratic Republic of Nepal', 'Kathmandu', NULL, NULL, 'Nepalese', 'NP', '524', '977', 'NP.png', 0, 1, '2022-08-02 15:57:41', '2022-08-02 15:57:41'),
(528, 'Netherlands', 'Kingdom of the Netherlands', 'Amsterdam', NULL, NULL, 'Dutch', 'NL', '528', '31', 'NL.png', 1, 1, '2022-08-02 15:57:41', '2022-08-02 15:57:41'),
(531, 'CuraÃ§ao', 'CuraÃ§ao', 'Willemstad', NULL, NULL, 'CuraÃ§aoan', 'CW', '531', '599', NULL, 0, 1, '2022-08-02 15:57:41', '2022-08-02 15:57:41'),
(533, 'Aruba', 'Aruba', 'Oranjestad', NULL, NULL, 'Aruban', 'AW', '533', '297', 'AW.png', 0, 1, '2022-08-02 15:57:41', '2022-08-02 15:57:41'),
(534, 'Sint Maarten (Dutch part)', 'Sint Maarten', 'Philipsburg', NULL, NULL, 'Sint Maartener', 'SX', '534', '721', NULL, 0, 1, '2022-08-02 15:57:41', '2022-08-02 15:57:41'),
(535, 'Bonaire, Sint Eustatius and Saba', NULL, NULL, NULL, NULL, 'of Bonaire, Sint Eustatius and Saba', 'BQ', '535', '599', NULL, 0, 1, '2022-08-02 15:57:41', '2022-08-02 15:57:41'),
(540, 'New Caledonia', 'New Caledonia', 'NoumÃ©a', NULL, NULL, 'New Caledonian', 'NC', '540', '687', 'NC.png', 0, 1, '2022-08-02 15:57:41', '2022-08-02 15:57:41'),
(548, 'Vanuatu', 'Republic of Vanuatu', 'Port Vila', NULL, NULL, 'Vanuatuan', 'VU', '548', '678', 'VU.png', 0, 1, '2022-08-02 15:57:41', '2022-08-02 15:57:41'),
(554, 'New Zealand', 'New Zealand', 'Wellington', NULL, NULL, 'New Zealand citizen', 'NZ', '554', '64', 'NZ.png', 0, 1, '2022-08-02 15:57:41', '2022-08-02 15:57:41'),
(558, 'Nicaragua', 'Republic of Nicaragua', 'Managua', NULL, NULL, 'Nicaraguan', 'NI', '558', '505', 'NI.png', 0, 1, '2022-08-02 15:57:41', '2022-08-02 15:57:41'),
(562, 'Niger', 'Republic of Niger', 'Niamey', NULL, NULL, 'Nigerien', 'NE', '562', '227', 'NE.png', 0, 1, '2022-08-02 15:57:41', '2022-08-02 15:57:41'),
(566, 'Nigeria', 'Federal Republic of Nigeria', 'Abuja', NULL, NULL, 'Nigerian', 'NG', '566', '234', 'NG.png', 0, 1, '2022-08-02 15:57:41', '2022-08-02 15:57:41'),
(570, 'Niue', 'Niue', 'Alofi', NULL, NULL, 'Niuean', 'NU', '570', '683', 'NU.png', 0, 1, '2022-08-02 15:57:41', '2022-08-02 15:57:41'),
(574, 'Norfolk Island', 'Territory of Norfolk Island', 'Kingston', NULL, NULL, 'Norfolk Islander', 'NF', '574', '672', 'NF.png', 0, 1, '2022-08-02 15:57:41', '2022-08-02 15:57:41'),
(578, 'Norway', 'Kingdom of Norway', 'Oslo', NULL, NULL, 'Norwegian', 'NO', '578', '47', 'NO.png', 1, 1, '2022-08-02 15:57:41', '2022-08-02 15:57:41'),
(580, 'Northern Mariana Islands', 'Commonwealth of the Northern Mariana Islands', 'Saipan', NULL, NULL, 'Northern Mariana Islander', 'MP', '580', '1', 'MP.png', 0, 1, '2022-08-02 15:57:41', '2022-08-02 15:57:41'),
(581, 'United States Minor Outlying Islands', 'United States Minor Outlying Islands', 'United States Minor Outlying Islands', NULL, NULL, 'of United States Minor Outlying Islands', 'UM', '581', '1', 'UM.png', 0, 1, '2022-08-02 15:57:41', '2022-08-02 15:57:41'),
(583, 'Micronesia', 'Federated States of Micronesia', 'Palikir', NULL, NULL, 'Micronesian', 'FM', '583', '691', 'FM.png', 0, 1, '2022-08-02 15:57:41', '2022-08-02 15:57:41'),
(584, 'Marshall Islands', 'Republic of the Marshall Islands', 'Majuro', NULL, NULL, 'Marshallese', 'MH', '584', '692', 'MH.png', 0, 1, '2022-08-02 15:57:41', '2022-08-02 15:57:41'),
(585, 'Palau', 'Republic of Palau', 'Ngerulmud', NULL, NULL, 'Palauan', 'PW', '585', '680', 'PW.png', 0, 1, '2022-08-02 15:57:41', '2022-08-02 15:57:41'),
(586, 'Pakistan', 'Islamic Republic of Pakistan', 'Islamabad', NULL, NULL, 'Pakistani', 'PK', '586', '92', 'PK.png', 0, 1, '2022-08-02 15:57:41', '2022-08-02 15:57:41'),
(591, 'Panama', 'Republic of Panama', 'Panama City', NULL, NULL, 'Panamanian', 'PA', '591', '507', 'PA.png', 0, 1, '2022-08-02 15:57:41', '2022-08-02 15:57:41'),
(598, 'Papua New Guinea', 'Independent State of Papua New Guinea', 'Port Moresby', NULL, NULL, 'Papua New Guinean', 'PG', '598', '675', 'PG.png', 0, 1, '2022-08-02 15:57:41', '2022-08-02 15:57:41'),
(600, 'Paraguay', 'Republic of Paraguay', 'Asuncion', NULL, NULL, 'Paraguayan', 'PY', '600', '595', 'PY.png', 0, 1, '2022-08-02 15:57:41', '2022-08-02 15:57:41'),
(604, 'Peru', 'Republic of Peru', 'Lima', NULL, NULL, 'Peruvian', 'PE', '604', '51', 'PE.png', 0, 1, '2022-08-02 15:57:41', '2022-08-02 15:57:41'),
(608, 'Philippines', 'Republic of the Philippines', 'Manila', NULL, NULL, 'Philippine', 'PH', '608', '63', 'PH.png', 0, 1, '2022-08-02 15:57:41', '2022-08-02 15:57:41'),
(612, 'Pitcairn', 'Pitcairn Islands', 'Adamstown', NULL, NULL, 'Pitcairner', 'PN', '612', '649', 'PN.png', 0, 1, '2022-08-02 15:57:41', '2022-08-02 15:57:41'),
(616, 'Poland', 'Republic of Poland', 'Warsaw', NULL, NULL, 'Polish', 'PL', '616', '48', 'PL.png', 1, 1, '2022-08-02 15:57:41', '2022-08-02 15:57:41'),
(620, 'Portugal', 'Portuguese Republic', 'Lisbon', NULL, NULL, 'Portuguese', 'PT', '620', '351', 'PT.png', 1, 1, '2022-08-02 15:57:41', '2022-08-02 15:57:41'),
(624, 'Guinea-Bissau', 'Republic of Guinea-Bissau', 'Bissau', NULL, NULL, 'Guinea-Bissauan', 'GW', '624', '245', 'GW.png', 0, 1, '2022-08-02 15:57:41', '2022-08-02 15:57:41'),
(626, 'Timor-Leste', 'Democratic Republic of East Timor', 'Dili', NULL, NULL, 'East Timorese', 'TL', '626', '670', 'TL.png', 0, 1, '2022-08-02 15:57:41', '2022-08-02 15:57:41'),
(630, 'Puerto Rico', 'Commonwealth of Puerto Rico', 'San Juan', NULL, NULL, 'Puerto Rican', 'PR', '630', '1', 'PR.png', 0, 1, '2022-08-02 15:57:41', '2022-08-02 15:57:41'),
(634, 'Qatar', 'State of Qatar', 'Doha', NULL, NULL, 'Qatari', 'QA', '634', '974', 'QA.png', 0, 1, '2022-08-02 15:57:41', '2022-08-02 15:57:41'),
(638, 'RÃ©union', 'RÃ©union', 'Saint-Denis', NULL, NULL, 'Reunionese', 'RE', '638', '262', 'RE.png', 0, 1, '2022-08-02 15:57:41', '2022-08-02 15:57:41'),
(642, 'Romania', 'Romania', 'Bucharest', NULL, NULL, 'Romanian', 'RO', '642', '40', 'RO.png', 1, 1, '2022-08-02 15:57:41', '2022-08-02 15:57:41'),
(643, 'Russian Federation', 'Russian Federation', 'Moscow', NULL, NULL, 'Russian', 'RU', '643', '7', 'RU.png', 0, 1, '2022-08-02 15:57:41', '2022-08-02 15:57:41'),
(646, 'Rwanda', 'Republic of Rwanda', 'Kigali', NULL, NULL, 'Rwandan', 'RW', '646', '250', 'RW.png', 0, 1, '2022-08-02 15:57:41', '2022-08-02 15:57:41'),
(652, 'Saint BarthÃ©lemy', 'Collectivity of Saint BarthÃ©lemy', 'Gustavia', NULL, NULL, 'of Saint BarthÃ©lemy', 'BL', '652', '590', NULL, 0, 1, '2022-08-02 15:57:41', '2022-08-02 15:57:41'),
(654, 'Saint Helena, Ascension and Tristan da Cunha', 'Saint Helena, Ascension and Tristan da Cunha', 'Jamestown', NULL, NULL, 'Saint Helenian', 'SH', '654', '290', 'SH.png', 0, 1, '2022-08-02 15:57:41', '2022-08-02 15:57:41'),
(659, 'Saint Kitts and Nevis', 'Federation of Saint Christopher and Nevis', 'Basseterre', NULL, NULL, 'Kittitian', 'KN', '659', '1-8', 'KN.png', 0, 1, '2022-08-02 15:57:41', '2022-08-02 15:57:41'),
(660, 'Anguilla', 'Anguilla', 'The Valley', NULL, NULL, 'Anguillan', 'AI', '660', '1', 'AI.png', 0, 1, '2022-08-02 15:57:41', '2022-08-02 15:57:41'),
(662, 'Saint Lucia', 'Saint Lucia', 'Castries', NULL, NULL, 'Saint Lucian', 'LC', '662', '1-7', 'LC.png', 0, 1, '2022-08-02 15:57:41', '2022-08-02 15:57:41'),
(663, 'Saint Martin (French part)', 'Collectivity of Saint Martin', 'Marigot', NULL, NULL, 'of Saint Martin', 'MF', '663', '590', NULL, 0, 1, '2022-08-02 15:57:41', '2022-08-02 15:57:41'),
(666, 'Saint Pierre and Miquelon', 'Territorial Collectivity of Saint Pierre and Miquelon', 'Saint-Pierre', NULL, NULL, 'St-Pierrais; Miquelonnais', 'PM', '666', '508', 'PM.png', 0, 1, '2022-08-02 15:57:41', '2022-08-02 15:57:41'),
(670, 'Saint Vincent and the Grenadines', 'Saint Vincent and the Grenadines', 'Kingstown', NULL, NULL, 'Saint Vincentian', 'VC', '670', '1-7', 'VC.png', 0, 1, '2022-08-02 15:57:41', '2022-08-02 15:57:41'),
(674, 'San Marino', 'Republic of San Marino', 'San Marino', NULL, NULL, 'San Marinese', 'SM', '674', '378', 'SM.png', 0, 1, '2022-08-02 15:57:41', '2022-08-02 15:57:41'),
(678, 'Sao Tome and Principe', 'Democratic Republic of Sao Tome and Principe', 'Sao Tome', NULL, NULL, 'Sao Tomean', 'ST', '678', '239', 'ST.png', 0, 1, '2022-08-02 15:57:41', '2022-08-02 15:57:41'),
(682, 'Saudi Arabia', 'Kingdom of Saudi Arabia', 'Riyadh', NULL, NULL, 'Saudi Arabian', 'SA', '682', '966', 'SA.png', 0, 1, '2022-08-02 15:57:41', '2022-08-02 15:57:41'),
(686, 'Senegal', 'Republic of Senegal', 'Dakar', NULL, NULL, 'Senegalese', 'SN', '686', '221', 'SN.png', 0, 1, '2022-08-02 15:57:41', '2022-08-02 15:57:41'),
(688, 'Serbia', 'Republic of Serbia', 'Belgrade', NULL, NULL, 'Serbian', 'RS', '688', '381', NULL, 0, 1, '2022-08-02 15:57:41', '2022-08-02 15:57:41'),
(690, 'Seychelles', 'Republic of Seychelles', 'Victoria', NULL, NULL, 'Seychellois', 'SC', '690', '248', 'SC.png', 0, 1, '2022-08-02 15:57:41', '2022-08-02 15:57:41'),
(694, 'Sierra Leone', 'Republic of Sierra Leone', 'Freetown', NULL, NULL, 'Sierra Leonean', 'SL', '694', '232', 'SL.png', 0, 1, '2022-08-02 15:57:41', '2022-08-02 15:57:41'),
(702, 'Singapore', 'Republic of Singapore', 'Singapore', NULL, NULL, 'Singaporean', 'SG', '702', '65', 'SG.png', 0, 1, '2022-08-02 15:57:41', '2022-08-02 15:57:41'),
(703, 'Slovakia', 'Slovak Republic', 'Bratislava', NULL, NULL, 'Slovak', 'SK', '703', '421', 'SK.png', 1, 1, '2022-08-02 15:57:41', '2022-08-02 15:57:41'),
(704, 'Vietnam', 'Socialist Republic of Vietnam', 'Hanoi', NULL, NULL, 'Vietnamese', 'VN', '704', '84', 'VN.png', 0, 1, '2022-08-02 15:57:41', '2022-08-02 15:57:41'),
(705, 'Slovenia', 'Republic of Slovenia', 'Ljubljana', NULL, NULL, 'Slovene', 'SI', '705', '386', 'SI.png', 1, 1, '2022-08-02 15:57:41', '2022-08-02 15:57:41'),
(706, 'Somalia', 'Federal Republic of Somalia', 'Mogadishu', NULL, NULL, 'Somali', 'SO', '706', '252', 'SO.png', 0, 1, '2022-08-02 15:57:41', '2022-08-02 15:57:41'),
(710, 'South Africa', 'Republic of South Africa', 'Pretoria', NULL, NULL, 'South African', 'ZA', '710', '27', 'ZA.png', 0, 1, '2022-08-02 15:57:41', '2022-08-02 15:57:41'),
(716, 'Zimbabwe', 'Republic of Zimbabwe', 'Harare', NULL, NULL, 'Zimbabwean', 'ZW', '716', '263', 'ZW.png', 0, 1, '2022-08-02 15:57:41', '2022-08-02 15:57:41'),
(724, 'Spain', 'Kingdom of Spain', 'Madrid', NULL, NULL, 'Spanish', 'ES', '724', '34', 'ES.png', 1, 1, '2022-08-02 15:57:41', '2022-08-02 15:57:41'),
(728, 'South Sudan', 'Republic of South Sudan', 'Juba', NULL, NULL, 'South Sudanese', 'SS', '728', '211', NULL, 0, 1, '2022-08-02 15:57:41', '2022-08-02 15:57:41'),
(729, 'Sudan', 'Republic of the Sudan', 'Khartoum', NULL, NULL, 'Sudanese', 'SD', '729', '249', NULL, 0, 1, '2022-08-02 15:57:41', '2022-08-02 15:57:41'),
(732, 'Western Sahara', 'Western Sahara', 'Al aaiun', NULL, NULL, 'Sahrawi', 'EH', '732', '212', 'EH.png', 0, 1, '2022-08-02 15:57:41', '2022-08-02 15:57:41'),
(740, 'Suriname', 'Republic of Suriname', 'Paramaribo', NULL, NULL, 'Surinamese', 'SR', '740', '597', 'SR.png', 0, 1, '2022-08-02 15:57:41', '2022-08-02 15:57:41'),
(744, 'Svalbard and Jan Mayen', 'Svalbard and Jan Mayen', 'Longyearbyen', NULL, NULL, 'of Svalbard', 'SJ', '744', '47', 'SJ.png', 0, 1, '2022-08-02 15:57:41', '2022-08-02 15:57:41'),
(748, 'Eswatini', 'Kingdom of Eswatini', 'Mbabane', NULL, NULL, 'Swazi', 'SZ', '748', '268', 'SZ.png', 0, 1, '2022-08-02 15:57:41', '2022-08-02 15:57:41'),
(752, 'Sweden', 'Kingdom of Sweden', 'Stockholm', NULL, NULL, 'Swedish', 'SE', '752', '46', 'SE.png', 1, 1, '2022-08-02 15:57:41', '2022-08-02 15:57:41'),
(756, 'Switzerland', 'Swiss Confederation', 'Bern', NULL, NULL, 'Swiss', 'CH', '756', '41', 'CH.png', 0, 1, '2022-08-02 15:57:41', '2022-08-02 15:57:41'),
(760, 'Syria', 'Syrian Arab Republic', 'Damascus', NULL, NULL, 'Syrian', 'SY', '760', '963', 'SY.png', 0, 1, '2022-08-02 15:57:41', '2022-08-02 15:57:41'),
(762, 'Tajikistan', 'Republic of Tajikistan', 'Dushanbe', NULL, NULL, 'Tajikistani', 'TJ', '762', '992', 'TJ.png', 0, 1, '2022-08-02 15:57:41', '2022-08-02 15:57:41'),
(764, 'Thailand', 'Kingdom of Thailand', 'Bangkok', NULL, NULL, 'Thai', 'TH', '764', '66', 'TH.png', 0, 1, '2022-08-02 15:57:41', '2022-08-02 15:57:41'),
(768, 'Togo', 'Togolese Republic', 'Lome', NULL, NULL, 'Togolese', 'TG', '768', '228', 'TG.png', 0, 1, '2022-08-02 15:57:41', '2022-08-02 15:57:41'),
(772, 'Tokelau', 'Tokelau', '(TK2)', NULL, NULL, 'Tokelauan', 'TK', '772', '690', 'TK.png', 0, 1, '2022-08-02 15:57:41', '2022-08-02 15:57:41'),
(776, 'Tonga', 'Kingdom of Tonga', 'Nuku\'alofa', NULL, NULL, 'Tongan', 'TO', '776', '676', 'TO.png', 0, 1, '2022-08-02 15:57:41', '2022-08-02 15:57:41'),
(780, 'Trinidad and Tobago', 'Republic of Trinidad and Tobago', 'Port of Spain', NULL, NULL, 'Trinidadian', 'TT', '780', '1-8', 'TT.png', 0, 1, '2022-08-02 15:57:41', '2022-08-02 15:57:41'),
(784, 'United Arab Emirates', 'United Arab Emirates', 'Abu Dhabi', NULL, NULL, 'Emirati', 'AE', '784', '971', 'AE.png', 0, 1, '2022-08-02 15:57:41', '2022-08-02 15:57:41'),
(788, 'Tunisia', 'Republic of Tunisia', 'Tunis', NULL, NULL, 'Tunisian', 'TN', '788', '216', 'TN.png', 0, 1, '2022-08-02 15:57:41', '2022-08-02 15:57:41'),
(792, 'Turkey', 'Republic of Turkey', 'Ankara', NULL, NULL, 'Turkish', 'TR', '792', '90', 'TR.png', 0, 1, '2022-08-02 15:57:41', '2022-08-02 15:57:41'),
(795, 'Turkmenistan', 'Turkmenistan', 'Ashgabat', NULL, NULL, 'Turkmen', 'TM', '795', '993', 'TM.png', 0, 1, '2022-08-02 15:57:41', '2022-08-02 15:57:41'),
(796, 'Turks and Caicos Islands', 'Turks and Caicos Islands', 'Cockburn Town', NULL, NULL, 'Turks and Caicos Islander', 'TC', '796', '1', 'TC.png', 0, 1, '2022-08-02 15:57:41', '2022-08-02 15:57:41'),
(798, 'Tuvalu', 'Tuvalu', 'Funafuti', NULL, NULL, 'Tuvaluan', 'TV', '798', '688', 'TV.png', 0, 1, '2022-08-02 15:57:41', '2022-08-02 15:57:41'),
(800, 'Uganda', 'Republic of Uganda', 'Kampala', NULL, NULL, 'Ugandan', 'UG', '800', '256', 'UG.png', 0, 1, '2022-08-02 15:57:41', '2022-08-02 15:57:41'),
(804, 'Ukraine', 'Ukraine', 'Kyiv', NULL, NULL, 'Ukrainian', 'UA', '804', '380', 'UA.png', 0, 1, '2022-08-02 15:57:41', '2022-08-02 15:57:41'),
(807, 'North Macedonia', 'Republic of North Macedonia', 'Skopje', NULL, NULL, 'Macedonian', 'MK', '807', '389', 'MK.png', 0, 1, '2022-08-02 15:57:41', '2022-08-02 15:57:41'),
(818, 'Egypt', 'Arab Republic of Egypt', 'Cairo', NULL, NULL, 'Egyptian', 'EG', '818', '20', 'EG.png', 0, 1, '2022-08-02 15:57:41', '2022-08-02 15:57:41'),
(826, 'United Kingdom', 'United Kingdom of Great Britain and Northern Ireland', 'London', NULL, NULL, 'British', 'GB', '826', '44', 'GB.png', 1, 1, '2022-08-02 15:57:41', '2022-08-02 15:57:41'),
(831, 'Guernsey', 'Bailiwick of Guernsey', 'St Peter Port', NULL, NULL, 'of Guernsey', 'GG', '831', '44', NULL, 0, 1, '2022-08-02 15:57:41', '2022-08-02 15:57:41'),
(832, 'Jersey', 'Bailiwick of Jersey', 'St Helier', NULL, NULL, 'of Jersey', 'JE', '832', '44', NULL, 0, 1, '2022-08-02 15:57:41', '2022-08-02 15:57:41'),
(833, 'Isle of Man', 'Isle of Man', 'Douglas', NULL, NULL, 'Manxman; Manxwoman', 'IM', '833', '44', NULL, 0, 1, '2022-08-02 15:57:41', '2022-08-02 15:57:41'),
(834, 'Tanzania', 'United Republic of Tanzania', 'Dodoma', NULL, NULL, 'Tanzanian', 'TZ', '834', '255', 'TZ.png', 0, 1, '2022-08-02 15:57:41', '2022-08-02 15:57:41'),
(840, 'United States of America', 'United States of America', 'Washington, D.C.', NULL, NULL, 'American', 'US', '840', '1', 'US.png', 0, 1, '2022-08-02 15:57:41', '2022-08-02 15:57:41'),
(850, 'Virgin Islands, U.S.', 'United States Virgin Islands', 'Charlotte Amalie', NULL, NULL, 'US Virgin Islander', 'VI', '850', '1', 'VI.png', 0, 1, '2022-08-02 15:57:41', '2022-08-02 15:57:41'),
(854, 'Burkina Faso', 'Burkina Faso', 'Ouagadougou', NULL, NULL, 'Burkinabe', 'BF', '854', '226', 'BF.png', 0, 1, '2022-08-02 15:57:41', '2022-08-02 15:57:41'),
(858, 'Uruguay', 'Eastern Republic of Uruguay', 'Montevideo', NULL, NULL, 'Uruguayan', 'UY', '858', '598', 'UY.png', 0, 1, '2022-08-02 15:57:41', '2022-08-02 15:57:41'),
(860, 'Uzbekistan', 'Republic of Uzbekistan', 'Tashkent', NULL, NULL, 'Uzbekistani', 'UZ', '860', '998', 'UZ.png', 0, 1, '2022-08-02 15:57:41', '2022-08-02 15:57:41'),
(862, 'Venezuela', 'Bolivarian Republic of Venezuela', 'Caracas', NULL, NULL, 'Venezuelan', 'VE', '862', '58', 'VE.png', 0, 1, '2022-08-02 15:57:41', '2022-08-02 15:57:41'),
(876, 'Wallis and Futuna', 'Wallis and Futuna', 'Mata-Utu', NULL, NULL, 'Wallisian; Futunan; Wallis and Futuna Islander', 'WF', '876', '681', 'WF.png', 0, 1, '2022-08-02 15:57:41', '2022-08-02 15:57:41'),
(882, 'Samoa', 'Independent State of Samoa', 'Apia', NULL, NULL, 'Samoan', 'WS', '882', '685', 'WS.png', 0, 1, '2022-08-02 15:57:41', '2022-08-02 15:57:41'),
(887, 'Yemen', 'Republic of Yemen', 'Sana\'a', NULL, NULL, 'Yemeni', 'YE', '887', '967', 'YE.png', 0, 1, '2022-08-02 15:57:41', '2022-08-02 15:57:41'),
(894, 'Zambia', 'Republic of Zambia', 'Lusaka', NULL, NULL, 'Zambian', 'ZM', '894', '260', 'ZM.png', 0, 1, '2022-08-02 15:57:41', '2022-08-02 15:57:41');

-- --------------------------------------------------------

--
-- Table structure for table `coupons`
--

CREATE TABLE `coupons` (
  `id` bigint(20) UNSIGNED NOT NULL,
  `shop_id` int(10) UNSIGNED DEFAULT NULL,
  `name` text DEFAULT NULL,
  `code` varchar(255) DEFAULT NULL,
  `description` text DEFAULT NULL,
  `value` decimal(20,6) DEFAULT NULL,
  `min_order_amount` decimal(20,6) DEFAULT NULL,
  `type` enum('amount','percent') NOT NULL DEFAULT 'amount',
  `quantity` int(11) DEFAULT NULL,
  `quantity_per_customer` int(11) DEFAULT NULL,
  `starting_time` timestamp NULL DEFAULT NULL,
  `ending_time` timestamp NULL DEFAULT NULL,
  `active` tinyint(1) NOT NULL DEFAULT 1,
  `deleted_at` timestamp NULL DEFAULT NULL,
  `created_at` timestamp NULL DEFAULT NULL,
  `updated_at` timestamp NULL DEFAULT NULL
) ENGINE=InnoDB DEFAULT CHARSET=utf8 COLLATE=utf8_unicode_ci;

-- --------------------------------------------------------

--
-- Table structure for table `coupon_customer`
--

CREATE TABLE `coupon_customer` (
  `coupon_id` bigint(20) UNSIGNED NOT NULL,
  `customer_id` bigint(20) UNSIGNED NOT NULL,
  `created_at` timestamp NULL DEFAULT NULL,
  `updated_at` timestamp NULL DEFAULT NULL
) ENGINE=InnoDB DEFAULT CHARSET=utf8 COLLATE=utf8_unicode_ci;

-- --------------------------------------------------------

--
-- Table structure for table `coupon_shipping_zone`
--

CREATE TABLE `coupon_shipping_zone` (
  `coupon_id` bigint(20) UNSIGNED NOT NULL,
  `shipping_zone_id` int(10) UNSIGNED NOT NULL,
  `created_at` timestamp NULL DEFAULT NULL,
  `updated_at` timestamp NULL DEFAULT NULL
) ENGINE=InnoDB DEFAULT CHARSET=utf8 COLLATE=utf8_unicode_ci;

-- --------------------------------------------------------

--
-- Table structure for table `currencies`
--

CREATE TABLE `currencies` (
  `id` int(10) UNSIGNED NOT NULL,
  `iso_code` varchar(3) NOT NULL,
  `iso_numeric` varchar(3) DEFAULT NULL,
  `name` varchar(255) NOT NULL,
  `symbol` varchar(255) DEFAULT NULL,
  `exchange_rate` decimal(20,6) NOT NULL DEFAULT 1.000000,
  `disambiguate_symbol` varchar(255) DEFAULT NULL,
  `subunit` varchar(255) DEFAULT NULL,
  `subunit_to_unit` int(11) NOT NULL DEFAULT 100,
  `symbol_first` tinyint(1) NOT NULL DEFAULT 1,
  `html_entity` varchar(255) DEFAULT NULL,
  `decimal_mark` varchar(25) DEFAULT NULL,
  `thousands_separator` varchar(25) DEFAULT NULL,
  `smallest_denomination` int(11) NOT NULL DEFAULT 1,
  `priority` int(11) DEFAULT 100,
  `active` tinyint(1) DEFAULT 0,
  `created_at` timestamp NULL DEFAULT NULL,
  `updated_at` timestamp NULL DEFAULT NULL
) ENGINE=InnoDB DEFAULT CHARSET=utf8 COLLATE=utf8_unicode_ci;

--
-- Dumping data for table `currencies`
--

INSERT INTO `currencies` (`id`, `iso_code`, `iso_numeric`, `name`, `symbol`, `exchange_rate`, `disambiguate_symbol`, `subunit`, `subunit_to_unit`, `symbol_first`, `html_entity`, `decimal_mark`, `thousands_separator`, `smallest_denomination`, `priority`, `active`, `created_at`, `updated_at`) VALUES
(178, 'AED', '784', 'United Arab Emirates Dirham', 'د.إ', 1.000000, NULL, 'Fils', 100, 0, '', '.', ',', 25, 100, 0, '2023-09-26 00:41:31', '2023-09-26 00:41:31'),
(179, 'AFN', '971', 'Afghani', '؋', 1.000000, NULL, 'Pul', 100, 0, '', '.', ',', 100, 100, 0, '2023-09-26 00:41:31', '2023-09-26 00:41:31'),
(180, 'ALL', '008', 'Albanian Lek', 'L', 1.000000, 'Lek', 'Qintar', 100, 0, '', '.', ',', 100, 100, 0, '2023-09-26 00:41:31', '2023-09-26 00:41:31'),
(181, 'AMD', '051', 'Armenian Dram', 'դր.', 1.000000, NULL, 'Luma', 100, 0, '', '.', ',', 10, 100, 0, '2023-09-26 00:41:31', '2023-09-26 00:41:31'),
(182, 'ANG', '532', 'Netherlands Antillean Gulden', 'ƒ', 1.000000, NULL, 'Cent', 100, 1, '&#x0192;', ',', '.', 1, 100, 0, '2023-09-26 00:41:31', '2023-09-26 00:41:31'),
(183, 'AOA', '973', 'Angolan Kwanza', 'Kz', 1.000000, NULL, 'Cêntimo', 100, 0, '', '.', ',', 10, 100, 0, '2023-09-26 00:41:31', '2023-09-26 00:41:31'),
(184, 'ARS', '032', 'Argentine Peso', '$', 1.000000, '$m/n', 'Centavo', 100, 1, '&#x20B1;', ',', '.', 1, 100, 0, '2023-09-26 00:41:31', '2023-09-26 00:41:31'),
(185, 'AUD', '036', 'Australian Dollar', '$', 1.000000, 'A$', 'Cent', 100, 1, '$', '.', ',', 5, 4, 0, '2023-09-26 00:41:31', '2023-09-26 00:41:31'),
(186, 'AWG', '533', 'Aruban Florin', 'ƒ', 1.000000, NULL, 'Cent', 100, 0, '&#x0192;', '.', ',', 5, 100, 0, '2023-09-26 00:41:31', '2023-09-26 00:41:31'),
(187, 'AZN', '944', 'Azerbaijani Manat', '₼', 1.000000, NULL, 'Qəpik', 100, 1, '', '.', ',', 1, 100, 0, '2023-09-26 00:41:31', '2023-09-26 00:41:31'),
(188, 'BAM', '977', 'Bosnia and Herzegovina Convertible Mark', 'КМ', 1.000000, NULL, 'Fening', 100, 1, '', '.', ',', 5, 100, 0, '2023-09-26 00:41:31', '2023-09-26 00:41:31'),
(189, 'BBD', '052', 'Barbadian Dollar', '$', 1.000000, 'Bds$', 'Cent', 100, 0, '$', '.', ',', 1, 100, 0, '2023-09-26 00:41:31', '2023-09-26 00:41:31'),
(190, 'BDT', '050', 'Bangladeshi Taka', '৳', 1.000000, NULL, 'Paisa', 100, 1, NULL, '.', ',', 1, 10, 0, '2023-09-26 00:41:31', '2023-12-23 01:23:24'),
(191, 'BGN', '975', 'Bulgarian Lev', 'лв.', 1.000000, NULL, 'Stotinka', 100, 0, '', '.', ',', 1, 100, 0, '2023-09-26 00:41:31', '2023-09-26 00:41:31'),
(192, 'BHD', '048', 'Bahraini Dinar', 'ب.د', 1.000000, NULL, 'Fils', 1000, 1, '', '.', ',', 5, 100, 0, '2023-09-26 00:41:31', '2023-09-26 00:41:31'),
(193, 'BIF', '108', 'Burundian Franc', 'Fr', 1.000000, 'FBu', 'Centime', 1, 0, '', '.', ',', 100, 100, 0, '2023-09-26 00:41:31', '2023-09-26 00:41:31'),
(194, 'BMD', '060', 'Bermudian Dollar', '$', 1.000000, 'BD$', 'Cent', 100, 1, '$', '.', ',', 1, 100, 0, '2023-09-26 00:41:31', '2023-09-26 00:41:31'),
(195, 'BND', '096', 'Brunei Dollar', '$', 1.000000, 'BND', 'Sen', 100, 1, '$', '.', ',', 1, 100, 0, '2023-09-26 00:41:31', '2023-09-26 00:41:31'),
(196, 'BOB', '068', 'Bolivian Boliviano', 'Bs.', 1.000000, NULL, 'Centavo', 100, 1, '', '.', ',', 10, 100, 0, '2023-09-26 00:41:31', '2023-09-26 00:41:31'),
(197, 'BRL', '986', 'Brazilian Real', 'R$', 1.000000, NULL, 'Centavo', 100, 1, 'R$', ',', '.', 5, 100, 0, '2023-09-26 00:41:31', '2023-09-26 00:41:31'),
(198, 'BSD', '044', 'Bahamian Dollar', '$', 1.000000, 'BSD', 'Cent', 100, 1, '$', '.', ',', 1, 100, 0, '2023-09-26 00:41:31', '2023-09-26 00:41:31'),
(199, 'BTN', '064', 'Bhutanese Ngultrum', 'Nu.', 1.000000, NULL, 'Chertrum', 100, 0, '', '.', ',', 5, 100, 0, '2023-09-26 00:41:31', '2023-09-26 00:41:31'),
(200, 'BWP', '072', 'Botswana Pula', 'P', 1.000000, NULL, 'Thebe', 100, 1, '', '.', ',', 5, 100, 0, '2023-09-26 00:41:31', '2023-09-26 00:41:31'),
(201, 'BYN', '933', 'Belarusian Ruble', 'Br', 1.000000, 'BYN', 'Kapeyka', 100, 0, '', ',', ' ', 1, 100, 0, '2023-09-26 00:41:31', '2023-09-26 00:41:31'),
(202, 'BYR', '974', 'Belarusian Ruble', 'Br', 1.000000, 'BYR', NULL, 1, 0, '', ',', ' ', 100, 50, 0, '2023-09-26 00:41:31', '2023-09-26 00:41:31'),
(203, 'BZD', '084', 'Belize Dollar', '$', 1.000000, 'BZ$', 'Cent', 100, 1, '$', '.', ',', 1, 100, 0, '2023-09-26 00:41:31', '2023-09-26 00:41:31'),
(204, 'CAD', '124', 'Canadian Dollar', '$', 1.000000, 'C$', 'Cent', 100, 1, '$', '.', ',', 5, 5, 0, '2023-09-26 00:41:31', '2023-09-26 00:41:31'),
(205, 'CDF', '976', 'Congolese Franc', 'Fr', 1.000000, 'FC', 'Centime', 100, 0, '', '.', ',', 1, 100, 0, '2023-09-26 00:41:31', '2023-09-26 00:41:31'),
(206, 'CHF', '756', 'Swiss Franc', 'CHF', 1.000000, NULL, 'Rappen', 100, 1, '', '.', ',', 5, 100, 0, '2023-09-26 00:41:31', '2023-09-26 00:41:31'),
(207, 'CLF', '990', 'Unidad de Fomento', 'UF', 1.000000, NULL, 'Peso', 10000, 1, '&#x20B1;', ',', '.', 1, 100, 0, '2023-09-26 00:41:31', '2023-09-26 00:41:31'),
(208, 'CLP', '152', 'Chilean Peso', '$', 1.000000, 'CLP', 'Peso', 1, 1, '&#36;', ',', '.', 1, 100, 0, '2023-09-26 00:41:31', '2023-09-26 00:41:31'),
(209, 'CNY', '156', 'Chinese Renminbi Yuan', '¥', 1.000000, NULL, 'Fen', 100, 1, '￥', '.', ',', 1, 100, 0, '2023-09-26 00:41:31', '2023-09-26 00:41:31'),
(210, 'COP', '170', 'Colombian Peso', '$', 1.000000, 'COL$', 'Centavo', 100, 1, '&#36;', ',', '.', 20, 100, 0, '2023-09-26 00:41:31', '2023-09-26 00:41:31'),
(211, 'CRC', '188', 'Costa Rican Colón', '₡', 1.000000, NULL, 'Céntimo', 100, 1, '&#x20A1;', ',', '.', 500, 100, 0, '2023-09-26 00:41:31', '2023-09-26 00:41:31'),
(212, 'CUC', '931', 'Cuban Convertible Peso', '$', 1.000000, 'CUC$', 'Centavo', 100, 0, '', '.', ',', 1, 100, 0, '2023-09-26 00:41:31', '2023-09-26 00:41:31'),
(213, 'CUP', '192', 'Cuban Peso', '$', 1.000000, '$MN', 'Centavo', 100, 1, '&#x20B1;', '.', ',', 1, 100, 0, '2023-09-26 00:41:31', '2023-09-26 00:41:31'),
(214, 'CVE', '132', 'Cape Verdean Escudo', '$', 1.000000, 'Esc', 'Centavo', 100, 0, '', '.', ',', 100, 100, 0, '2023-09-26 00:41:31', '2023-09-26 00:41:31'),
(215, 'CZK', '203', 'Czech Koruna', 'KÄ', 1.000000, NULL, 'Haléř', 100, 0, '', ',', ' ', 100, 100, 0, '2023-09-26 00:41:31', '2023-09-26 00:41:31'),
(216, 'DJF', '262', 'Djiboutian Franc', 'Fdj', 1.000000, NULL, 'Centime', 1, 0, '', '.', ',', 100, 100, 0, '2023-09-26 00:41:31', '2023-09-26 00:41:31'),
(217, 'DKK', '208', 'Danish Krone', 'kr.', 1.000000, 'DKK', 'Øre', 100, 0, '', ',', '.', 50, 100, 0, '2023-09-26 00:41:31', '2023-09-26 00:41:31'),
(218, 'DOP', '214', 'Dominican Peso', '$', 1.000000, 'RD$', 'Centavo', 100, 1, '&#x20B1;', '.', ',', 100, 100, 0, '2023-09-26 00:41:31', '2023-09-26 00:41:31'),
(219, 'DZD', '012', 'Algerian Dinar', 'د.ج', 1.000000, NULL, 'Centime', 100, 0, '', '.', ',', 100, 100, 0, '2023-09-26 00:41:31', '2023-09-26 00:41:31'),
(220, 'EGP', '818', 'Egyptian Pound', 'ج.م', 1.000000, NULL, 'Piastre', 100, 1, '&#x00A3;', '.', ',', 25, 100, 0, '2023-09-26 00:41:31', '2023-09-26 00:41:31'),
(221, 'ERN', '232', 'Eritrean Nakfa', 'Nfk', 1.000000, NULL, 'Cent', 100, 0, '', '.', ',', 1, 100, 0, '2023-09-26 00:41:31', '2023-09-26 00:41:31'),
(222, 'ETB', '230', 'Ethiopian Birr', 'Br', 1.000000, 'ETB', 'Santim', 100, 0, '', '.', ',', 1, 100, 0, '2023-09-26 00:41:31', '2023-09-26 00:41:31'),
(223, 'EUR', '978', 'Euro', '€', 0.907940, NULL, 'Cent', 100, 1, '&#x20AC;', ',', '.', 1, 2, 1, '2023-09-26 00:41:31', '2023-12-23 00:32:20'),
(224, 'FJD', '242', 'Fijian Dollar', '$', 1.000000, 'FJ$', 'Cent', 100, 0, '$', '.', ',', 5, 100, 0, '2023-09-26 00:41:31', '2023-09-26 00:41:31'),
(225, 'FKP', '238', 'Falkland Pound', '£', 1.000000, 'FK£', 'Penny', 100, 0, '&#x00A3;', '.', ',', 1, 100, 0, '2023-09-26 00:41:31', '2023-09-26 00:41:31'),
(226, 'GBP', '826', 'British Pound', '£', 1.000000, NULL, 'Penny', 100, 1, '&#x00A3;', '.', ',', 1, 3, 0, '2023-09-26 00:41:31', '2023-09-26 00:41:31'),
(227, 'GEL', '981', 'Georgian Lari', 'ლ', 1.000000, NULL, 'Tetri', 100, 0, '', '.', ',', 1, 100, 0, '2023-09-26 00:41:31', '2023-09-26 00:41:31'),
(228, 'GHS', '936', 'Ghanaian Cedi', '₵', 1.000000, NULL, 'Pesewa', 100, 1, '&#x20B5;', '.', ',', 1, 100, 0, '2023-09-26 00:41:31', '2023-09-26 00:41:31'),
(229, 'GIP', '292', 'Gibraltar Pound', '£', 1.000000, 'GIP', 'Penny', 100, 1, '&#x00A3;', '.', ',', 1, 100, 0, '2023-09-26 00:41:31', '2023-09-26 00:41:31'),
(230, 'GMD', '270', 'Gambian Dalasi', 'D', 1.000000, NULL, 'Butut', 100, 0, '', '.', ',', 1, 100, 0, '2023-09-26 00:41:31', '2023-09-26 00:41:31'),
(231, 'GNF', '324', 'Guinean Franc', 'Fr', 1.000000, 'FG', 'Centime', 1, 0, '', '.', ',', 100, 100, 0, '2023-09-26 00:41:31', '2023-09-26 00:41:31'),
(232, 'GTQ', '320', 'Guatemalan Quetzal', 'Q', 1.000000, NULL, 'Centavo', 100, 1, '', '.', ',', 1, 100, 0, '2023-09-26 00:41:31', '2023-09-26 00:41:31'),
(233, 'GYD', '328', 'Guyanese Dollar', '$', 1.000000, 'G$', 'Cent', 100, 0, '$', '.', ',', 100, 100, 0, '2023-09-26 00:41:31', '2023-09-26 00:41:31'),
(234, 'HKD', '344', 'Hong Kong Dollar', '$', 1.000000, 'HK$', 'Cent', 100, 1, '$', '.', ',', 10, 100, 0, '2023-09-26 00:41:31', '2023-09-26 00:41:31'),
(235, 'HNL', '340', 'Honduran Lempira', 'L', 1.000000, 'HNL', 'Centavo', 100, 1, '', '.', ',', 5, 100, 0, '2023-09-26 00:41:31', '2023-09-26 00:41:31'),
(236, 'HRK', '191', 'Croatian Kuna', 'kn', 1.000000, NULL, 'Lipa', 100, 0, '', ',', '.', 1, 100, 0, '2023-09-26 00:41:31', '2023-09-26 00:41:31'),
(237, 'HTG', '332', 'Haitian Gourde', 'G', 1.000000, NULL, 'Centime', 100, 0, '', '.', ',', 5, 100, 0, '2023-09-26 00:41:31', '2023-09-26 00:41:31'),
(238, 'HUF', '348', 'Hungarian Forint', 'Ft', 1.000000, NULL, 'Fillér', 1, 0, '', ',', '.', 5, 100, 0, '2023-09-26 00:41:31', '2023-09-26 00:41:31'),
(239, 'IDR', '360', 'Indonesian Rupiah', 'Rp', 1.000000, NULL, 'Sen', 100, 1, '', ',', '.', 5000, 100, 0, '2023-09-26 00:41:31', '2023-09-26 00:41:31'),
(240, 'ILS', '376', 'Israeli New Sheqel', '₪', 1.000000, NULL, 'Agora', 100, 1, '&#x20AA;', '.', ',', 10, 100, 0, '2023-09-26 00:41:31', '2023-09-26 00:41:31'),
(241, 'INR', '356', 'Indian Rupee', '₹', 83.092361, NULL, 'Paisa', 100, 1, '&#x20b9;', '.', ',', 50, 59, 1, '2023-09-26 00:41:31', '2023-12-23 00:32:20'),
(242, 'IQD', '368', 'Iraqi Dinar', 'ع.د', 1.000000, NULL, 'Fils', 1000, 0, '', '.', ',', 50000, 100, 0, '2023-09-26 00:41:31', '2023-09-26 00:41:31'),
(243, 'IRR', '364', 'Iranian Rial', '﷼', 1.000000, NULL, NULL, 100, 1, '&#xFDFC;', '.', ',', 5000, 100, 0, '2023-09-26 00:41:31', '2023-09-26 00:41:31'),
(244, 'ISK', '352', 'Icelandic Króna', 'kr', 1.000000, NULL, NULL, 1, 1, '', ',', '.', 1, 100, 0, '2023-09-26 00:41:31', '2023-09-26 00:41:31'),
(245, 'JMD', '388', 'Jamaican Dollar', '$', 1.000000, 'J$', 'Cent', 100, 1, '$', '.', ',', 1, 100, 0, '2023-09-26 00:41:31', '2023-09-26 00:41:31'),
(246, 'JOD', '400', 'Jordanian Dinar', 'د.ا', 1.000000, NULL, 'Fils', 1000, 1, '', '.', ',', 5, 100, 0, '2023-09-26 00:41:31', '2023-09-26 00:41:31'),
(247, 'JPY', '392', 'Japanese Yen', '¥', 142.396346, NULL, NULL, 1, 1, '&#x00A5;', '.', ',', 1, 6, 1, '2023-09-26 00:41:31', '2023-12-23 00:32:20'),
(248, 'KES', '404', 'Kenyan Shilling', 'KSh', 1.000000, NULL, 'Cent', 100, 1, '', '.', ',', 50, 100, 0, '2023-09-26 00:41:31', '2023-09-26 00:41:31'),
(249, 'KGS', '417', 'Kyrgyzstani Som', 'som', 1.000000, NULL, 'Tyiyn', 100, 0, '', '.', ',', 1, 100, 0, '2023-09-26 00:41:31', '2023-09-26 00:41:31'),
(250, 'KHR', '116', 'Cambodian Riel', '៛', 1.000000, NULL, 'Sen', 100, 0, '&#x17DB;', '.', ',', 5000, 100, 0, '2023-09-26 00:41:31', '2023-09-26 00:41:31'),
(251, 'KMF', '174', 'Comorian Franc', 'Fr', 1.000000, 'CF', 'Centime', 1, 0, '', '.', ',', 100, 100, 0, '2023-09-26 00:41:31', '2023-09-26 00:41:31'),
(252, 'KPW', '408', 'North Korean Won', '₩', 1.000000, NULL, 'ChÅn', 100, 0, '&#x20A9;', '.', ',', 1, 100, 0, '2023-09-26 00:41:31', '2023-09-26 00:41:31'),
(253, 'KRW', '410', 'South Korean Won', '₩', 1.000000, NULL, NULL, 1, 1, '&#x20A9;', '.', ',', 1, 100, 0, '2023-09-26 00:41:31', '2023-09-26 00:41:31'),
(254, 'KWD', '414', 'Kuwaiti Dinar', 'د.ك', 1.000000, NULL, 'Fils', 1000, 1, '', '.', ',', 5, 100, 0, '2023-09-26 00:41:31', '2023-09-26 00:41:31'),
(255, 'KYD', '136', 'Cayman Islands Dollar', '$', 1.000000, 'CI$', 'Cent', 100, 1, '$', '.', ',', 1, 100, 0, '2023-09-26 00:41:31', '2023-09-26 00:41:31'),
(256, 'KZT', '398', 'Kazakhstani Tenge', '〒', 1.000000, NULL, 'Tiyn', 100, 0, '', '.', ',', 100, 100, 0, '2023-09-26 00:41:31', '2023-09-26 00:41:31'),
(257, 'LAK', '418', 'Lao Kip', '₭', 1.000000, NULL, 'Att', 100, 0, '&#x20AD;', '.', ',', 10, 100, 0, '2023-09-26 00:41:31', '2023-09-26 00:41:31'),
(258, 'LBP', '422', 'Lebanese Pound', 'ل.ل', 1.000000, NULL, 'Piastre', 100, 1, '&#x00A3;', '.', ',', 25000, 100, 0, '2023-09-26 00:41:31', '2023-09-26 00:41:31'),
(259, 'LKR', '144', 'Sri Lankan Rupee', '₨', 1.000000, 'SLRs', 'Cent', 100, 0, '&#x0BF9;', '.', ',', 100, 100, 0, '2023-09-26 00:41:31', '2023-09-26 00:41:31'),
(260, 'LRD', '430', 'Liberian Dollar', '$', 1.000000, 'L$', 'Cent', 100, 0, '$', '.', ',', 5, 100, 0, '2023-09-26 00:41:31', '2023-09-26 00:41:31'),
(261, 'LSL', '426', 'Lesotho Loti', 'L', 1.000000, 'M', 'Sente', 100, 0, '', '.', ',', 1, 100, 0, '2023-09-26 00:41:31', '2023-09-26 00:41:31'),
(262, 'LTL', '440', 'Lithuanian Litas', 'Lt', 1.000000, NULL, 'Centas', 100, 0, '', '.', ',', 1, 100, 0, '2023-09-26 00:41:31', '2023-09-26 00:41:31'),
(263, 'LVL', '428', 'Latvian Lats', 'Ls', 1.000000, NULL, 'Santīms', 100, 1, '', '.', ',', 1, 100, 0, '2023-09-26 00:41:31', '2023-09-26 00:41:31'),
(264, 'LYD', '434', 'Libyan Dinar', 'ل.د', 1.000000, NULL, 'Dirham', 1000, 0, '', '.', ',', 50, 100, 0, '2023-09-26 00:41:31', '2023-09-26 00:41:31'),
(265, 'MAD', '504', 'Moroccan Dirham', 'د.م.', 1.000000, NULL, 'Centime', 100, 0, '', '.', ',', 1, 100, 0, '2023-09-26 00:41:31', '2023-09-26 00:41:31'),
(266, 'MDL', '498', 'Moldovan Leu', 'L', 1.000000, NULL, 'Ban', 100, 0, '', '.', ',', 1, 100, 0, '2023-09-26 00:41:31', '2023-09-26 00:41:31'),
(267, 'MGA', '969', 'Malagasy Ariary', 'Ar', 1.000000, NULL, 'Iraimbilanja', 5, 1, '', '.', ',', 1, 100, 0, '2023-09-26 00:41:31', '2023-09-26 00:41:31'),
(268, 'MKD', '807', 'Macedonian Denar', 'ден', 1.000000, NULL, 'Deni', 100, 0, '', '.', ',', 100, 100, 0, '2023-09-26 00:41:31', '2023-09-26 00:41:31'),
(269, 'MMK', '104', 'Myanmar Kyat', 'K', 1.000000, 'MMK', 'Pya', 100, 0, '', '.', ',', 50, 100, 0, '2023-09-26 00:41:31', '2023-09-26 00:41:31'),
(270, 'MNT', '496', 'Mongolian Tögrög', '₮', 1.000000, NULL, 'Möngö', 100, 0, '&#x20AE;', '.', ',', 2000, 100, 0, '2023-09-26 00:41:31', '2023-09-26 00:41:31'),
(271, 'MOP', '446', 'Macanese Pataca', 'P', 1.000000, NULL, 'Avo', 100, 0, '', '.', ',', 10, 100, 0, '2023-09-26 00:41:31', '2023-09-26 00:41:31'),
(272, 'MRO', '478', 'Mauritanian Ouguiya', 'UM', 1.000000, NULL, 'Khoums', 5, 0, '', '.', ',', 1, 100, 0, '2023-09-26 00:41:31', '2023-09-26 00:41:31'),
(273, 'MUR', '480', 'Mauritian Rupee', '₨', 1.000000, NULL, 'Cent', 100, 1, '&#x20A8;', '.', ',', 100, 100, 0, '2023-09-26 00:41:31', '2023-09-26 00:41:31'),
(274, 'MVR', '462', 'Maldivian Rufiyaa', 'MVR', 1.000000, NULL, 'Laari', 100, 0, '', '.', ',', 1, 100, 0, '2023-09-26 00:41:31', '2023-09-26 00:41:31'),
(275, 'MWK', '454', 'Malawian Kwacha', 'MK', 1.000000, NULL, 'Tambala', 100, 0, '', '.', ',', 1, 100, 0, '2023-09-26 00:41:31', '2023-09-26 00:41:31'),
(276, 'MXN', '484', 'Mexican Peso', '$', 1.000000, 'MEX$', 'Centavo', 100, 1, '$', '.', ',', 5, 100, 0, '2023-09-26 00:41:31', '2023-09-26 00:41:31'),
(277, 'MYR', '458', 'Malaysian Ringgit', 'RM', 1.000000, NULL, 'Sen', 100, 1, '', '.', ',', 5, 100, 0, '2023-09-26 00:41:31', '2023-09-26 00:41:31'),
(278, 'MZN', '943', 'Mozambican Metical', 'MTn', 1.000000, NULL, 'Centavo', 100, 1, '', ',', '.', 1, 100, 0, '2023-09-26 00:41:31', '2023-09-26 00:41:31'),
(279, 'NAD', '516', 'Namibian Dollar', '$', 1.000000, 'N$', 'Cent', 100, 0, '$', '.', ',', 5, 100, 0, '2023-09-26 00:41:31', '2023-09-26 00:41:31'),
(280, 'NGN', '566', 'Nigerian Naira', '₦', 1.000000, NULL, 'Kobo', 100, 1, '&#x20A6;', '.', ',', 50, 100, 0, '2023-09-26 00:41:31', '2023-09-26 00:41:31'),
(281, 'NIO', '558', 'Nicaraguan Córdoba', 'C$', 1.000000, NULL, 'Centavo', 100, 0, '', '.', ',', 5, 100, 0, '2023-09-26 00:41:31', '2023-09-26 00:41:31'),
(282, 'NOK', '578', 'Norwegian Krone', 'kr', 1.000000, 'NOK', 'Øre', 100, 0, 'kr', ',', '.', 100, 100, 0, '2023-09-26 00:41:31', '2023-09-26 00:41:31'),
(283, 'NPR', '524', 'Nepalese Rupee', '₨', 1.000000, 'NPR', 'Paisa', 100, 1, '&#x20A8;', '.', ',', 1, 100, 0, '2023-09-26 00:41:31', '2023-09-26 00:41:31'),
(284, 'NZD', '554', 'New Zealand Dollar', '$', 1.000000, 'NZ$', 'Cent', 100, 1, '$', '.', ',', 10, 100, 0, '2023-09-26 00:41:31', '2023-09-26 00:41:31'),
(285, 'OMR', '512', 'Omani Rial', 'ر.ع.', 1.000000, NULL, 'Baisa', 1000, 1, '&#xFDFC;', '.', ',', 5, 100, 0, '2023-09-26 00:41:31', '2023-09-26 00:41:31'),
(286, 'PAB', '590', 'Panamanian Balboa', 'B/.', 1.000000, NULL, 'Centésimo', 100, 0, '', '.', ',', 1, 100, 0, '2023-09-26 00:41:31', '2023-09-26 00:41:31'),
(287, 'PEN', '604', 'Peruvian Nuevo Sol', 'S/.', 1.000000, NULL, 'Céntimo', 100, 1, 'S/.', '.', ',', 1, 100, 0, '2023-09-26 00:41:31', '2023-09-26 00:41:31'),
(288, 'PGK', '598', 'Papua New Guinean Kina', 'K', 1.000000, 'PGK', 'Toea', 100, 0, '', '.', ',', 5, 100, 0, '2023-09-26 00:41:31', '2023-09-26 00:41:31'),
(289, 'PHP', '608', 'Philippine Peso', '₱', 1.000000, NULL, 'Centavo', 100, 1, '&#x20B1;', '.', ',', 1, 100, 0, '2023-09-26 00:41:31', '2023-09-26 00:41:31'),
(290, 'PKR', '586', 'Pakistani Rupee', '₨', 1.000000, 'PKR', 'Paisa', 100, 1, '&#x20A8;', '.', ',', 100, 100, 0, '2023-09-26 00:41:31', '2023-09-26 00:41:31'),
(291, 'PLN', '985', 'Polish Złoty', 'zł', 1.000000, NULL, 'Grosz', 100, 0, 'z&#322;', ',', ' ', 1, 100, 0, '2023-09-26 00:41:31', '2023-09-26 00:41:31'),
(292, 'PYG', '600', 'Paraguayan Guaraní', '₲', 1.000000, NULL, 'Céntimo', 1, 1, '&#x20B2;', '.', ',', 5000, 100, 0, '2023-09-26 00:41:31', '2023-09-26 00:41:31'),
(293, 'QAR', '634', 'Qatari Riyal', 'ر.ق', 1.000000, NULL, 'Dirham', 100, 0, '&#xFDFC;', '.', ',', 1, 100, 0, '2023-09-26 00:41:31', '2023-09-26 00:41:31'),
(294, 'RON', '946', 'Romanian Leu', 'Lei', 1.000000, NULL, 'Bani', 100, 0, '', ',', '.', 1, 100, 0, '2023-09-26 00:41:31', '2023-09-26 00:41:31'),
(295, 'RSD', '941', 'Serbian Dinar', 'Ð СД', 1.000000, NULL, 'Para', 100, 1, '', '.', ',', 100, 100, 0, '2023-09-26 00:41:31', '2023-09-26 00:41:31'),
(296, 'RUB', '643', 'Russian Ruble', '₽', 1.000000, NULL, 'Kopeck', 100, 0, '&#x20BD;', ',', '.', 1, 100, 0, '2023-09-26 00:41:31', '2023-09-26 00:41:31'),
(297, 'RWF', '646', 'Rwandan Franc', 'FRw', 1.000000, NULL, 'Centime', 1, 0, '', '.', ',', 100, 100, 0, '2023-09-26 00:41:31', '2023-09-26 00:41:31'),
(298, 'SAR', '682', 'Saudi Riyal', 'ر.س', 1.000000, NULL, 'Hallallah', 100, 1, '&#xFDFC;', '.', ',', 5, 100, 0, '2023-09-26 00:41:31', '2023-09-26 00:41:31'),
(299, 'SBD', '090', 'Solomon Islands Dollar', '$', 1.000000, 'SI$', 'Cent', 100, 0, '$', '.', ',', 10, 100, 0, '2023-09-26 00:41:31', '2023-09-26 00:41:31'),
(300, 'SCR', '690', 'Seychellois Rupee', '₨', 1.000000, 'SRe', 'Cent', 100, 0, '&#x20A8;', '.', ',', 1, 100, 0, '2023-09-26 00:41:31', '2023-09-26 00:41:31'),
(301, 'SDG', '938', 'Sudanese Pound', '£', 1.000000, 'SDG', 'Piastre', 100, 1, '', '.', ',', 1, 100, 0, '2023-09-26 00:41:31', '2023-09-26 00:41:31'),
(302, 'SEK', '752', 'Swedish Krona', 'kr', 1.000000, 'SEK', 'Öre', 100, 0, '', ',', ' ', 100, 100, 0, '2023-09-26 00:41:31', '2023-09-26 00:41:31'),
(303, 'SGD', '702', 'Singapore Dollar', '$', 1.000000, 'S$', 'Cent', 100, 1, '$', '.', ',', 1, 100, 0, '2023-09-26 00:41:31', '2023-09-26 00:41:31'),
(304, 'SHP', '654', 'Saint Helenian Pound', '£', 1.000000, 'SHP', 'Penny', 100, 0, '&#x00A3;', '.', ',', 1, 100, 0, '2023-09-26 00:41:31', '2023-09-26 00:41:31'),
(305, 'SKK', '703', 'Slovak Koruna', 'Sk', 1.000000, NULL, 'Halier', 100, 1, '', '.', ',', 50, 100, 0, '2023-09-26 00:41:31', '2023-09-26 00:41:31'),
(306, 'SLL', '694', 'Sierra Leonean Leone', 'Le', 1.000000, NULL, 'Cent', 100, 0, '', '.', ',', 1000, 100, 0, '2023-09-26 00:41:31', '2023-09-26 00:41:31'),
(307, 'SOS', '706', 'Somali Shilling', 'Sh', 1.000000, NULL, 'Cent', 100, 0, '', '.', ',', 1, 100, 0, '2023-09-26 00:41:31', '2023-09-26 00:41:31'),
(308, 'SRD', '968', 'Surinamese Dollar', '$', 1.000000, 'SRD', 'Cent', 100, 0, '', '.', ',', 1, 100, 0, '2023-09-26 00:41:31', '2023-09-26 00:41:31'),
(309, 'SSP', '728', 'South Sudanese Pound', '£', 1.000000, 'SSP', 'piaster', 100, 0, '&#x00A3;', '.', ',', 5, 100, 0, '2023-09-26 00:41:31', '2023-09-26 00:41:31'),
(310, 'STD', '678', 'São Tomé and Príncipe Dobra', 'Db', 1.000000, NULL, 'Cêntimo', 100, 0, '', '.', ',', 10000, 100, 0, '2023-09-26 00:41:31', '2023-09-26 00:41:31'),
(311, 'SVC', '222', 'Salvadoran Colón', '₡', 1.000000, NULL, 'Centavo', 100, 1, '&#x20A1;', '.', ',', 1, 100, 0, '2023-09-26 00:41:31', '2023-09-26 00:41:31'),
(312, 'SYP', '760', 'Syrian Pound', '£S', 1.000000, NULL, 'Piastre', 100, 0, '&#x00A3;', '.', ',', 100, 100, 0, '2023-09-26 00:41:31', '2023-09-26 00:41:31'),
(313, 'SZL', '748', 'Swazi Lilangeni', 'E', 1.000000, 'SZL', 'Cent', 100, 1, '', '.', ',', 1, 100, 0, '2023-09-26 00:41:31', '2023-09-26 00:41:31'),
(314, 'THB', '764', 'Thai Baht', '฿', 1.000000, NULL, 'Satang', 100, 1, '&#x0E3F;', '.', ',', 1, 100, 0, '2023-09-26 00:41:31', '2023-09-26 00:41:31'),
(315, 'TJS', '972', 'Tajikistani Somoni', 'ЅМ', 1.000000, NULL, 'Diram', 100, 0, '', '.', ',', 1, 100, 0, '2023-09-26 00:41:31', '2023-09-26 00:41:31'),
(316, 'TMT', '934', 'Turkmenistani Manat', 'T', 1.000000, NULL, 'Tenge', 100, 0, '', '.', ',', 1, 100, 0, '2023-09-26 00:41:31', '2023-09-26 00:41:31'),
(317, 'TND', '788', 'Tunisian Dinar', 'د.ت', 1.000000, NULL, 'Millime', 1000, 0, '', '.', ',', 10, 100, 0, '2023-09-26 00:41:31', '2023-09-26 00:41:31'),
(318, 'TOP', '776', 'Tongan Paʻanga', 'T$', 1.000000, NULL, 'Seniti', 100, 1, '', '.', ',', 1, 100, 0, '2023-09-26 00:41:31', '2023-09-26 00:41:31'),
(319, 'TRY', '949', 'Turkish Lira', '₺', 1.000000, NULL, 'kuruş', 100, 1, '&#8378;', ',', '.', 1, 100, 0, '2023-09-26 00:41:31', '2023-09-26 00:41:31'),
(320, 'TTD', '780', 'Trinidad and Tobago Dollar', '$', 1.000000, 'TT$', 'Cent', 100, 0, '$', '.', ',', 1, 100, 0, '2023-09-26 00:41:31', '2023-09-26 00:41:31'),
(321, 'TWD', '901', 'New Taiwan Dollar', '$', 1.000000, 'NT$', 'Cent', 100, 1, '$', '.', ',', 50, 100, 0, '2023-09-26 00:41:31', '2023-09-26 00:41:31'),
(322, 'TZS', '834', 'Tanzanian Shilling', 'Sh', 1.000000, NULL, 'Cent', 100, 1, '', '.', ',', 5000, 100, 0, '2023-09-26 00:41:31', '2023-09-26 00:41:31'),
(323, 'UAH', '980', 'Ukrainian Hryvnia', '₴', 1.000000, NULL, 'Kopiyka', 100, 0, '&#x20B4;', '.', ',', 1, 100, 0, '2023-09-26 00:41:31', '2023-09-26 00:41:31'),
(324, 'UGX', '800', 'Ugandan Shilling', 'USh', 1.000000, NULL, 'Cent', 1, 0, '', '.', ',', 1000, 100, 0, '2023-09-26 00:41:31', '2023-09-26 00:41:31'),
(325, 'USD', '840', 'United States Dollar', '$', 1.000000, 'US$', 'Cent', 100, 1, '$', '.', ',', 1, 1, 1, '2023-09-26 00:41:31', '2023-12-23 00:32:20'),
(326, 'UYU', '858', 'Uruguayan Peso', '$', 1.000000, NULL, 'Centésimo', 100, 1, '&#x20B1;', ',', '.', 100, 100, 0, '2023-09-26 00:41:31', '2023-09-26 00:41:31'),
(327, 'UZS', '860', 'Uzbekistan Som', '', 1.000000, NULL, 'Tiyin', 100, 0, '', '.', ',', 100, 100, 0, '2023-09-26 00:41:31', '2023-09-26 00:41:31'),
(328, 'VEF', '937', 'Venezuelan Bolívar', 'Bs', 1.000000, NULL, 'Céntimo', 100, 1, '', ',', '.', 1, 100, 0, '2023-09-26 00:41:31', '2023-09-26 00:41:31'),
(329, 'VND', '704', 'Vietnamese Äồng', '₫', 1.000000, NULL, 'HÃ o', 1, 1, '&#x20AB;', ',', '.', 100, 100, 0, '2023-09-26 00:41:31', '2023-09-26 00:41:31'),
(330, 'VUV', '548', 'Vanuatu Vatu', 'Vt', 1.000000, NULL, NULL, 1, 1, '', '.', ',', 1, 100, 0, '2023-09-26 00:41:31', '2023-09-26 00:41:31'),
(331, 'WST', '882', 'Samoan Tala', 'T', 1.000000, 'WS$', 'Sene', 100, 0, '', '.', ',', 10, 100, 0, '2023-09-26 00:41:31', '2023-09-26 00:41:31'),
(332, 'XAF', '950', 'Central African Cfa Franc', 'Fr', 1.000000, 'FCFA', 'Centime', 1, 0, '', '.', ',', 100, 100, 0, '2023-09-26 00:41:31', '2023-09-26 00:41:31'),
(333, 'XAG', '961', 'Silver (Troy Ounce)', 'oz t', 1.000000, 'XAG', 'oz', 1, 0, '', '.', ',', 1, 100, 0, '2023-09-26 00:41:31', '2023-09-26 00:41:31'),
(334, 'XAU', '959', 'Gold (Troy Ounce)', 'oz t', 1.000000, 'XAU', 'oz', 1, 0, '', '.', ',', 1, 100, 0, '2023-09-26 00:41:31', '2023-09-26 00:41:31'),
(335, 'XBA', '955', 'European Composite Unit', '', 1.000000, 'XBA', '', 1, 0, '', '.', ',', 1, 100, 0, '2023-09-26 00:41:31', '2023-09-26 00:41:31'),
(336, 'XBB', '956', 'European Monetary Unit', '', 1.000000, 'XBB', '', 1, 0, '', '.', ',', 1, 100, 0, '2023-09-26 00:41:31', '2023-09-26 00:41:31'),
(337, 'XBC', '957', 'European Unit of Account 9', '', 1.000000, 'XBC', '', 1, 0, '', '.', ',', 1, 100, 0, '2023-09-26 00:41:31', '2023-09-26 00:41:31'),
(338, 'XBD', '958', 'European Unit of Account 17', '', 1.000000, 'XBD', '', 1, 0, '', '.', ',', 1, 100, 0, '2023-09-26 00:41:31', '2023-09-26 00:41:31'),
(339, 'XCD', '951', 'East Caribbean Dollar', '$', 1.000000, 'EX$', 'Cent', 100, 1, '$', '.', ',', 1, 100, 0, '2023-09-26 00:41:31', '2023-09-26 00:41:31'),
(340, 'XDR', '960', 'Special Drawing Rights', 'SDR', 1.000000, NULL, '', 1, 0, '$', '.', ',', 1, 100, 0, '2023-09-26 00:41:31', '2023-09-26 00:41:31'),
(341, 'XOF', '952', 'West African Cfa Franc', 'Fr', 1.000000, 'CFA', 'Centime', 1, 0, '', '.', ',', 100, 100, 0, '2023-09-26 00:41:31', '2023-09-26 00:41:31'),
(342, 'XPD', '964', 'Palladium', 'oz t', 1.000000, 'XPD', 'oz', 1, 0, '', '.', ',', 1, 100, 0, '2023-09-26 00:41:31', '2023-09-26 00:41:31'),
(343, 'XPF', '953', 'Cfp Franc', 'Fr', 1.000000, NULL, 'Centime', 1, 0, '', '.', ',', 100, 100, 0, '2023-09-26 00:41:31', '2023-09-26 00:41:31'),
(344, 'XPT', '962', 'Platinum', 'oz t', 1.000000, NULL, '', 1, 0, '', '.', ',', 1, 100, 0, '2023-09-26 00:41:31', '2023-09-26 00:41:31'),
(345, 'xts', '963', 'Codes specifically reserved for testing purposes', '', 1.000000, NULL, '', 1, 0, '', '.', ',', 1, 100, 0, '2023-09-26 00:41:31', '2023-09-26 00:41:31'),
(346, 'YER', '886', 'Yemeni Rial', '﷼', 1.000000, NULL, 'Fils', 100, 0, '&#xFDFC;', '.', ',', 100, 100, 0, '2023-09-26 00:41:31', '2023-09-26 00:41:31'),
(347, 'ZAR', '710', 'South African Rand', 'R', 1.000000, NULL, 'Cent', 100, 1, '&#x0052;', '.', ',', 10, 100, 0, '2023-09-26 00:41:31', '2023-09-26 00:41:31'),
(348, 'ZMK', '894', 'Zambian Kwacha', 'ZK', 1.000000, 'ZMK', 'Ngwee', 100, 0, '', '.', ',', 5, 100, 0, '2023-09-26 00:41:31', '2023-09-26 00:41:31'),
(349, 'ZMW', '967', 'Zambian Kwacha', 'ZK', 1.000000, 'ZMW', 'Ngwee', 100, 0, '', '.', ',', 5, 100, 0, '2023-09-26 00:41:31', '2023-09-26 00:41:31'),
(350, 'BTC', '', 'Bitcoin', 'B⃦', 1.000000, NULL, 'Satoshi', 100000000, 1, '', '.', ',', 1, 100, 0, '2023-09-26 00:41:31', '2023-09-26 00:41:31'),
(351, 'JEP', '', 'Jersey Pound', '£', 1.000000, 'JEP', 'Penny', 100, 1, '&#x00A3;', '.', ',', 1, 100, 0, '2023-09-26 00:41:31', '2023-09-26 00:41:31'),
(352, 'GGP', '', 'Guernsey Pound', '£', 1.000000, 'GGP', 'Penny', 100, 1, '&#x00A3;', '.', ',', 1, 100, 0, '2023-09-26 00:41:31', '2023-09-26 00:41:31'),
(353, 'IMP', '', 'Isle of Man Pound', '£', 1.000000, 'IMP', 'Penny', 100, 1, '&#x00A3;', '.', ',', 1, 100, 0, '2023-09-26 00:41:31', '2023-09-26 00:41:31'),
(354, 'XFU', '', 'UIC Franc', '', 1.000000, 'XFU', '', 100, 1, '', '.', ',', 1, 100, 0, '2023-09-26 00:41:31', '2023-09-26 00:41:31');

-- --------------------------------------------------------

--
-- Table structure for table `customers`
--

CREATE TABLE `customers` (
  `id` bigint(20) UNSIGNED NOT NULL,
  `name` varchar(255) NOT NULL,
  `nice_name` varchar(255) DEFAULT NULL,
  `email` varchar(255) DEFAULT NULL,
  `password` varchar(60) DEFAULT NULL,
  `dob` date DEFAULT NULL,
  `sex` varchar(255) DEFAULT NULL,
  `description` longtext DEFAULT NULL,
  `last_visited_at` timestamp NULL DEFAULT NULL,
  `last_visited_from` varchar(45) DEFAULT NULL,
  `stripe_id` varchar(255) DEFAULT NULL,
  `card_holder_name` text DEFAULT NULL,
  `pm_type` varchar(255) DEFAULT NULL,
  `pm_last_four` varchar(255) DEFAULT NULL,
  `active` tinyint(1) DEFAULT 1,
  `accepts_marketing` tinyint(1) DEFAULT 1,
  `verification_token` varchar(100) DEFAULT NULL,
  `api_token` varchar(80) DEFAULT NULL,
  `fcm_token` varchar(255) DEFAULT NULL,
  `remember_token` varchar(100) DEFAULT NULL,
  `deleted_at` timestamp NULL DEFAULT NULL,
  `created_at` timestamp NULL DEFAULT NULL,
  `updated_at` timestamp NULL DEFAULT NULL,
  `approval_status` tinyint(1) DEFAULT NULL,
  `extra_info` longtext DEFAULT NULL
) ENGINE=InnoDB DEFAULT CHARSET=utf8 COLLATE=utf8_unicode_ci;

--
-- Dumping data for table `customers`
--

INSERT INTO `customers` (`id`, `name`, `nice_name`, `email`, `password`, `dob`, `sex`, `description`, `last_visited_at`, `last_visited_from`, `stripe_id`, `card_holder_name`, `pm_type`, `pm_last_four`, `active`, `accepts_marketing`, `verification_token`, `api_token`, `fcm_token`, `remember_token`, `deleted_at`, `created_at`, `updated_at`, `approval_status`, `extra_info`) VALUES
(1, 'Cornell Parker', 'McCullough', 'customer@demo.com', '$2y$10$w2BBPvi7N55Y6KzkC/T6zuAdlDc2z3GCn6ulAVpo/31/u.EwIbOaq', '1986-10-20', 'app.male', 'Quasi consequatur et impedit dignissimos facere maiores omnis sit. Soluta consectetur qui fuga nostrum ea ipsum sint. Asperiores sint aliquid reiciendis voluptates eligendi aliquid suscipit neque.', NULL, NULL, NULL, NULL, NULL, NULL, 1, 1, NULL, NULL, NULL, 'lKlkXuVt009kZKnYOSQPeFdsFoKDvvtWKjvqex59nZLG65TlB2s3ZDCMruCP', NULL, '2020-09-02 15:57:44', '2020-09-02 15:57:44', NULL, NULL),
(2, 'Miss Daphnee Rau', 'Rodriguez', 'willa.feest@gmail.com', '$2y$10$1fzlibYMs6VzjUMD6akHne3Hpk6CutlZqkmusJV3bc/KeyrQuH2xy', '1977-04-25', 'app.male', 'Aut aliquid fugit consequuntur vel ratione. Consequatur ratione reiciendis aut itaque eum.', NULL, NULL, NULL, NULL, NULL, NULL, 1, 1, NULL, NULL, NULL, '5gXsOwou3F', NULL, '2021-08-02 15:57:44', '2021-08-02 15:57:44', NULL, NULL),
(3, 'Paris Braun', 'Gorczany', 'candida.ortiz@mitchell.com', '$2y$10$ouFWl3UtQikuOsNvkwzYr.aRQAYHLkIu3pTBGN9gd5cpWHp88IkvK', '1985-12-06', 'app.male', 'Et assumenda delectus doloremque aut asperiores. Quia quidem corporis aut non minima assumenda ut quod. Dolores quia excepturi nesciunt laudantium et.', NULL, NULL, NULL, NULL, NULL, NULL, 1, 1, NULL, NULL, NULL, 'rIMZwX4cT6', NULL, '2020-09-02 15:57:44', '2020-09-02 15:57:44', NULL, NULL),
(4, 'Dr. Rosendo Heathcote MD', 'Grant', 'bradtke.astrid@cronin.net', '$2y$10$lQgFZNccVO.XwXi1Ab97NO3u5UYtEarW/iNZNpudILVctbL3pC0kG', '2012-12-05', 'app.female', 'Et iste odio distinctio. Et ducimus pariatur voluptas commodi excepturi nemo. Accusamus quis quaerat qui quaerat maiores modi. Occaecati voluptatem non ab facere molestiae qui.', NULL, NULL, NULL, NULL, NULL, NULL, 1, 1, NULL, NULL, NULL, 'tLLcacMNcf', NULL, '2021-01-02 15:57:44', '2021-01-02 15:57:44', NULL, NULL),
(5, 'Kitty Mills', 'O\'Kon', 'jjenkins@gmail.com', '$2y$10$8H0vANfo.kqtIn5BDcLhSO5gwv8tauer0c1LgOS6z2hVLOj6dCQZa', '1977-09-20', 'app.male', 'Quod possimus non rerum rerum eum. Tenetur deleniti distinctio ad architecto et alias at et. Autem earum eveniet dolor quisquam ducimus.', NULL, NULL, NULL, NULL, NULL, NULL, 1, 1, NULL, NULL, NULL, 'DHL24wl1a1', NULL, '2021-08-02 15:57:44', '2021-08-02 15:57:44', NULL, NULL),
(6, 'Trystan Jaskolski', 'Kiehn', 'hartmann.lizeth@metz.com', '$2y$10$euL9..5M8FVwCMiWijOiA.bUeB.FM9xrqOj7QxwZuePJMsq4Y4aEK', '2007-10-06', 'app.female', 'Reprehenderit id cumque vero et aut aperiam. Placeat maiores at optio. Non facilis asperiores molestiae dolorum perspiciatis. Doloribus sapiente tenetur dolores id et corporis.', NULL, NULL, NULL, NULL, NULL, NULL, 1, 1, NULL, NULL, NULL, 'rUGKrh3WwK', NULL, '2020-07-02 15:57:44', '2020-07-02 15:57:44', NULL, NULL),
(7, 'Eileen Treutel', 'Schowalter', 'ywalter@rosenbaum.info', '$2y$10$gsrx/5IgXY6BpE7zoC/Dzua8KBsVwHmYraPvhXDLYOz6Zdg2/o9Ru', '1989-06-25', 'app.male', 'Repellendus voluptatem aspernatur odio omnis magnam commodi non. Aliquid sed voluptatibus soluta. Quos qui dolores voluptas est rerum.', NULL, NULL, NULL, NULL, NULL, NULL, 1, 1, NULL, NULL, NULL, 'ClxK4UDkSg', NULL, '2021-02-02 15:57:44', '2021-02-02 15:57:44', NULL, NULL),
(8, 'Kelley Brown', 'Emmerich', 'beer.maybelle@kirlin.com', '$2y$10$.DkPPFA3Wn1sbXQSB2XCT.KR0RixuxSFD8EeWZsHU4hB09f8aSBFe', '1989-11-18', 'app.male', 'Suscipit eveniet temporibus libero perspiciatis quia. Deserunt quia dolor fugit quia et occaecati. Dolorem aut a non fuga. Nihil similique autem distinctio adipisci.', NULL, NULL, NULL, NULL, NULL, NULL, 1, 1, NULL, NULL, NULL, 'hzRrT1Ve93', NULL, '2021-04-02 15:57:44', '2021-04-02 15:57:44', NULL, NULL),
(9, 'Kelley Herman', 'Paucek', 'laney.schimmel@kiehn.com', '$2y$10$XAu/RRj.tKd0acsyzRMTg.Ge6OOGAbEAtmyVLQYyJkoXxLFhRQKTC', '2022-04-29', 'app.male', 'Odit dolorum quos autem voluptas eius placeat. Est quidem quas sint corporis et fugiat et. Assumenda aut expedita aut molestias provident ut. Dolorum voluptatibus qui impedit exercitationem ut.', NULL, NULL, NULL, NULL, NULL, NULL, 1, 1, NULL, NULL, NULL, 'nZOcuf8Alo', NULL, '2020-12-02 15:57:44', '2020-12-02 15:57:44', NULL, NULL),
(10, 'Sigrid Wintheiser Jr.', 'Abshire', 'amparo.harris@kertzmann.com', '$2y$10$DEwSiJtppTExaK4aW5SWQOPM1/9XuNfXBKyWIIS9p.8ZNBR7jOv4G', '2014-05-16', 'app.male', 'Nemo eum quod facere accusamus et eum tempora. Rem neque omnis et. Ut magnam quibusdam sint dolorum reiciendis possimus.', NULL, NULL, NULL, NULL, NULL, NULL, 1, 1, NULL, NULL, NULL, 'daO5vYk8gN', NULL, '2020-09-02 15:57:44', '2020-09-02 15:57:44', NULL, NULL),
(11, 'Alfreda King III', 'Kuphal', 'libby.marvin@hotmail.com', '$2y$10$CHzRAsZDCScw07irnHgUHeYY4th6ZNgb4ONjZk7Efg4hK3dXd4Vnu', '2004-09-05', 'app.female', 'Rerum sed molestiae delectus. Eum molestiae sint ipsum quia consectetur ut rem. Quo rerum modi magnam quo saepe harum.', NULL, NULL, NULL, NULL, NULL, NULL, 1, 1, NULL, NULL, NULL, 'JiDrKJF4t3', NULL, '2020-10-02 15:57:44', '2020-10-02 15:57:44', NULL, NULL),
(12, 'Ms. Bianka Pfannerstill DDS', 'Morar', 'crona.emie@jenkins.com', '$2y$10$yJkxpdx7iNpNNdBv.Vwp0uT6qBJM2mSCqY/C/1PP1TMGsE5A/bOEq', '2005-06-27', 'app.other', 'Ut praesentium quae officiis eos aliquid dolore. Laborum sit cupiditate dolore et. Est quia quia iste.', NULL, NULL, NULL, NULL, NULL, NULL, 1, 1, NULL, NULL, NULL, 'da5dVP69vT', NULL, '2020-09-02 15:57:44', '2020-09-02 15:57:44', NULL, NULL),
(13, 'Mrs. Audrey Greenholt', 'Paucek', 'nitzsche.jo@hettinger.info', '$2y$10$W8HOo8AVbu4NKOhvNfeMxOdQD2PqIHYRR8qus6PTZeTsv6MmR1Jxe', '2018-09-18', 'app.male', 'Eius dolor velit fuga fugit. Est earum animi est alias. Sunt ullam amet est quis vero non fugit.', NULL, NULL, NULL, NULL, NULL, NULL, 1, 1, NULL, NULL, NULL, '8z43YbLXgE', NULL, '2021-05-02 15:57:44', '2021-05-02 15:57:44', NULL, NULL),
(14, 'Palma Gusikowski', 'Runolfsson', 'zreilly@hotmail.com', '$2y$10$gGjMC3hGPMFrsCU9FrS/j.mE1/F3BSTcfXpGHtuI4ZEZU9b.tW1va', '2021-11-30', 'app.other', 'Est consequatur illum excepturi et ab voluptatem sit. Autem earum non et quia voluptas praesentium.', NULL, NULL, NULL, NULL, NULL, NULL, 1, 1, NULL, NULL, NULL, '6PKLFsmpcz', NULL, '2021-05-02 15:57:45', '2021-05-02 15:57:45', NULL, NULL),
(15, 'Miss Keara Stroman', 'Stark', 'demond53@schamberger.biz', '$2y$10$KqORTNgt1C07FC.6RGZkw.tY62UwSOQqZSSCr.mBUkE0halZXW9E.', '1991-09-15', 'app.female', 'Et rerum enim perferendis eius pariatur. Error alias occaecati corrupti quia. Accusamus dicta ut aut ullam cum consequatur quas. Corrupti sequi nesciunt harum et.', NULL, NULL, NULL, NULL, NULL, NULL, 1, 1, NULL, NULL, NULL, 'e0DiQIFiZA', NULL, '2020-11-02 15:57:45', '2020-11-02 15:57:45', NULL, NULL),
(16, 'Bridie Leffler', 'Lemke', 'alf34@hotmail.com', '$2y$10$zVFURy1.pTjl70DRE/z6v.SWeX6WHOylwEWlukCWunknDt9s6Gika', '1994-01-12', 'app.male', 'Tenetur nobis animi et minus exercitationem cum quia. Dolorem sed fuga nemo rerum quasi ut. Quibusdam quae commodi vel veritatis quas consequatur exercitationem.', NULL, NULL, NULL, NULL, NULL, NULL, 1, 1, NULL, NULL, NULL, 'itlbzwX6FV', NULL, '2021-02-02 15:57:45', '2021-02-02 15:57:45', NULL, NULL),
(17, 'Jhon Mack', NULL, 'customer.sy@demo.com', '$2y$10$Cld.vlwXW7041e26HwldaOpnWMxsCEVm5/LiIGsMEpPUmleadxKmu', NULL, NULL, NULL, NULL, NULL, NULL, NULL, NULL, NULL, 1, NULL, 'ARURe3GWjNngSQJzMwoYLxmBwevFOj6HjxtJFYum', NULL, NULL, NULL, NULL, '2022-12-12 04:56:53', '2022-12-12 04:56:53', NULL, NULL),
(18, 'Jhon Doe', NULL, 'test.test@demo.com', '$2y$10$uLSmxfZ4xj2zMwFha5rTdOiNabHyOQm42lAF9iqh7fBGliY23usoS', NULL, NULL, NULL, NULL, NULL, NULL, NULL, NULL, NULL, 1, NULL, 'TF5gY7a5j3YK7gMtfQmrlzMAK6fmzpSUYWHYycxw', NULL, NULL, NULL, NULL, '2022-12-12 05:10:53', '2022-12-12 05:10:53', NULL, NULL),
(19, 'Jhon Mack', NULL, 'jhonmach@test.com', '$2y$10$dE0zeYDIlD9yreaNTmap9e0j9mRf37cWW1VfmxOWz0xVwfg7WjFsi', NULL, NULL, NULL, NULL, NULL, NULL, NULL, NULL, NULL, 1, 1, 'WTEHcKb3YeOlsQwsaqiSCLXGGYvpkgRT5sGudB5y', NULL, NULL, NULL, NULL, '2022-12-13 07:18:56', '2022-12-13 07:18:56', NULL, NULL),
(20, 'Jhon Doe', NULL, 'jhonhant@demo.com', '$2y$10$/uHW/DW423gWF4NUgg5dQ.2VJiD3X9aWQQ8/..Sg4fY7zQF6JH23W', NULL, NULL, NULL, NULL, NULL, NULL, NULL, NULL, NULL, 1, NULL, 'Ftj77eXuUTLQGr0UMcQYkV9DyJVPYZZ5wrnGAOC0', NULL, NULL, NULL, NULL, '2022-12-13 07:23:14', '2022-12-13 07:23:14', NULL, NULL),
(21, 'Jeffy Way', 'jeffy', 'jeffy@test.com', '$2y$10$/z2/8jEs/14/PmNEd/nn4OUZw2XxGpdy1HqoABO5uWF3MiCx19qlC', '1998-04-25', NULL, NULL, NULL, NULL, NULL, NULL, NULL, NULL, 1, 1, 'KDeFEngu9cvqCVsUzvhO0BLz4cFP2yTk9VV9PyUz', NULL, NULL, NULL, NULL, '2022-12-14 06:38:14', '2022-12-14 07:02:15', NULL, NULL),
(22, 'Becky Flores', NULL, 'becky.flores@example.com', '$2y$10$It7aY99EhiDnAdhFEJln2OYH7UrrOmNlXyqRPVVk6oj001cirqK9u', NULL, NULL, NULL, NULL, NULL, NULL, NULL, NULL, NULL, 1, 1, 'duIRmasQe2nJc7djWQmtwe15Hsc7UUiK3YEKJY73', NULL, NULL, NULL, NULL, '2022-12-14 07:24:17', '2022-12-14 07:24:17', NULL, NULL),
(23, 'Tate Kertzmann', NULL, 'merchant@demo.com', '$2y$10$.SwDslaX80VDU8Y4USitcuSTEQQ7aiz15wQe7RMuiv4idX4TTyJLS', NULL, NULL, NULL, NULL, NULL, NULL, NULL, NULL, NULL, 1, 1, NULL, NULL, NULL, NULL, NULL, '2024-01-13 09:17:48', '2024-01-13 09:17:48', NULL, NULL);

-- --------------------------------------------------------

--
-- Table structure for table `customer_event`
--

CREATE TABLE `customer_event` (
  `id` bigint(20) UNSIGNED NOT NULL,
  `event_id` bigint(20) UNSIGNED NOT NULL,
  `customer_id` bigint(20) UNSIGNED NOT NULL,
  `created_at` timestamp NULL DEFAULT NULL,
  `updated_at` timestamp NULL DEFAULT NULL
) ENGINE=InnoDB DEFAULT CHARSET=utf8 COLLATE=utf8_unicode_ci;

--
-- Dumping data for table `customer_event`
--

INSERT INTO `customer_event` (`id`, `event_id`, `customer_id`, `created_at`, `updated_at`) VALUES
(1, 1, 1, NULL, NULL),
(2, 3, 1, NULL, NULL);

-- --------------------------------------------------------

--
-- Table structure for table `dashboard_configs`
--

CREATE TABLE `dashboard_configs` (
  `user_id` bigint(20) NOT NULL,
  `upgrade_plan_notice` tinyint(1) DEFAULT 1,
  `created_at` timestamp NULL DEFAULT NULL,
  `updated_at` timestamp NULL DEFAULT NULL
) ENGINE=InnoDB DEFAULT CHARSET=utf8 COLLATE=utf8_unicode_ci;

--
-- Dumping data for table `dashboard_configs`
--

INSERT INTO `dashboard_configs` (`user_id`, `upgrade_plan_notice`, `created_at`, `updated_at`) VALUES
(1, 1, '2022-08-02 15:57:42', '2022-08-02 15:57:42'),
(2, 1, '2022-08-02 15:57:43', '2022-08-02 15:57:43'),
(3, 1, '2022-08-02 15:57:43', '2022-08-02 15:57:43'),
(4, 1, '2022-08-02 15:57:43', '2022-08-02 15:57:43'),
(5, 1, '2022-08-02 15:57:43', '2022-08-02 15:57:43'),
(6, 1, '2022-08-02 15:57:43', '2022-08-02 15:57:43'),
(7, 1, '2022-08-02 15:57:43', '2022-08-02 15:57:43');

-- --------------------------------------------------------

--
-- Table structure for table `delivery_boys`
--

CREATE TABLE `delivery_boys` (
  `id` bigint(20) UNSIGNED NOT NULL,
  `shop_id` int(10) UNSIGNED DEFAULT NULL,
  `first_name` varchar(255) DEFAULT NULL,
  `last_name` varchar(255) DEFAULT NULL,
  `nice_name` varchar(255) DEFAULT NULL,
  `email` varchar(255) NOT NULL,
  `phone_number` varchar(255) DEFAULT NULL,
  `password` varchar(255) NOT NULL,
  `status` tinyint(1) NOT NULL DEFAULT 0,
  `dob` date DEFAULT NULL,
  `sex` varchar(255) DEFAULT NULL,
  `verification_token` varchar(100) DEFAULT NULL,
  `api_token` varchar(80) DEFAULT NULL,
  `fcm_token` varchar(255) DEFAULT NULL,
  `remember_token` varchar(100) DEFAULT NULL,
  `deleted_at` timestamp NULL DEFAULT NULL,
  `created_at` timestamp NULL DEFAULT NULL,
  `updated_at` timestamp NULL DEFAULT NULL
) ENGINE=InnoDB DEFAULT CHARSET=utf8 COLLATE=utf8_unicode_ci;

--
-- Dumping data for table `delivery_boys`
--

INSERT INTO `delivery_boys` (`id`, `shop_id`, `first_name`, `last_name`, `nice_name`, `email`, `phone_number`, `password`, `status`, `dob`, `sex`, `verification_token`, `api_token`, `fcm_token`, `remember_token`, `deleted_at`, `created_at`, `updated_at`) VALUES
(1, 1, 'Joan', 'Price', 'Streich', 'delivery1@demo.com', '+1 (534) 283-8846', '$2y$10$J/W40mlKR4B2AQSGy4ooMe6Tnf7ppEN.a9yB0SF5FsKo.gVE7fgn2', 1, NULL, NULL, NULL, NULL, NULL, NULL, NULL, '2022-08-15 15:57:43', '2022-08-15 15:57:43'),
(2, 2, 'Shyanne', 'Bartell', 'Casper', 'delivery2@demo.com', '+1-504-920-3144', '$2y$10$Q2pj9EHar.HL9kvjHGR7.OVw4/Z9yn1Oz9BJs.tTEOdNlklGvbqay', 1, NULL, NULL, NULL, NULL, NULL, NULL, NULL, '2022-08-15 15:57:43', '2022-08-15 15:57:43'),
(3, 3, 'Jameson', 'Weissnat', 'Hahn', 'delivery3@demo.com', '(314) 337-5275', '$2y$10$4R0FcxP0ArzOaFVyCoCf5uyDcxh0eCd63JOBKSm6L8A4d4/vX69zS', 1, NULL, NULL, NULL, NULL, NULL, NULL, NULL, '2022-08-15 15:57:43', '2022-08-15 15:57:43'),
(4, 4, 'Everett', 'Hand', 'Ledner', 'delivery4@demo.com', '(858) 719-2791', '$2y$10$Y5s/Yn9Iyby5E/YbisH2Fu/swfvrThAdnW/4P2ry.5rf3HrOmtK6C', 1, NULL, NULL, NULL, NULL, NULL, NULL, NULL, '2022-08-15 15:57:43', '2022-08-15 15:57:43'),
(5, 5, 'Layla', 'Boyer', 'Rutherford', 'delivery5@demo.com', '1-972-452-5362', '$2y$10$tHhfJx6CDQbZKondX3LjAuw.DKP57bRSVux94ObqKQuqda7qHCi1W', 1, NULL, NULL, NULL, NULL, NULL, NULL, NULL, '2022-08-15 15:57:43', '2022-08-15 15:57:43'),
(6, 1, 'Tatum', 'Murazik', 'Johnson', 'delivery@demo.com', '+1.520.382.0622', '$2y$10$mebxA90WzD1e7COmK//1duo8ZIiSrqKz1htYCryG5GjDIWSwh3rPa', 1, NULL, NULL, NULL, NULL, NULL, NULL, NULL, '2022-08-02 15:57:44', '2022-08-02 15:57:44');

-- --------------------------------------------------------

--
-- Table structure for table `disputes`
--

CREATE TABLE `disputes` (
  `id` bigint(20) UNSIGNED NOT NULL,
  `shop_id` int(10) UNSIGNED DEFAULT NULL,
  `dispute_type_id` int(10) UNSIGNED DEFAULT NULL,
  `customer_id` bigint(20) UNSIGNED NOT NULL,
  `order_id` bigint(20) UNSIGNED NOT NULL,
  `product_id` bigint(20) UNSIGNED DEFAULT NULL,
  `description` longtext DEFAULT NULL,
  `order_received` tinyint(1) NOT NULL DEFAULT 1,
  `return_goods` tinyint(1) DEFAULT NULL,
  `refund_amount` decimal(20,6) DEFAULT NULL,
  `status` int(10) UNSIGNED NOT NULL DEFAULT 1,
  `created_at` timestamp NULL DEFAULT NULL,
  `updated_at` timestamp NULL DEFAULT NULL
) ENGINE=InnoDB DEFAULT CHARSET=utf8 COLLATE=utf8_unicode_ci;

--
-- Dumping data for table `disputes`
--

INSERT INTO `disputes` (`id`, `shop_id`, `dispute_type_id`, `customer_id`, `order_id`, `product_id`, `description`, `order_received`, `return_goods`, `refund_amount`, `status`, `created_at`, `updated_at`) VALUES
(1, 5, 2, 14, 2, NULL, 'Veritatis dolore animi non est voluptatem est. Sit fuga sunt ut cumque eaque doloribus.', 0, 1, NULL, 2, '2022-05-02 15:57:50', '2022-04-02 15:57:50'),
(2, 4, 1, 4, 5, NULL, 'Nostrum sint quos molestiae harum quas incidunt. Fuga rem quia a alias. Eos qui a itaque eum.', 0, 1, NULL, 4, '2022-04-02 15:57:50', '2022-05-02 15:57:50'),
(3, 2, 2, 7, 8, NULL, 'Iste omnis voluptas id sit iste. Recusandae labore ipsa in. Reiciendis delectus iste neque et.', 1, 1, NULL, 5, '2022-08-02 15:57:50', '2022-03-02 15:57:50'),
(4, 2, 1, 11, 1, NULL, 'Delectus quae neque harum ut maxime labore. Accusantium ut velit mollitia ea officiis ut repellat.', 0, 0, NULL, 2, '2022-05-02 15:57:50', '2022-08-02 15:57:50'),
(5, 1, 7, 14, 11, NULL, 'Et incidunt suscipit tempora dolorum dolor repellat dolor. Voluptas itaque quod facere minus in.', 0, 1, NULL, 2, '2022-06-02 15:57:50', '2022-08-02 15:57:50'),
(6, 1, 1, 18, 21, NULL, 'I didn\'t receive the goods.', 0, NULL, 100.000000, 2, '2022-12-12 06:17:32', '2022-12-12 06:18:46'),
(7, 3, 1, 18, 22, NULL, 'I want my money back.', 0, NULL, 10.000000, 1, '2022-12-12 06:37:56', '2022-12-12 06:37:56'),
(8, 3, 1, 18, 22, NULL, 'I want my money back.', 0, NULL, 10.000000, 1, '2022-12-12 06:37:58', '2022-12-12 06:37:58'),
(9, 3, 1, 18, 23, NULL, 'money back.', 0, NULL, 100.000000, 4, '2022-12-12 06:49:01', '2022-12-12 06:51:28'),
(10, 5, 1, 18, 24, NULL, 'dd', 0, NULL, 10.000000, 1, '2022-12-12 06:52:43', '2022-12-12 06:52:43'),
(11, 1, 1, 20, 25, NULL, 'Give me my money back.', 0, NULL, 200.000000, 1, '2022-12-13 07:25:43', '2022-12-13 07:25:43'),
(12, 1, 5, 20, 26, NULL, 'disgusting product.', 1, NULL, 50.000000, 4, '2022-12-13 07:32:57', '2022-12-13 07:36:57'),
(13, 1, 1, 20, 27, NULL, 'send my money back.', 0, NULL, 50.000000, 1, '2022-12-13 07:41:17', '2022-12-13 07:41:17'),
(14, 3, 1, 1, 12, NULL, 'Give me my money back.', 0, NULL, 500.000000, 1, '2022-12-14 05:58:19', '2022-12-14 05:58:19'),
(15, 1, 1, 21, 31, NULL, 'Why the shipping cost is so  high?', 0, NULL, 0.000000, 1, '2022-12-14 06:42:44', '2022-12-14 06:42:44'),
(16, 1, 1, 21, 32, NULL, 'How I can, track my order.', 0, NULL, 0.000000, 1, '2022-12-14 06:56:07', '2022-12-14 06:56:07'),
(17, 5, 1, 21, 33, NULL, 'why it\'s take took long to deliverd?', 0, NULL, 0.000000, 1, '2022-12-14 06:57:16', '2022-12-14 06:57:16'),
(18, 5, 1, 21, 33, NULL, 'why it\'s take took long to deliverd?', 0, NULL, 0.000000, 1, '2022-12-14 06:57:18', '2022-12-14 06:57:18'),
(19, 2, 10, 22, 36, NULL, 'My shipping address is not correct.', 0, NULL, 20.000000, 1, '2022-12-14 07:31:27', '2022-12-14 07:31:27'),
(20, 1, 9, 22, 37, NULL, 'back m ymoney', 0, NULL, 10.000000, 1, '2022-12-14 07:33:03', '2022-12-14 07:33:03');

-- --------------------------------------------------------

--
-- Table structure for table `dispute_types`
--

CREATE TABLE `dispute_types` (
  `id` int(10) UNSIGNED NOT NULL,
  `detail` varchar(255) NOT NULL
) ENGINE=InnoDB DEFAULT CHARSET=utf8 COLLATE=utf8_unicode_ci;

--
-- Dumping data for table `dispute_types`
--

INSERT INTO `dispute_types` (`id`, `detail`) VALUES
(2, 'Counterfeit goods'),
(9, 'Customs problem'),
(4, 'Damaged goods'),
(1, 'Did not receive goods'),
(7, 'Problems with the accessories'),
(6, 'Product not as described'),
(5, 'Quality not good'),
(3, 'Quantity shortage'),
(10, 'Shipping address not correct'),
(8, 'Shipping method');

-- --------------------------------------------------------

--
-- Table structure for table `email_templates`
--

CREATE TABLE `email_templates` (
  `id` int(10) UNSIGNED NOT NULL,
  `shop_id` int(10) UNSIGNED DEFAULT NULL,
  `name` varchar(255) DEFAULT NULL,
  `sender_name` varchar(255) DEFAULT NULL,
  `sender_email` varchar(255) DEFAULT NULL,
  `subject` varchar(255) DEFAULT NULL,
  `body` longtext DEFAULT NULL,
  `type` enum('HTML','Text') NOT NULL DEFAULT 'HTML',
  `position` enum('Content','Header','Footer') NOT NULL DEFAULT 'Content',
  `template_for` enum('Platform','Merchant') NOT NULL DEFAULT 'Platform',
  `files` longtext DEFAULT NULL,
  `deleted_at` timestamp NULL DEFAULT NULL,
  `created_at` timestamp NULL DEFAULT NULL,
  `updated_at` timestamp NULL DEFAULT NULL
) ENGINE=InnoDB DEFAULT CHARSET=utf8 COLLATE=utf8_unicode_ci;

--
-- Dumping data for table `email_templates`
--

INSERT INTO `email_templates` (`id`, `shop_id`, `name`, `sender_name`, `sender_email`, `subject`, `body`, `type`, `position`, `template_for`, `files`, `deleted_at`, `created_at`, `updated_at`) VALUES
(1, NULL, 'Welcome Merchant', NULL, 'support@domain.com', 'Welcome to {platform_name}', '<table class=\"m_886163020439323843footer\" width=\"700\" height=\"165\" bgcolor=\"#efefef\" align=\"center\" border=\"0\" cellpadding=\"0\" cellspacing=\"0\"><tbody><tr><td valign=\"bottom\" style=\"color:#999;line-height:18px;font-size:11px;font-family:arial\">Site Access: <a href=\"http://d.incevio.com/http://www.incevio.com/?tracelog=rowan&amp;rowan_id1=sellerLeaveFeedbackToBuyer_en_US_2017-10-22&amp;rowan_msg_id=c063bc521feb4649a25121ff130ac482&amp;ck=in_edm_other\" style=\"color:#999;text-decoration:underline;font-size:11px;font-family:arial\" target=\"_blank\" data-saferedirecturl=\"https://www.google.com/url?hl=en&amp;q=http://d.incevio.com/http://www.incevio.com/?tracelog%3Drowan%26rowan_id1%3DsellerLeaveFeedbackToBuyer_en_US_2017-10-22%26rowan_msg_id%3Dc063bc521feb4649a25121ff130ac482%26ck%3Din_edm_other&amp;source=gmail&amp;ust=1508835770795000&amp;usg=AFQjCNFswRI--_oSylG_TCSI9jMZfEgJFw\">Homepage</a> <span style=\"color:#999\">|</span> <a href=\"http://d.incevio.com/http://trade.incevio.com?tracelog=rowan&amp;rowan_id1=sellerLeaveFeedbackToBuyer_en_US_2017-10-22&amp;rowan_msg_id=c063bc521feb4649a25121ff130ac482&amp;ck=in_edm_other\" style=\"color:#999;text-decoration:underline;font-size:11px;font-family:arial\" target=\"_blank\" data-saferedirecturl=\"https://www.google.com/url?hl=en&amp;q=http://d.incevio.com/http://trade.incevio.com?tracelog%3Drowan%26rowan_id1%3DsellerLeaveFeedbackToBuyer_en_US_2017-10-22%26rowan_msg_id%3Dc063bc521feb4649a25121ff130ac482%26ck%3Din_edm_other&amp;source=gmail&amp;ust=1508835770795000&amp;usg=AFQjCNHs5u0lVvXx_IxyFnkfBFEuVdacig\">My Orders</a> <span style=\"color:#999\">|</span> <a href=\"http://d.incevio.com/http://www.incevio.com/buyerprotection/index.html?tracelog=rowan&amp;rowan_id1=sellerLeaveFeedbackToBuyer_en_US_2017-10-22&amp;rowan_msg_id=c063bc521feb4649a25121ff130ac482&amp;ck=in_edm_other\" style=\"color:#999;text-decoration:underline;font-size:11px;font-family:arial\" target=\"_blank\" data-saferedirecturl=\"https://www.google.com/url?hl=en&amp;q=http://d.incevio.com/http://www.incevio.com/buyerprotection/index.html?tracelog%3Drowan%26rowan_id1%3DsellerLeaveFeedbackToBuyer_en_US_2017-10-22%26rowan_msg_id%3Dc063bc521feb4649a25121ff130ac482%26ck%3Din_edm_other&amp;source=gmail&amp;ust=1508835770795000&amp;usg=AFQjCNFgBGjO2cWQlMNn3ok1sdo9FEI0PQ\">Buyer Protection</a> <span style=\"color:#999\">|</span> <a href=\"http://help.incevio.com/?tracelog=rowan&amp;rowan_id1=sellerLeaveFeedbackToBuyer_en_US_2017-10-22&amp;rowan_msg_id=c063bc521feb4649a25121ff130ac482&amp;ck=in_edm_other\" style=\"color:#999;text-decoration:underline;font-size:11px;font-family:arial\" target=\"_blank\" data-saferedirecturl=\"https://www.google.com/url?hl=en&amp;q=http://help.incevio.com/?tracelog%3Drowan%26rowan_id1%3DsellerLeaveFeedbackToBuyer_en_US_2017-10-22%26rowan_msg_id%3Dc063bc521feb4649a25121ff130ac482%26ck%3Din_edm_other&amp;source=gmail&amp;ust=1508835770795000&amp;usg=AFQjCNEY6uWlpV61xJ2EWu_OnR1ImK1k8A\">Help Center</a> <span style=\"color:#999\">|</span> <a href=\"http://www.incevio.com/help/home.html#contact?tracelog=rowan&amp;rowan_id1=sellerLeaveFeedbackToBuyer_en_US_2017-10-22&amp;rowan_msg_id=c063bc521feb4649a25121ff130ac482&amp;ck=in_edm_other\" style=\"color:#999;text-decoration:underline;font-size:11px;font-family:arial\" target=\"_blank\" data-saferedirecturl=\"https://www.google.com/url?hl=en&amp;q=http://www.incevio.com/help/home.html%23contact?tracelog%3Drowan%26rowan_id1%3DsellerLeaveFeedbackToBuyer_en_US_2017-10-22%26rowan_msg_id%3Dc063bc521feb4649a25121ff130ac482%26ck%3Din_edm_other&amp;source=gmail&amp;ust=1508835770795000&amp;usg=AFQjCNFrHNdxDedZiwv6L-zLA4_5jthBKw\">Contact Us</a><br><a href=\"http://us.my.incevio.com/user/company/forget_password_input_email.htm?edm_src=wto&amp;edm_type=ifm&amp;edm_cta=footer&amp;tracelog=rowan&amp;rowan_id1=sellerLeaveFeedbackToBuyer_en_US_2017-10-22&amp;rowan_msg_id=c063bc521feb4649a25121ff130ac482&amp;ck=in_edm_other\" style=\"color:#999;text-decoration:underline\" target=\"_blank\" data-saferedirecturl=\"https://www.google.com/url?hl=en&amp;q=http://us.my.incevio.com/user/company/forget_password_input_email.htm?edm_src%3Dwto%26edm_type%3Difm%26edm_cta%3Dfooter%26tracelog%3Drowan%26rowan_id1%3DsellerLeaveFeedbackToBuyer_en_US_2017-10-22%26rowan_msg_id%3Dc063bc521feb4649a25121ff130ac482%26ck%3Din_edm_other&amp;source=gmail&amp;ust=1508835770795000&amp;usg=AFQjCNGl36Hq7gk2E4ZfaHgnp8lgblu0Hw\">Forgot your password?</a> <br>This email was sent to <a href=\"http://d.incevio.com/mailto:?tracelog=rowan&amp;rowan_id1=sellerLeaveFeedbackToBuyer_en_US_2017-10-22&amp;rowan_msg_id=c063bc521feb4649a25121ff130ac482&amp;ck=in_edm_other\" style=\"color:#999;text-decoration:underline\" target=\"_blank\" data-saferedirecturl=\"https://www.google.com/url?hl=en&amp;q=http://d.incevio.com/mailto:?tracelog%3Drowan%26rowan_id1%3DsellerLeaveFeedbackToBuyer_en_US_2017-10-22%26rowan_msg_id%3Dc063bc521feb4649a25121ff130ac482%26ck%3Din_edm_other&amp;source=gmail&amp;ust=1508835770795000&amp;usg=AFQjCNF57ZGzDDxPVbiErICMxd6_6wJH0Q\"></a>. <br>You are receiving this email because you are a registered member of <a href=\"http://d.incevio.com/http://www.incevio.com?tracelog=rowan&amp;rowan_id1=sellerLeaveFeedbackToBuyer_en_US_2017-10-22&amp;rowan_msg_id=c063bc521feb4649a25121ff130ac482&amp;ck=in_edm_other\" style=\"color:#999;text-decoration:underline\" target=\"_blank\" data-saferedirecturl=\"https://www.google.com/url?hl=en&amp;q=http://d.incevio.com/http://www.incevio.com?tracelog%3Drowan%26rowan_id1%3DsellerLeaveFeedbackToBuyer_en_US_2017-10-22%26rowan_msg_id%3Dc063bc521feb4649a25121ff130ac482%26ck%3Din_edm_other&amp;source=gmail&amp;ust=1508835770795000&amp;usg=AFQjCNEV-vw0uLnpfTBy2KjLmMrSWfquEA\">www.<span class=\"il\">incevio</span>.com</a>, powered by incevio.com. <br>Read our <a href=\"http://www.incevio.com/help/safety_security/policies_rules/others/001.html?tracelog=rowan&amp;rowan_id1=sellerLeaveFeedbackToBuyer_en_US_2017-10-22&amp;rowan_msg_id=c063bc521feb4649a25121ff130ac482&amp;ck=in_edm_other\" style=\"color:#999;text-decoration:underline\" target=\"_blank\" data-saferedirecturl=\"https://www.google.com/url?hl=en&amp;q=http://www.incevio.com/help/safety_security/policies_rules/others/001.html?tracelog%3Drowan%26rowan_id1%3DsellerLeaveFeedbackToBuyer_en_US_2017-10-22%26rowan_msg_id%3Dc063bc521feb4649a25121ff130ac482%26ck%3Din_edm_other&amp;source=gmail&amp;ust=1508835770795000&amp;usg=AFQjCNHhvncoIuRqRpPKKTgyRYpiV6Z5vg\">Privacy Policy</a> and <a href=\"http://www.incevio.com/help/safety_security/policies_rules/others/002.html?tracelog=rowan&amp;rowan_id1=sellerLeaveFeedbackToBuyer_en_US_2017-10-22&amp;rowan_msg_id=c063bc521feb4649a25121ff130ac482&amp;ck=in_edm_other\" style=\"color:#999;text-decoration:underline\" target=\"_blank\" data-saferedirecturl=\"https://www.google.com/url?hl=en&amp;q=http://www.incevio.com/help/safety_security/policies_rules/others/002.html?tracelog%3Drowan%26rowan_id1%3DsellerLeaveFeedbackToBuyer_en_US_2017-10-22%26rowan_msg_id%3Dc063bc521feb4649a25121ff130ac482%26ck%3Din_edm_other&amp;source=gmail&amp;ust=1508835770795000&amp;usg=AFQjCNGdCuw2_Z7MHkHP5eKVE0mPoK_ysA\">Terms of Use</a> if you have any questions. <br><span class=\"il\">incevio</span> Service Center: <a href=\"http://d.incevio.com/mailto:buyer@incevio.com?tracelog=rowan&amp;rowan_id1=sellerLeaveFeedbackToBuyer_en_US_2017-10-22&amp;rowan_msg_id=c063bc521feb4649a25121ff130ac482&amp;ck=in_edm_other\" style=\"color:#999;text-decoration:underline\" target=\"_blank\" data-saferedirecturl=\"https://www.google.com/url?hl=en&amp;q=http://d.incevio.com/mailto:buyer@incevio.com?tracelog%3Drowan%26rowan_id1%3DsellerLeaveFeedbackToBuyer_en_US_2017-10-22%26rowan_msg_id%3Dc063bc521feb4649a25121ff130ac482%26ck%3Din_edm_other&amp;source=gmail&amp;ust=1508835770795000&amp;usg=AFQjCNEZo5gjjdfsNWKIaeuOQoM6rxxuNQ\">buyer@<span class=\"il\">incevio</span>.com</a> <br>incevio.com Hong Kong Limited, 26/F Tower One, Times Square1 Matheson Street Causeway Bay, Hong Kong.</td></tr><tr><td height=\"20\">&nbsp;</td></tr></tbody></table>', 'HTML', 'Footer', 'Platform', NULL, NULL, '2022-08-02 15:57:52', '2022-08-02 15:57:52'),
(2, NULL, 'Welcome Merchant', NULL, 'support@domain.com', 'Welcome to {platform_name}', 'Welcome to {platform_name}', 'HTML', 'Content', 'Platform', NULL, NULL, '2022-08-02 15:57:52', '2022-08-02 15:57:52'),
(3, NULL, 'Welcome User', NULL, 'support@domain.com', 'Welcome to {shop_name}', '<!DOCTYPE html PUBLIC \"-//W3C//DTD XHTML 1.0 Transitional//EN\" \"http://www.w3.org/TR/xhtml1/DTD/xhtml1-transitional.dtd\">\n                <html xmlns=\"http://www.w3.org/1999/xhtml\">\n                <head>\n                  <meta http-equiv=\"Content-Type\" content=\"text/html; charset=utf-8\" />\n                  <meta name=\"viewport\" content=\"width=device-width\" />\n                  <title>Airmail Welcome</title>\n                </head>\n                <body bgcolor=\"#ffffff\">\n                  <div align=\"center\">\n                    <table class=\"head-wrap w320 full-width-gmail-android\" bgcolor=\"#f9f8f8\" cellpadding=\"0\" cellspacing=\"0\" border=\"0\" width=\"100%\">\n                      <tr>\n                        <td background=\"https://www.filepicker.io/api/file/UOesoVZTFObSHCgUDygC\" bgcolor=\"#ffffff\" width=\"100%\" height=\"8\" valign=\"top\">\n                          <!--[if gte mso 9]>\n                          <v:rect xmlns:v=\"urn:schemas-microsoft-com:vml\" fill=\"true\" stroke=\"false\" style=\"mso-width-percent:1000;height:8px;\">\n                            <v:fill type=\"tile\" src=\"https://www.filepicker.io/api/file/UOesoVZTFObSHCgUDygC\" color=\"#ffffff\" />\n                            <v:textbox inset=\"0,0,0,0\">\n                          <![endif]-->\n                          <div height=\"8\">\n                          </div>\n                          <!--[if gte mso 9]>\n                            </v:textbox>\n                          </v:rect>\n                          <![endif]-->\n                        </td>\n                      </tr>\n                      <tr class=\"header-background\">\n                        <td class=\"header container\" align=\"center\">\n                          <div class=\"content\">\n                            <span class=\"brand\">\n                              <a href=\"#\">\n                                Company Name\n                              </a>\n                            </span>\n                          </div>\n                        </td>\n                      </tr>\n                    </table>\n\n                    <table class=\"body-wrap w320\">\n                      <tr>\n                        <td></td>\n                        <td class=\"container\">\n                          <div class=\"content\">\n                            <table cellspacing=\"0\">\n                              <tr>\n                                <td>\n                                  <table class=\"soapbox\">\n                                    <tr>\n                                      <td class=\"soapbox-title\">Welcome to {platform_name}</td>\n                                    </tr>\n                                  </table>\n                                  <table class=\"status-container single\">\n                                    <tr>\n                                      <td class=\"status-padding\"></td>\n                                      <td>\n                                        <table class=\"status\" bgcolor=\"#fffeea\" cellspacing=\"0\">\n                                          <tr>\n                                            <td class=\"status-cell\">\n                                              Coupon code: <b>13448278949</b>\n                                            </td>\n                                          </tr>\n                                        </table>\n                                      </td>\n                                      <td class=\"status-padding\"></td>\n                                    </tr>\n                                  </table>\n                                  <table class=\"body\">\n                                    <tr>\n                                      <td class=\"body-padding\"></td>\n                                      <td class=\"body-padded\">\n                                        <div class=\"body-title\">Hey {{ first_name }}, thanks for signing up</div>\n                                        <table class=\"body-text\">\n                                          <tr>\n                                            <td class=\"body-text-cell\">\n                                              We\'re really excited for you to join our community! You\'re just one click away from activate your account.\n                                            </td>\n                                          </tr>\n                                        </table>\n                                        <div style=\"text-align:left;\"><!--[if mso]>\n                                          <v:roundrect xmlns:v=\"urn:schemas-microsoft-com:vml\" xmlns:w=\"urn:schemas-microsoft-com:office:word\" href=\"#\" style=\"height:38px;v-text-anchor:middle;width:190px;\" arcsize=\"11%\" strokecolor=\"#407429\" fill=\"t\">\n                                            <v:fill type=\"tile\" src=\"https://www.filepicker.io/api/file/N8GiNGsmT6mK6ORk00S7\" color=\"#41CC00\" />\n                                            <w:anchorlock/>\n                                            <center style=\"color:#ffffff;font-family:sans-serif;font-size:17px;font-weight:bold;\">Come on back</center>\n                                          </v:roundrect>\n                                        <![endif]--><a href=\"#\"\n                                        style=\"background-color:#41CC00;background-image:url(https://www.filepicker.io/api/file/N8GiNGsmT6mK6ORk00S7);border:1px solid #407429;border-radius:4px;color:#ffffff;display:inline-block;font-family:sans-serif;font-size:17px;font-weight:bold;text-shadow: -1px -1px #47A54B;line-height:38px;text-align:center;text-decoration:none;width:190px;-webkit-text-size-adjust:none;mso-hide:all;\">Activate Account!</a></div>\n                                        <table class=\"body-signature-block\">\n                                          <tr>\n                                            <td class=\"body-signature-cell\">\n                                              <p>Thanks so much,</p>\n                                              <p class=\"body-signature\"><img src=\"https://www.filepicker.io/api/file/2R9HpqboTPaB4NyF35xt\" alt=\"Company Name\"></p>\n                                            </td>\n                                          </tr>\n                                        </table>\n                                      </td>\n                                      <td class=\"body-padding\"></td>\n                                    </tr>\n                                  </table>\n                                </td>\n                              </tr>\n                            </table>\n                          </div>\n                        </td>\n                        <td></td>\n                      </tr>\n                    </table>\n\n                    <table class=\"footer-wrap w320 full-width-gmail-android\" bgcolor=\"#e5e5e5\">\n                      <tr>\n                        <td class=\"container\">\n                          <div class=\"content footer-lead\">\n                            <a href=\"#\"><b>Get in touch</b></a> if you have any questions or feedback\n                          </div>\n                        </td>\n                      </tr>\n                    </table>\n                    <table class=\"footer-wrap w320 full-width-gmail-android\" bgcolor=\"#e5e5e5\">\n                      <tr>\n                        <td class=\"container\">\n                          <div class=\"content\">\n                            <a href=\"#\">Contact Us</a>&nbsp;&nbsp;|&nbsp;&nbsp;\n                            <span class=\"footer-group\">\n                              <a href=\"#\">Facebook</a>&nbsp;&nbsp;|&nbsp;&nbsp;\n                              <a href=\"#\">Twitter</a>&nbsp;&nbsp;|&nbsp;&nbsp;\n                              <a href=\"#\">Support</a>\n                            </span>\n                          </div>\n                        </td>\n                      </tr>\n                    </table>\n                  </div>\n\n                </body>\n                </html>\n                ', 'HTML', 'Content', 'Platform', NULL, NULL, '2022-08-02 15:57:52', '2022-08-02 15:57:52'),
(4, NULL, 'Welcome Customer', NULL, 'support@domain.com', 'Welcome to {platform_name}', '<!DOCTYPE html PUBLIC \"-//W3C//DTD XHTML 1.0 Transitional//EN\" \"http://www.w3.org/TR/xhtml1/DTD/xhtml1-transitional.dtd\">\n<html xmlns=\"http://www.w3.org/1999/xhtml\">\n<head>\n  <meta http-equiv=\"Content-Type\" content=\"text/html; charset=utf-8\" />\n  <meta name=\"viewport\" content=\"width=device-width\" />\n  <title>Airmail Welcome</title>\n</head>\n<body bgcolor=\"#ffffff\">\n  <div align=\"center\">\n    <table class=\"head-wrap w320 full-width-gmail-android\" bgcolor=\"#f9f8f8\" cellpadding=\"0\" cellspacing=\"0\" border=\"0\" width=\"100%\">\n      <tr>\n        <td background=\"https://www.filepicker.io/api/file/UOesoVZTFObSHCgUDygC\" bgcolor=\"#ffffff\" width=\"100%\" height=\"8\" valign=\"top\">\n          <!--[if gte mso 9]>\n          <v:rect xmlns:v=\"urn:schemas-microsoft-com:vml\" fill=\"true\" stroke=\"false\" style=\"mso-width-percent:1000;height:8px;\">\n            <v:fill type=\"tile\" src=\"https://www.filepicker.io/api/file/UOesoVZTFObSHCgUDygC\" color=\"#ffffff\" />\n            <v:textbox inset=\"0,0,0,0\">\n          <![endif]-->\n          <div height=\"8\">\n          </div>\n          <!--[if gte mso 9]>\n            </v:textbox>\n          </v:rect>\n          <![endif]-->\n        </td>\n      </tr>\n      <tr class=\"header-background\">\n        <td class=\"header container\" align=\"center\">\n          <div class=\"content\">\n            <span class=\"brand\">\n              <a href=\"#\">\n                Company Name\n              </a>\n            </span>\n          </div>\n        </td>\n      </tr>\n    </table>\n\n    <table class=\"body-wrap w320\">\n      <tr>\n        <td></td>\n        <td class=\"container\">\n          <div class=\"content\">\n            <table cellspacing=\"0\">\n              <tr>\n                <td>\n                  <table class=\"soapbox\">\n                    <tr>\n                      <td class=\"soapbox-title\">Welcome to {platform_name}</td>\n                    </tr>\n                  </table>\n                  <table class=\"status-container single\">\n                    <tr>\n                      <td class=\"status-padding\"></td>\n                      <td>\n                        <table class=\"status\" bgcolor=\"#fffeea\" cellspacing=\"0\">\n                          <tr>\n                            <td class=\"status-cell\">\n                              Coupon code: <b>13448278949</b>\n                            </td>\n                          </tr>\n                        </table>\n                      </td>\n                      <td class=\"status-padding\"></td>\n                    </tr>\n                  </table>\n                  <table class=\"body\">\n                    <tr>\n                      <td class=\"body-padding\"></td>\n                      <td class=\"body-padded\">\n                        <div class=\"body-title\">Hey {{ first_name }}, thanks for signing up</div>\n                        <table class=\"body-text\">\n                          <tr>\n                            <td class=\"body-text-cell\">\n                              We\'re really excited for you to join our community! You\'re just one click away from activate your account.\n                            </td>\n                          </tr>\n                        </table>\n                        <div style=\"text-align:left;\"><!--[if mso]>\n                          <v:roundrect xmlns:v=\"urn:schemas-microsoft-com:vml\" xmlns:w=\"urn:schemas-microsoft-com:office:word\" href=\"#\" style=\"height:38px;v-text-anchor:middle;width:190px;\" arcsize=\"11%\" strokecolor=\"#407429\" fill=\"t\">\n                            <v:fill type=\"tile\" src=\"https://www.filepicker.io/api/file/N8GiNGsmT6mK6ORk00S7\" color=\"#41CC00\" />\n                            <w:anchorlock/>\n                            <center style=\"color:#ffffff;font-family:sans-serif;font-size:17px;font-weight:bold;\">Come on back</center>\n                          </v:roundrect>\n                        <![endif]--><a href=\"#\"\n                        style=\"background-color:#41CC00;background-image:url(https://www.filepicker.io/api/file/N8GiNGsmT6mK6ORk00S7);border:1px solid #407429;border-radius:4px;color:#ffffff;display:inline-block;font-family:sans-serif;font-size:17px;font-weight:bold;text-shadow: -1px -1px #47A54B;line-height:38px;text-align:center;text-decoration:none;width:190px;-webkit-text-size-adjust:none;mso-hide:all;\">Activate Account!</a></div>\n                        <table class=\"body-signature-block\">\n                          <tr>\n                            <td class=\"body-signature-cell\">\n                              <p>Thanks so much,</p>\n                              <p class=\"body-signature\"><img src=\"https://www.filepicker.io/api/file/2R9HpqboTPaB4NyF35xt\" alt=\"Company Name\"></p>\n                            </td>\n                          </tr>\n                        </table>\n                      </td>\n                      <td class=\"body-padding\"></td>\n                    </tr>\n                  </table>\n                </td>\n              </tr>\n            </table>\n          </div>\n        </td>\n        <td></td>\n      </tr>\n    </table>\n\n    <table class=\"footer-wrap w320 full-width-gmail-android\" bgcolor=\"#e5e5e5\">\n      <tr>\n        <td class=\"container\">\n          <div class=\"content footer-lead\">\n            <a href=\"#\"><b>Get in touch</b></a> if you have any questions or feedback\n          </div>\n        </td>\n      </tr>\n    </table>\n    <table class=\"footer-wrap w320 full-width-gmail-android\" bgcolor=\"#e5e5e5\">\n      <tr>\n        <td class=\"container\">\n          <div class=\"content\">\n            <a href=\"#\">Contact Us</a>&nbsp;&nbsp;|&nbsp;&nbsp;\n            <span class=\"footer-group\">\n              <a href=\"#\">Facebook</a>&nbsp;&nbsp;|&nbsp;&nbsp;\n              <a href=\"#\">Twitter</a>&nbsp;&nbsp;|&nbsp;&nbsp;\n              <a href=\"#\">Support</a>\n            </span>\n          </div>\n        </td>\n      </tr>\n    </table>\n  </div>\n\n</body>\n</html>\n', 'HTML', 'Content', 'Platform', NULL, NULL, '2022-08-02 15:57:52', '2022-08-02 15:57:52'),
(5, NULL, 'User account updated', NULL, 'support@domain.com', 'Your account settings have been updated', '<!DOCTYPE html PUBLIC \"-//W3C//DTD XHTML 1.0 Transitional//EN\" \"http://www.w3.org/TR/xhtml1/DTD/xhtml1-transitional.dtd\">\n<html xmlns=\"http://www.w3.org/1999/xhtml\">\n<head>\n  <meta http-equiv=\"Content-Type\" content=\"text/html; charset=utf-8\" />\n  <meta name=\"viewport\" content=\"width=device-width\" />\n  <title>Airmail Ping</title>\n</head>\n\n<body bgcolor=\"#ffffff\">\n\n  <div align=\"center\">\n    <table class=\"head-wrap w320 full-width-gmail-android\" bgcolor=\"#f9f8f8\" cellpadding=\"0\" cellspacing=\"0\" border=\"0\">\n      <tr>\n        <td background=\"https://www.filepicker.io/api/file/UOesoVZTFObSHCgUDygC\" bgcolor=\"#ffffff\" width=\"100%\" height=\"8\" valign=\"top\">\n          <!--[if gte mso 9]>\n          <v:rect xmlns:v=\"urn:schemas-microsoft-com:vml\" fill=\"true\" stroke=\"false\" style=\"mso-width-percent:1000;height:8px;\">\n            <v:fill type=\"tile\" src=\"https://www.filepicker.io/api/file/UOesoVZTFObSHCgUDygC\" color=\"#ffffff\" />\n            <v:textbox inset=\"0,0,0,0\">\n          <![endif]-->\n          <div height=\"8\">\n          </div>\n          <!--[if gte mso 9]>\n            </v:textbox>\n          </v:rect>\n          <![endif]-->\n        </td>\n      </tr>\n      <tr class=\"header-background\">\n        <td class=\"header container\" align=\"center\">\n          <div class=\"content\">\n            <span class=\"brand\">\n              <a href=\"#\">\n                Company Name\n              </a>\n            </span>\n          </div>\n        </td>\n      </tr>\n    </table>\n\n    <table class=\"body-wrap w320\">\n      <tr>\n        <td></td>\n        <td class=\"container\">\n          <div class=\"content\">\n            <table cellspacing=\"0\">\n              <tr>\n                <td>\n                  <table class=\"soapbox\">\n                    <tr>\n                      <td class=\"soapbox-title\">Your account settings have been updated</td>\n                    </tr>\n                  </table>\n                  <table class=\"body\">\n                    <tr>\n                      <td class=\"body-padding\"></td>\n                      <td class=\"body-padded\">\n                        <div class=\"body-title\">Hi {{ first_name }},</div>\n                        <table class=\"body-text\">\n                          <tr>\n                            <td class=\"body-text-cell\">\n                              Your account settings have been updated. If you did not update your settings, please <a href=\"#\">contact support</a>.\n                            </td>\n                          </tr>\n                        </table>\n                        <div><!--[if mso]>\n                          <v:roundrect xmlns:v=\"urn:schemas-microsoft-com:vml\" xmlns:w=\"urn:schemas-microsoft-com:office:word\" href=\"#\" style=\"height:38px;v-text-anchor:middle;width:230px;\" arcsize=\"11%\" strokecolor=\"#407429\" fill=\"t\">\n                            <v:fill type=\"tile\" src=\"https://www.filepicker.io/api/file/N8GiNGsmT6mK6ORk00S7\" color=\"#41CC00\" />\n                            <w:anchorlock/>\n                            <center style=\"color:#ffffff;font-family:sans-serif;font-size:17px;font-weight:bold;\">Review Account Settings</center>\n                          </v:roundrect>\n                        <![endif]--><a href=\"#\"\n                        style=\"background-color:#41CC00;background-image:url(https://www.filepicker.io/api/file/N8GiNGsmT6mK6ORk00S7);border:1px solid #407429;border-radius:4px;color:#ffffff;display:inline-block;font-family:sans-serif;font-size:17px;font-weight:bold;text-shadow: -1px -1px #47A54B;line-height:38px;text-align:center;text-decoration:none;width:230px;-webkit-text-size-adjust:none;mso-hide:all;\">Review Account Settings</a></div>\n                        <table class=\"body-signature-block\">\n                          <tr>\n                            <td class=\"body-signature-cell\">\n                              <p>Thanks for being a customer!</p>\n                              <p class=\"body-signature\"><img src=\"https://www.filepicker.io/api/file/2R9HpqboTPaB4NyF35xt\" alt=\"Company Name\"></p>\n                            </td>\n                          </tr>\n                        </table>\n                      </td>\n                      <td class=\"body-padding\"></td>\n                    </tr>\n                  </table>\n                </td>\n              </tr>\n            </table>\n          </div>\n        </td>\n        <td></td>\n      </tr>\n    </table>\n\n    <table class=\"footer-wrap w320 full-width-gmail-android\" bgcolor=\"#e5e5e5\">\n      <tr>\n        <td></td>\n        <td class=\"container\">\n          <div class=\"content footer-lead\">\n            <a href=\"#\"><b>Get in touch</b></a> if you have any questions or feedback\n          </div>\n        </td>\n        <td></td>\n      </tr>\n    </table>\n    <table class=\"footer-wrap w320 full-width-gmail-android\" bgcolor=\"#e5e5e5\">\n      <tr>\n        <td></td>\n        <td class=\"container\">\n          <div class=\"content\">\n            <a href=\"#\">Contact Us</a>&nbsp;&nbsp;|&nbsp;&nbsp;\n            <span class=\"footer-group\">\n              <a href=\"#\">Facebook</a>&nbsp;&nbsp;|&nbsp;&nbsp;\n              <a href=\"#\">Twitter</a>&nbsp;&nbsp;|&nbsp;&nbsp;\n              <a href=\"#\">Support</a>\n            </span>\n          </div>\n        </td>\n        <td></td>\n      </tr>\n    </table>\n  </div>\n\n</body>\n</html>\n', 'HTML', 'Content', 'Platform', NULL, NULL, '2022-08-02 15:57:52', '2022-08-02 15:57:52');

-- --------------------------------------------------------

--
-- Table structure for table `events`
--

CREATE TABLE `events` (
  `id` bigint(20) UNSIGNED NOT NULL,
  `title` varchar(255) NOT NULL,
  `slug` varchar(200) NOT NULL,
  `description` text DEFAULT NULL,
  `venue` varchar(255) DEFAULT NULL,
  `map_link` varchar(255) DEFAULT NULL,
  `shop_id` int(10) UNSIGNED DEFAULT NULL,
  `starts` timestamp NULL DEFAULT NULL,
  `ends` timestamp NULL DEFAULT NULL,
  `status` tinyint(4) NOT NULL DEFAULT 1,
  `public` tinyint(1) DEFAULT 1,
  `created_at` timestamp NULL DEFAULT NULL,
  `updated_at` timestamp NULL DEFAULT NULL
) ENGINE=InnoDB DEFAULT CHARSET=utf8 COLLATE=utf8_unicode_ci;

--
-- Dumping data for table `events`
--

INSERT INTO `events` (`id`, `title`, `slug`, `description`, `venue`, `map_link`, `shop_id`, `starts`, `ends`, `status`, `public`, `created_at`, `updated_at`) VALUES
(1, 'Tech Innovators Summit', 'new-events', '<p>Join us for the Tech Innovators Summit, a three-day event where industry leaders and innovators come together to discuss the latest trends in technology, share insights, and network with like-minded professionals. This summit offers a unique opportunity to gain valuable knowledge and forge valuable connections in the tech world.<br></p>', 'New-York', NULL, NULL, '2022-08-24 21:19:00', '2024-11-08 04:02:00', 1, 1, '2022-08-03 16:19:48', '2024-11-07 04:02:58'),
(2, 'Global Business Symposium', '1223-biggest-sale-of-the-year', '<p><font color=\"#050505\">The Global Business Symposium is a premier event for international business professionals. Over three days, you\'ll engage in panel discussions, workshops, and networking sessions with top executives and entrepreneurs. Explore global business opportunities and strategies for success.</font><br></p>', 'London', NULL, NULL, '2022-12-15 15:07:00', '2024-11-08 04:02:00', 1, 1, '2022-12-14 09:09:22', '2024-11-07 04:02:58'),
(3, 'Culinary Delights Festival', '1212-grand-yearend-sale', '<p><span style=\"color: rgb(5, 5, 5); font-family: \" segoe=\"\" ui=\"\" historic\",=\"\" \"segoe=\"\" ui\",=\"\" helvetica,=\"\" arial,=\"\" sans-serif;=\"\" font-size:=\"\" 17px;\"=\"\">Description: Indulge your taste buds at the Culinary Delights Festival, a three-day celebration of gastronomy. Sample gourmet dishes from renowned chefs, attend cooking demonstrations and savor a variety of international cuisines. Food vouchers are available for a seamless dining experience.</span><br></p>', 'Berlin', NULL, NULL, '2022-12-31 15:09:00', '2024-11-08 04:02:00', 1, 1, '2022-12-14 09:11:18', '2024-11-07 04:02:58');

-- --------------------------------------------------------

--
-- Table structure for table `failed_jobs`
--

CREATE TABLE `failed_jobs` (
  `id` bigint(20) UNSIGNED NOT NULL,
  `uuid` varchar(255) DEFAULT NULL,
  `connection` text NOT NULL,
  `queue` text NOT NULL,
  `payload` longtext NOT NULL,
  `exception` longtext NOT NULL,
  `failed_at` timestamp NOT NULL DEFAULT current_timestamp()
) ENGINE=InnoDB DEFAULT CHARSET=utf8 COLLATE=utf8_unicode_ci;

-- --------------------------------------------------------

--
-- Table structure for table `faqs`
--

CREATE TABLE `faqs` (
  `id` int(10) UNSIGNED NOT NULL,
  `faq_topic_id` int(10) UNSIGNED DEFAULT NULL,
  `question` text DEFAULT NULL,
  `answer` longtext DEFAULT NULL,
  `created_at` timestamp NULL DEFAULT NULL,
  `updated_at` timestamp NULL DEFAULT NULL
) ENGINE=InnoDB DEFAULT CHARSET=utf8 COLLATE=utf8_unicode_ci;

--
-- Dumping data for table `faqs`
--

INSERT INTO `faqs` (`id`, `faq_topic_id`, `question`, `answer`, `created_at`, `updated_at`) VALUES
(1, 1, 'Why should I sell on :marketplace?', 'There are many reasons to sell on :marketplace. We have our customers who can see your products to the ability to start selling fast without the need to create a new standalone website. You spend no time and money to do marekting, We do it for you!', '2022-08-02 15:57:43', '2022-08-02 15:57:43'),
(2, 1, 'Where else can I learn about how selling on :marketplace works?', 'We have videos, web docs, and blogs to help you find what you need.<ul><li>Getting Started page</li><li>Training and tutorials</li><li>Blog</li></ul>', '2022-08-02 15:57:43', '2022-08-02 15:57:43'),
(3, 1, 'Can I close my account?', 'If you want to close your account permanently, Seller Support can assist you. Keep in mind that you can use the Maintenance mode feature that will hide all your listings, or you can deactivate or remove your listings entirely but hold on to your account for future use. Before you close your account permanently, please cancel and remove your listings and resolve all transactions.', '2022-08-02 15:57:43', '2022-08-02 15:57:43'),
(4, 2, 'How do I manage my merchant account?', 'Use will get access to a full featured Merchant Dashboard to manage all aspects of selling on :marketplace, like manage your selling account, add product information, make inventory updates, manage orders, and manage users.', '2022-08-02 15:57:43', '2022-08-02 15:57:43'),
(5, 2, 'How many items i can add on my inventory?', 'It depends on which sbscription you choose. Please visit the pricing section for detail.', '2022-08-02 15:57:43', '2022-08-02 15:57:43'),
(6, 2, 'How will I know when I have a sale?', ':marketplace notifies you by email when you receive an order. You can change the notification settings in your account settings.', '2022-08-02 15:57:43', '2022-08-02 15:57:43'),
(7, 2, 'Can I offer gift-wrap and packaging services to my customers?', 'Yes. Our packaging service allows customers to choose when they check out, you can make the options available for any individual item on your listing page.', '2022-08-02 15:57:43', '2022-08-02 15:57:43'),
(8, 3, 'How much does it cost to sell on :marketplace?', ':marketplace offers different selling plans for a monthly subscription fee plus per-item selling fees, which vary by subscriptions. Please visit the pricing section for detail.', '2022-08-02 15:57:43', '2022-08-02 15:57:43'),
(9, 3, 'Is there any hidden cost?', 'No', '2022-08-02 15:57:43', '2022-08-02 15:57:43');

-- --------------------------------------------------------

--
-- Table structure for table `faq_topics`
--

CREATE TABLE `faq_topics` (
  `id` int(10) UNSIGNED NOT NULL,
  `name` text NOT NULL,
  `for` enum('Merchant','Customer') NOT NULL DEFAULT 'Merchant',
  `created_at` timestamp NULL DEFAULT NULL,
  `updated_at` timestamp NULL DEFAULT NULL
) ENGINE=InnoDB DEFAULT CHARSET=utf8 COLLATE=utf8_unicode_ci;

--
-- Dumping data for table `faq_topics`
--

INSERT INTO `faq_topics` (`id`, `name`, `for`, `created_at`, `updated_at`) VALUES
(1, 'Overview', 'Merchant', '2022-08-02 15:57:43', '2022-08-02 15:57:43'),
(2, 'Sell your items', 'Merchant', '2022-08-02 15:57:43', '2022-08-02 15:57:43'),
(3, 'Pricing', 'Merchant', '2022-08-02 15:57:43', '2022-08-02 15:57:43');

-- --------------------------------------------------------

--
-- Table structure for table `feedbacks`
--

CREATE TABLE `feedbacks` (
  `id` bigint(20) UNSIGNED NOT NULL,
  `customer_id` bigint(20) UNSIGNED NOT NULL,
  `rating` tinyint(4) DEFAULT NULL,
  `comment` longtext DEFAULT NULL,
  `feedbackable_id` bigint(20) UNSIGNED NOT NULL,
  `feedbackable_type` varchar(255) NOT NULL,
  `approved` tinyint(1) NOT NULL DEFAULT 1,
  `spam` tinyint(1) NOT NULL DEFAULT 0,
  `created_at` timestamp NULL DEFAULT NULL,
  `updated_at` timestamp NULL DEFAULT NULL
) ENGINE=InnoDB DEFAULT CHARSET=utf8 COLLATE=utf8_unicode_ci;

--
-- Dumping data for table `feedbacks`
--

INSERT INTO `feedbacks` (`id`, `customer_id`, `rating`, `comment`, `feedbackable_id`, `feedbackable_type`, `approved`, `spam`, `created_at`, `updated_at`) VALUES
(1, 16, 5, 'Voluptatem sit delectus omnis possimus iure odit aliquam. Nobis vel quaerat qui quod eligendi et. Asperiores animi beatae ea tempore.', 65, 'App\\Models\\Inventory', 1, 0, '2022-07-22 15:57:51', '2022-07-18 15:57:51'),
(2, 13, 3, 'Quos modi recusandae omnis cumque qui omnis commodi aut. Voluptatibus reiciendis eum omnis sed maiores praesentium deserunt enim. Itaque veritatis qui quibusdam doloribus laudantium dolor. Quas alias dolorem est sit ipsam quos magni. Ab vel consequatur eum ea illum debitis.', 30, 'App\\Models\\Inventory', 1, 0, '2022-08-02 15:57:51', '2022-07-31 15:57:51'),
(3, 9, 3, 'Voluptate fugiat minima iste nihil omnis molestias. Rerum ut corrupti incidunt repellendus. Et autem soluta atque. Sit ea est et inventore architecto aspernatur odio laudantium.', 48, 'App\\Models\\Inventory', 1, 0, '2022-07-30 15:57:51', '2022-07-27 15:57:51'),
(4, 8, 5, 'Aut pariatur voluptatem iusto deserunt ipsum rem. Tempora modi nihil quis est. Accusantium laborum voluptas perspiciatis ipsa. Ut et earum in qui occaecati ut.', 2, 'App\\Models\\Shop', 1, 0, '2022-07-20 15:57:51', '2022-08-01 15:57:51'),
(5, 15, 3, 'Fugit sit magni sed quasi. Cumque sunt quia qui et dolor. Accusantium mollitia consequatur non nostrum officiis id fugit et. At voluptatem quo sequi pariatur necessitatibus voluptates non optio.', 3, 'App\\Models\\Shop', 1, 0, '2022-07-23 15:57:51', '2022-07-30 15:57:51'),
(6, 12, 5, 'In ut eligendi aperiam expedita quia sit reprehenderit et. Nam sequi asperiores neque eveniet. Autem quas sapiente esse corporis laboriosam.', 4, 'App\\Models\\Shop', 1, 0, '2022-07-29 15:57:51', '2022-07-27 15:57:51'),
(7, 7, 1, 'Aut voluptas similique minus quia. Omnis exercitationem perspiciatis quae doloribus sint praesentium natus. Quia rerum possimus tempore laborum animi.', 84, 'App\\Models\\Inventory', 1, 0, '2022-07-24 15:57:51', '2022-07-26 15:57:51'),
(8, 12, 1, 'Et aspernatur non maxime odio. Velit qui in aut rerum exercitationem numquam. Suscipit ut nostrum et labore. Explicabo qui saepe sit excepturi corporis error impedit.', 5, 'App\\Models\\Shop', 1, 0, '2022-07-26 15:57:51', '2022-07-27 15:57:51'),
(9, 11, 1, 'Aliquid quidem quia dolorem at fuga recusandae. Praesentium atque alias saepe ut porro laboriosam. Adipisci explicabo nam aliquam animi et qui amet. Ab debitis facere ratione a id vel aliquam.', 47, 'App\\Models\\Inventory', 1, 0, '2022-07-31 15:57:51', '2022-07-31 15:57:51'),
(10, 13, 4, 'Praesentium qui aliquam consequuntur autem sed aut. Harum quis quia error exercitationem. Totam quia consequuntur odit ipsam dolore at.', 1, 'App\\Models\\Shop', 1, 0, '2022-08-02 15:57:51', '2022-07-21 15:57:51'),
(11, 3, 1, 'Quo a quod facilis omnis sit. Odit architecto totam minus laboriosam velit sequi vel. Quia sed animi laborum minus quae. Et quis et velit expedita error pariatur.', 55, 'App\\Models\\Inventory', 1, 0, '2022-07-28 15:57:51', '2022-07-24 15:57:51'),
(12, 12, 4, 'Culpa deleniti qui aut harum. Assumenda beatae autem reprehenderit animi vitae voluptatem eveniet. Nesciunt debitis a aperiam. Explicabo quam quibusdam natus facere.', 19, 'App\\Models\\Inventory', 1, 0, '2022-07-21 15:57:51', '2022-07-24 15:57:51'),
(13, 1, 1, 'Sit fuga quod excepturi labore consequatur. Eligendi dolorem magnam excepturi sint voluptatum animi. Illo corporis est occaecati alias. Nesciunt laborum eveniet ut voluptatem.', 2, 'App\\Models\\Shop', 1, 0, '2022-07-24 15:57:51', '2022-07-29 15:57:51'),
(14, 10, 4, 'Autem tempora assumenda odit soluta in commodi. Voluptatum a ex et velit. Et asperiores accusantium ex non a quo iusto. Omnis exercitationem voluptas sit aperiam deserunt.', 45, 'App\\Models\\Inventory', 1, 0, '2022-07-24 15:57:51', '2022-07-26 15:57:51'),
(15, 1, 2, 'Possimus hic voluptatem nesciunt hic consequatur magni vero. Sit et culpa dolores voluptatum laboriosam hic. Maxime ducimus porro fugiat assumenda velit perferendis sit.', 3, 'App\\Models\\Shop', 1, 0, '2022-07-18 15:57:51', '2022-07-21 15:57:51'),
(16, 11, 1, 'Sit iste voluptas facilis quia et laboriosam. Ipsum autem laudantium temporibus eveniet ut pariatur voluptate nulla.', 4, 'App\\Models\\Shop', 1, 0, '2022-07-27 15:57:51', '2022-07-21 15:57:51'),
(17, 5, 4, 'Atque ut expedita qui veniam neque sunt commodi. Voluptates et qui sit perspiciatis similique iure. Deleniti non consequuntur itaque voluptatem totam veniam quia ab. Omnis quam inventore deleniti non occaecati.', 4, 'App\\Models\\Shop', 1, 0, '2022-07-26 15:57:51', '2022-08-02 15:57:51'),
(18, 14, 5, 'Rerum vero sapiente beatae soluta ratione est possimus quis. Voluptatibus molestiae hic corrupti quia. Velit voluptas magnam laborum fuga et voluptatibus. Pariatur tenetur doloribus quia eveniet dolor.', 17, 'App\\Models\\Inventory', 1, 0, '2022-07-28 15:57:51', '2022-07-19 15:57:51'),
(19, 7, 2, 'Modi dicta quam magni est. Modi numquam accusamus deserunt incidunt sit et. Officiis ut corrupti eveniet nemo.', 71, 'App\\Models\\Inventory', 1, 0, '2022-07-28 15:57:51', '2022-07-28 15:57:51'),
(20, 10, 1, 'Nisi quas nam doloribus asperiores dolorem pariatur distinctio quis. Et eius maiores provident accusantium repudiandae vel.', 2, 'App\\Models\\Shop', 1, 0, '2022-07-30 15:57:51', '2022-07-19 15:57:51'),
(21, 16, 2, 'Et eos consequuntur reiciendis voluptas esse modi aliquid. Adipisci repellendus non omnis omnis aut aspernatur est quos.', 32, 'App\\Models\\Inventory', 1, 0, '2022-07-28 15:57:51', '2022-07-24 15:57:51'),
(22, 11, 5, 'Qui rerum maiores accusamus repellendus saepe quas minima tempora. Aliquid est dolorum sunt dolorem. Doloremque voluptatem eos neque odit labore repellat vel.', 2, 'App\\Models\\Shop', 1, 0, '2022-07-21 15:57:51', '2022-08-01 15:57:51'),
(23, 10, 3, 'Tenetur nam similique id. Quidem veniam laudantium inventore dolor accusantium. Eum ullam voluptatem laborum enim suscipit non.', 2, 'App\\Models\\Shop', 1, 0, '2022-07-29 15:57:51', '2022-07-24 15:57:51'),
(24, 13, 4, 'Iure libero et dolorem aliquid at nam. Quia fugiat quia quidem dolorem.', 55, 'App\\Models\\Inventory', 1, 0, '2022-07-20 15:57:51', '2022-07-19 15:57:51'),
(25, 10, 3, 'Modi labore id quos quam. Cupiditate odit et sapiente aperiam. Dignissimos nulla amet ut sit voluptatem velit. Sed ducimus minima qui.', 86, 'App\\Models\\Inventory', 1, 0, '2022-07-22 15:57:51', '2022-07-30 15:57:51'),
(26, 5, 2, 'Aut laboriosam expedita recusandae dolorem est. Voluptatem quisquam dolorum sunt impedit deserunt voluptas qui. Ducimus et iste qui voluptatem est. Alias corporis harum et velit cupiditate aut molestiae.', 104, 'App\\Models\\Inventory', 1, 0, '2022-07-31 15:57:51', '2022-07-21 15:57:51'),
(27, 15, 2, 'Voluptates amet dolor voluptatem voluptas magnam aut et. Numquam labore corporis ea nobis aut.', 5, 'App\\Models\\Shop', 1, 0, '2022-08-01 15:57:51', '2022-07-18 15:57:51'),
(28, 7, 3, 'Explicabo non iste quae cupiditate. Assumenda atque voluptas esse fugiat qui. Nisi quas voluptas nemo totam alias voluptas earum. Dignissimos veniam eum repudiandae. Aliquam in ipsum eaque corrupti qui ut.', 70, 'App\\Models\\Inventory', 1, 0, '2022-07-20 15:57:51', '2022-07-27 15:57:51'),
(29, 6, 3, 'Repellendus id repellendus reiciendis voluptate. Alias nihil nihil laboriosam itaque. Eligendi ut quis quam hic aut.', 16, 'App\\Models\\Inventory', 1, 0, '2022-07-19 15:57:51', '2022-07-20 15:57:51'),
(30, 2, 3, 'Et aut eveniet omnis aut veritatis aut. Sapiente ullam enim tempore culpa et dignissimos velit expedita. Velit rerum ea sint voluptatem ipsum ex.', 51, 'App\\Models\\Inventory', 1, 0, '2022-07-26 15:57:51', '2022-07-23 15:57:51'),
(31, 12, 2, 'Beatae maxime ipsum maiores ut suscipit atque consequatur. Sed iste repellat ex ut dignissimos et. Officia et expedita mollitia. Inventore voluptas qui illo aut.', 3, 'App\\Models\\Shop', 1, 0, '2022-07-28 15:57:51', '2022-07-29 15:57:51'),
(32, 5, 3, 'Minus repudiandae voluptas praesentium reiciendis tenetur commodi optio illo. Iusto amet autem quam cumque quibusdam. Ea recusandae sequi qui aperiam corporis saepe. Iste dolores voluptas distinctio asperiores rerum est. Perferendis velit et sunt nihil quia sed.', 3, 'App\\Models\\Shop', 1, 0, '2022-07-31 15:57:51', '2022-08-02 15:57:51'),
(33, 11, 2, 'Nostrum quia distinctio ut at. Officiis reprehenderit voluptatibus laudantium laborum ducimus laudantium accusamus.', 1, 'App\\Models\\Shop', 1, 0, '2022-08-02 15:57:51', '2022-07-18 15:57:51'),
(34, 7, 2, 'Dolor est minus dolores officia nemo. In rerum incidunt adipisci quia quos ipsa.', 1, 'App\\Models\\Inventory', 1, 0, '2022-07-30 15:57:51', '2022-07-27 15:57:51'),
(35, 10, 4, 'Est vel atque rerum consequatur. Reiciendis consequatur nihil nihil qui. Praesentium aut repellendus pariatur minima eum vel. Vitae consequatur dignissimos perferendis ex soluta tempora.', 33, 'App\\Models\\Inventory', 1, 0, '2022-07-18 15:57:51', '2022-07-28 15:57:51'),
(36, 11, 5, 'Dolores atque rem rem nostrum et a. In autem et aut omnis. Rem ullam corporis maiores molestiae aut qui nostrum. Amet consequatur ea quo cum vel.', 89, 'App\\Models\\Inventory', 1, 0, '2022-07-20 15:57:51', '2022-07-25 15:57:51'),
(37, 16, 5, 'Sunt ea soluta nihil possimus. Quis et deserunt eum quaerat repellat. Vero laudantium neque amet a.', 1, 'App\\Models\\Shop', 1, 0, '2022-07-19 15:57:51', '2022-07-24 15:57:51'),
(38, 10, 1, 'Nihil alias sed delectus ab. Maiores consequatur odio quia tempore. Amet tenetur nisi aut dolorum aliquid aut vel.', 90, 'App\\Models\\Inventory', 1, 0, '2022-07-31 15:57:51', '2022-07-28 15:57:51'),
(39, 2, 5, 'Culpa nostrum reiciendis dolore facilis laborum iusto laborum. Ipsam praesentium animi accusamus quo sed et consequatur. Laudantium magni quaerat quam mollitia. Aut aut quidem deserunt cumque.', 39, 'App\\Models\\Inventory', 1, 0, '2022-07-30 15:57:51', '2022-07-28 15:57:51'),
(40, 3, 4, 'Distinctio minus expedita corporis quae dolores corporis. Molestias cumque occaecati velit voluptas in. Exercitationem tempora nemo consequatur. Ea repellendus iste eos vero et quaerat esse.', 2, 'App\\Models\\Shop', 1, 0, '2022-08-02 15:57:51', '2022-07-23 15:57:51'),
(41, 6, 1, 'Fugiat laborum eum est. Voluptatem rem rerum inventore rem. Facere dolorem cupiditate nobis laudantium.', 7, 'App\\Models\\Inventory', 1, 0, '2022-08-01 15:57:51', '2022-07-26 15:57:51'),
(42, 8, 3, 'Adipisci enim eos voluptatibus distinctio. Dignissimos id reprehenderit veritatis quia architecto. Qui corrupti eveniet sed et.', 90, 'App\\Models\\Inventory', 1, 0, '2022-07-21 15:57:51', '2022-07-29 15:57:51'),
(43, 16, 2, 'Corrupti sed rerum dolorem quaerat illo ut. Rerum in et quia rerum. Magni neque dignissimos error vitae non eius expedita deleniti. Eum quasi deserunt dolore aut eos nostrum et magnam.', 3, 'App\\Models\\Shop', 1, 0, '2022-07-18 15:57:51', '2022-07-18 15:57:51'),
(44, 4, 2, 'Qui eum laboriosam praesentium tenetur molestias architecto consequatur. Voluptate quia officia vitae dolor est voluptatum optio. Voluptatibus modi ut quia tempora. Libero et asperiores soluta deserunt enim odit.', 1, 'App\\Models\\Shop', 1, 0, '2022-07-19 15:57:51', '2022-07-30 15:57:51'),
(45, 13, 3, 'Cupiditate voluptas temporibus a excepturi quo illum ea assumenda. Et ducimus enim doloribus corrupti cupiditate dolores. Non tenetur ea ex et recusandae eligendi laudantium.', 5, 'App\\Models\\Shop', 1, 0, '2022-07-31 15:57:51', '2022-08-02 15:57:51'),
(46, 8, 2, 'Voluptatem velit non optio aut dolores inventore. Voluptatem autem aut cupiditate iusto esse dolores minima id. Ex fugit unde quas culpa architecto blanditiis non mollitia.', 51, 'App\\Models\\Inventory', 1, 0, '2022-07-28 15:57:51', '2022-07-23 15:57:51'),
(47, 11, 4, 'Nostrum quibusdam dolorem ipsa eum ut eum corporis. Molestiae explicabo dolores non aut. Explicabo necessitatibus cumque est quibusdam dolor dolor.', 94, 'App\\Models\\Inventory', 1, 0, '2022-07-19 15:57:51', '2022-07-31 15:57:51'),
(48, 3, 4, 'Consequatur soluta natus illo expedita inventore esse. Impedit odio dolorum qui vitae fuga.', 4, 'App\\Models\\Shop', 1, 0, '2022-07-23 15:57:51', '2022-07-19 15:57:51'),
(49, 14, 2, 'Sit aperiam dolores autem earum amet a impedit. Quibusdam sint aut dolor.', 73, 'App\\Models\\Inventory', 1, 0, '2022-07-27 15:57:51', '2022-07-29 15:57:51'),
(50, 14, 5, 'Nostrum quod eum officia. Dolore possimus et fugit consectetur ad. Consectetur ipsum in sequi iste. Asperiores beatae quasi aut et quas.', 1, 'App\\Models\\Shop', 1, 0, '2022-07-30 15:57:51', '2022-07-22 15:57:51'),
(51, 11, 1, 'At ut et ut occaecati est. Reiciendis rem sint qui quia quas laudantium dolorem laudantium. Perferendis maiores voluptas reiciendis quia.', 56, 'App\\Models\\Inventory', 1, 0, '2022-07-27 15:57:51', '2022-07-29 15:57:51'),
(52, 8, 4, 'Voluptatum et est a atque neque. Consequatur qui numquam in libero omnis. Vel excepturi architecto consequuntur.', 106, 'App\\Models\\Inventory', 1, 0, '2022-08-02 15:57:51', '2022-07-28 15:57:51'),
(53, 6, 5, 'Velit molestiae animi eos tempora eum. Est officia qui odio autem eos. Temporibus est eligendi eum eaque doloremque.', 4, 'App\\Models\\Shop', 1, 0, '2022-07-30 15:57:51', '2022-07-22 15:57:51'),
(54, 7, 1, 'Error commodi et et velit voluptatum. Veritatis quas et nemo at non in. Doloribus aut sit cumque repellat dolor commodi ut. Debitis asperiores consequuntur rem expedita consequuntur quis.', 91, 'App\\Models\\Inventory', 1, 0, '2022-07-20 15:57:51', '2022-07-26 15:57:51'),
(55, 15, 5, 'Error deserunt blanditiis omnis labore magni. Quia reiciendis omnis eum nihil. Qui unde architecto quaerat assumenda at accusantium occaecati.', 105, 'App\\Models\\Inventory', 1, 0, '2022-07-28 15:57:51', '2022-07-19 15:57:51'),
(56, 7, 1, 'Aliquid tempora amet tempora laboriosam voluptate sed illum aut. Sit doloribus reprehenderit facilis expedita aliquid possimus. Quia accusantium est consequatur reprehenderit nisi autem ex. Sunt molestiae quaerat quis nulla.', 3, 'App\\Models\\Shop', 1, 0, '2022-07-21 15:57:51', '2022-07-19 15:57:51'),
(57, 6, 1, 'Consequatur sapiente aut vel voluptatem quia quisquam consequatur. Tempora unde quod laboriosam rerum modi rem molestiae.', 47, 'App\\Models\\Inventory', 1, 0, '2022-08-01 15:57:51', '2022-08-01 15:57:51'),
(58, 10, 3, 'Fugit exercitationem impedit sed. Nesciunt omnis dolores incidunt. Reprehenderit est voluptas quae corrupti amet quas. Suscipit numquam maxime ullam non.', 2, 'App\\Models\\Shop', 1, 0, '2022-07-30 15:57:51', '2022-07-21 15:57:51'),
(59, 10, 5, 'Fugiat voluptas earum in. Sed repudiandae sed praesentium aspernatur doloribus sint. Veritatis et alias veritatis. Aliquid ea sit quis et quo laboriosam. Sed qui laboriosam dolore.', 4, 'App\\Models\\Shop', 1, 0, '2022-08-02 15:57:51', '2022-07-18 15:57:51'),
(60, 4, 1, 'Totam consectetur quos aut non non iure. Rerum quo nam illo excepturi dolores in aliquid quae. Saepe nemo libero cumque facilis.', 5, 'App\\Models\\Shop', 1, 0, '2022-07-31 15:57:51', '2022-07-21 15:57:51'),
(61, 4, 1, 'Voluptatem voluptatum et tenetur rerum placeat explicabo nisi. Esse earum quos excepturi rerum et est. Excepturi saepe et tempora voluptas.', 55, 'App\\Models\\Inventory', 1, 0, '2022-08-01 15:57:51', '2022-08-01 15:57:51'),
(62, 3, 1, 'Sint dolorem aut est est dolorum nesciunt non. Ab omnis quis et. Et est unde expedita autem qui labore ut. Aut eveniet quod voluptatibus ad dolorum.', 53, 'App\\Models\\Inventory', 1, 0, '2022-08-01 15:57:51', '2022-08-01 15:57:51'),
(63, 14, 5, 'Sapiente sequi unde non est ea a. Ut consequatur ea est sunt nostrum qui. Dicta qui sapiente veniam veritatis incidunt.', 81, 'App\\Models\\Inventory', 1, 0, '2022-07-21 15:57:51', '2022-07-28 15:57:51'),
(64, 2, 5, 'Voluptatem vitae ut sunt ea facilis. Fugiat beatae ullam nesciunt blanditiis non. Veritatis non repellat voluptas nisi veritatis qui. Dolorum consequatur quibusdam quisquam sunt commodi.', 26, 'App\\Models\\Inventory', 1, 0, '2022-07-28 15:57:51', '2022-07-19 15:57:51'),
(65, 6, 4, 'Dolorem laudantium voluptas omnis itaque fugit dolorum officiis. Nam voluptate est voluptatibus in aut aut. Eligendi qui eum veniam cumque ea occaecati. Quae voluptatem alias dolores et. Reprehenderit magni cumque saepe impedit cum.', 3, 'App\\Models\\Shop', 1, 0, '2022-07-26 15:57:51', '2022-07-20 15:57:51'),
(66, 8, 5, 'Ut quasi eum quia enim exercitationem. Est voluptas vel magnam vel distinctio. Beatae quae veniam ea facilis.', 75, 'App\\Models\\Inventory', 1, 0, '2022-07-19 15:57:51', '2022-07-31 15:57:51'),
(67, 12, 5, 'A corrupti neque velit harum illo ipsum explicabo. Soluta enim sed totam aut laborum. Laborum omnis consequatur consequatur aut quis voluptatibus excepturi. Magnam earum numquam at ad perspiciatis.', 5, 'App\\Models\\Shop', 1, 0, '2022-07-20 15:57:51', '2022-07-22 15:57:51'),
(68, 4, 2, 'Eum voluptatem enim officiis nisi. Et aliquam reprehenderit placeat tempora deserunt qui excepturi. Harum eius quo odio ullam rerum molestiae. Temporibus voluptates aut quia temporibus quia qui omnis.', 3, 'App\\Models\\Shop', 1, 0, '2022-07-31 15:57:51', '2022-07-23 15:57:51'),
(69, 1, 2, 'Officiis facilis corporis ad ratione sit est. Perferendis neque unde harum ipsum sapiente quia aliquid distinctio. Veniam totam iure velit autem tempora eos. Deleniti tempore odio ut culpa sequi tempora ex.', 22, 'App\\Models\\Inventory', 1, 0, '2022-07-31 15:57:51', '2022-08-02 15:57:51'),
(70, 2, 2, 'Qui dignissimos suscipit doloribus hic. Aut voluptatem corrupti molestiae necessitatibus consequatur occaecati aperiam. Exercitationem sit praesentium unde unde possimus unde sequi. Omnis eligendi rerum quis cum.', 5, 'App\\Models\\Shop', 1, 0, '2022-07-22 15:57:51', '2022-07-20 15:57:51'),
(71, 16, 4, 'Quaerat et optio enim quia iure. Magni sit rerum est autem cupiditate. Beatae harum sequi qui cum.', 1, 'App\\Models\\Shop', 1, 0, '2022-07-20 15:57:51', '2022-07-23 15:57:51'),
(72, 8, 1, 'Quasi fugiat dolor odio dolores asperiores unde. Laudantium saepe et suscipit aut consequuntur nam. Qui quibusdam amet quam qui aliquid beatae. Voluptatem eveniet nostrum qui.', 11, 'App\\Models\\Inventory', 1, 0, '2022-07-27 15:57:51', '2022-08-01 15:57:51'),
(73, 16, 1, 'Iure cupiditate accusamus ratione quo nulla. Molestiae possimus doloribus corporis nisi at doloremque dicta.', 2, 'App\\Models\\Shop', 1, 0, '2022-08-01 15:57:51', '2022-07-20 15:57:51'),
(74, 9, 2, 'Id sed aliquid eos deleniti. Dicta sequi explicabo eos veniam. Doloribus perspiciatis omnis in omnis quos incidunt dolorum. Aut nostrum autem excepturi quasi sunt quis.', 4, 'App\\Models\\Shop', 1, 0, '2022-08-01 15:57:51', '2022-07-25 15:57:51'),
(75, 9, 3, 'Nisi accusamus excepturi voluptatum temporibus. Earum necessitatibus temporibus minima unde eum explicabo. Officia quis quis laboriosam molestiae molestias. Ad aut ea ut harum molestias reprehenderit nesciunt.', 3, 'App\\Models\\Shop', 1, 0, '2022-07-27 15:57:51', '2022-07-26 15:57:51'),
(76, 3, 5, 'Repudiandae cum ipsa fuga eum et nam. Vitae odit veritatis magni quaerat mollitia voluptates. Sit placeat quia et placeat eligendi. Recusandae at fugiat ut magni aut velit.', 2, 'App\\Models\\Shop', 1, 0, '2022-07-22 15:57:51', '2022-07-22 15:57:51'),
(77, 13, 5, 'Assumenda officia repellendus reprehenderit enim omnis sequi. Fuga non iure sed sed sequi. Tempore doloribus magnam officiis voluptatem iure.', 2, 'App\\Models\\Shop', 1, 0, '2022-07-22 15:57:51', '2022-07-29 15:57:51'),
(78, 2, 1, 'Cum in fugiat est. Id voluptatem vel magnam corrupti similique. In voluptatibus rerum voluptatum nihil qui accusantium.', 61, 'App\\Models\\Inventory', 1, 0, '2022-07-22 15:57:51', '2022-07-27 15:57:51'),
(79, 15, 2, 'Hic placeat nobis quia non. Voluptas cum illo minus tempora voluptatem est et. Fugiat iusto quis sapiente et sapiente fugit. Totam id et ipsa aliquam possimus est omnis. Rem at nemo assumenda laboriosam.', 2, 'App\\Models\\Inventory', 1, 0, '2022-07-21 15:57:51', '2022-08-02 15:57:51'),
(80, 16, 2, 'Ipsam voluptatem tenetur quisquam nihil. Molestiae labore eius quod eligendi placeat sunt. Ratione et pariatur voluptas dolor.', 17, 'App\\Models\\Inventory', 1, 0, '2022-07-18 15:57:51', '2022-07-22 15:57:51'),
(81, 1, 2, 'Molestias consequatur in error illum perspiciatis. Corrupti ut doloribus excepturi et. Dolorem est omnis fugiat dolore aspernatur omnis iure odit.', 17, 'App\\Models\\Inventory', 1, 0, '2022-07-26 15:57:51', '2022-07-24 15:57:51'),
(82, 1, 5, 'Sunt rerum explicabo voluptatem doloribus. Ut iure et necessitatibus incidunt quidem minima rerum occaecati. Et officia hic aspernatur praesentium rerum voluptatibus. Eius nihil ut dolorum ullam autem pariatur.', 99, 'App\\Models\\Inventory', 1, 0, '2022-07-20 15:57:51', '2022-07-27 15:57:51'),
(83, 1, 2, 'Quas enim dolor facilis minus nesciunt voluptatem delectus. Cumque delectus ipsum aut facilis veritatis. Harum ipsum fugit culpa facere. Impedit quis eius omnis et sit enim.', 86, 'App\\Models\\Inventory', 1, 0, '2022-07-22 15:57:51', '2022-08-02 15:57:51'),
(84, 10, 5, 'Quam repudiandae ipsam reiciendis est reprehenderit distinctio ullam. Dolore odio necessitatibus nisi sunt a distinctio sit molestiae. Laborum saepe omnis expedita consectetur quia. Laborum vel et et.', 104, 'App\\Models\\Inventory', 1, 0, '2022-07-21 15:57:51', '2022-07-23 15:57:51'),
(85, 16, 5, 'Libero et ipsum soluta iure repellendus minus deserunt. Consequuntur incidunt dolore excepturi eveniet. Facere quam sunt veritatis. Consequatur eum rerum occaecati commodi nisi qui tempora nihil.', 1, 'App\\Models\\Shop', 1, 0, '2022-07-24 15:57:51', '2022-08-02 15:57:51'),
(86, 11, 1, 'Sed quia molestiae iste quis. Voluptas et harum et enim laboriosam. Sit sunt et alias vel aut labore incidunt. Sit et eveniet suscipit dolorem.', 2, 'App\\Models\\Shop', 1, 0, '2022-07-27 15:57:51', '2022-07-26 15:57:51'),
(87, 10, 3, 'Dignissimos sed explicabo laboriosam dolores cum. Non velit delectus ab sint. Ipsam maiores non quisquam voluptas. Quaerat quae accusamus in atque quo illo id.', 35, 'App\\Models\\Inventory', 1, 0, '2022-07-20 15:57:51', '2022-07-20 15:57:51'),
(88, 13, 2, 'Voluptate ut quia nihil voluptate dolorum voluptatem rerum. In tenetur rerum labore sunt et. Illum dolor ad accusamus mollitia eum doloremque. Optio veritatis iure dolor sed porro.', 91, 'App\\Models\\Inventory', 1, 0, '2022-08-01 15:57:51', '2022-07-23 15:57:51'),
(89, 5, 5, 'Quo magni non voluptatum facilis voluptatum ut culpa. Aut accusamus repellat mollitia ea blanditiis. Quisquam earum debitis et qui accusantium illo nam. Assumenda dolores ut tempora rem dignissimos ea consectetur autem.', 77, 'App\\Models\\Inventory', 1, 0, '2022-07-19 15:57:51', '2022-07-18 15:57:51'),
(90, 16, 1, 'Et nihil delectus consequatur atque. Magni molestias maxime est aut corporis. Eos quod nesciunt qui aut labore. Qui magnam maiores praesentium asperiores animi officiis quis.', 3, 'App\\Models\\Shop', 1, 0, '2022-07-29 15:57:51', '2022-07-19 15:57:51'),
(91, 14, 3, 'Eos et et numquam omnis velit ut. Qui consectetur perferendis dolorem ut architecto eveniet molestias. Non enim nihil consequatur aspernatur dicta eaque eaque. Voluptatem voluptatibus ea esse deleniti et dolor molestiae inventore. Est accusamus tempora praesentium pariatur ullam.', 3, 'App\\Models\\Shop', 1, 0, '2022-07-25 15:57:51', '2022-07-25 15:57:51'),
(92, 8, 5, 'Voluptatum autem aliquam fuga ratione quis sunt. Molestias et quisquam qui. Sunt inventore quia sint aut omnis aliquam.', 13, 'App\\Models\\Inventory', 1, 0, '2022-07-24 15:57:51', '2022-07-25 15:57:51'),
(93, 10, 4, 'Recusandae quas quis in at. Ex qui et consequatur odit. Et expedita sunt eaque sint inventore quas. Dolores tempore amet temporibus quas et corporis cumque.', 105, 'App\\Models\\Inventory', 1, 0, '2022-07-21 15:57:51', '2022-07-25 15:57:51'),
(94, 10, 5, 'Dolores enim ipsa quasi cum deleniti laudantium provident. Aliquid neque et ut sunt necessitatibus quia illum. Neque beatae ad accusantium voluptas. Quis aliquid nihil velit consequuntur ad.', 4, 'App\\Models\\Shop', 1, 0, '2022-07-18 15:57:51', '2022-07-25 15:57:51'),
(95, 4, 5, 'Rerum odio cumque inventore in ipsam pariatur non. Qui similique corporis esse ex itaque. Consequatur odio qui similique commodi. Ratione repudiandae dolores est beatae rem.', 5, 'App\\Models\\Shop', 1, 0, '2022-07-20 15:57:51', '2022-07-26 15:57:51'),
(96, 15, 4, 'Beatae aut necessitatibus occaecati nihil voluptate. Quod dolor distinctio numquam consectetur aspernatur. Exercitationem corporis id nemo rem accusantium vel.', 4, 'App\\Models\\Shop', 1, 0, '2022-07-27 15:57:51', '2022-07-31 15:57:51'),
(97, 10, 1, 'Et sunt fugit beatae inventore doloribus dolor at. Eum quibusdam blanditiis et et fugiat. Eius et iste culpa enim nam.', 1, 'App\\Models\\Shop', 1, 0, '2022-07-18 15:57:51', '2022-07-25 15:57:51'),
(98, 13, 5, 'Doloribus voluptas laborum voluptas voluptatem autem consequatur dolorum molestias. Voluptatem in nostrum rem cumque non. Commodi id qui qui ut ad rerum quia.', 87, 'App\\Models\\Inventory', 1, 0, '2022-07-28 15:57:51', '2022-08-01 15:57:51'),
(99, 5, 1, 'Et nam deserunt atque molestiae sed. Dolor quia pariatur dolor. Praesentium quisquam maxime natus et.', 13, 'App\\Models\\Inventory', 1, 0, '2022-07-31 15:57:51', '2022-07-28 15:57:51'),
(100, 8, 1, 'Ratione tempore et ipsum illum voluptatem rem. Non error ut distinctio consectetur aliquid. Aut et deserunt ut nulla molestiae est maiores sed. Sed odio corrupti molestias rerum dolorem consequatur consequuntur.', 74, 'App\\Models\\Inventory', 1, 0, '2022-08-01 15:57:51', '2022-07-26 15:57:51'),
(101, 5, 3, 'Enim et quae explicabo sed. Aliquid accusantium aliquid totam rerum aut maxime et. Optio illum commodi aut quia minus.', 41, 'App\\Models\\Inventory', 1, 0, '2022-07-29 15:57:51', '2022-07-29 15:57:51'),
(102, 14, 1, 'Dolores dolores sit sit. Quos ut aut et necessitatibus. Voluptas adipisci explicabo non velit minus cupiditate.', 30, 'App\\Models\\Inventory', 1, 0, '2022-07-28 15:57:51', '2022-07-18 15:57:51'),
(103, 13, 4, 'Ea et aut magni qui non. Id optio ducimus repudiandae quia minus. Excepturi eius sint voluptatibus temporibus voluptate. Distinctio velit voluptatum sint et consectetur.', 63, 'App\\Models\\Inventory', 1, 0, '2022-08-01 15:57:51', '2022-07-28 15:57:51'),
(104, 12, 5, 'Dolores rerum non incidunt ullam sed et. Doloribus qui eius consequatur error. Optio laudantium ea voluptas perspiciatis consequatur.', 2, 'App\\Models\\Shop', 1, 0, '2022-08-02 15:57:51', '2022-07-25 15:57:51'),
(105, 14, 4, 'Ut enim sed quibusdam quaerat doloribus ducimus natus. Ut et enim rerum aut. Natus ratione illum fuga distinctio et.', 104, 'App\\Models\\Inventory', 1, 0, '2022-07-30 15:57:51', '2022-07-25 15:57:51'),
(106, 14, 5, 'Nobis vel enim non deleniti. Inventore eos itaque aliquam. Dolor officia quaerat quam voluptatem earum ipsum ipsum veniam. Quos nisi velit totam veniam ea cupiditate quis.', 2, 'App\\Models\\Inventory', 1, 0, '2022-07-22 15:57:51', '2022-07-24 15:57:51'),
(107, 4, 3, 'Eveniet aut aut porro vitae reprehenderit neque. Eos exercitationem unde laboriosam qui nam quia voluptatem modi. Atque omnis aut et excepturi enim aut natus dolorem.', 4, 'App\\Models\\Shop', 1, 0, '2022-07-21 15:57:51', '2022-07-28 15:57:51'),
(108, 16, 1, 'Quia non iusto dolores exercitationem autem iusto non. Hic placeat laborum voluptates cumque perferendis mollitia numquam.', 14, 'App\\Models\\Inventory', 1, 0, '2022-07-28 15:57:51', '2022-07-25 15:57:51'),
(109, 12, 5, 'Sed ipsam est vero et. Voluptatem cum qui aspernatur illum consequatur molestiae. Eum recusandae ut earum velit consequatur.', 53, 'App\\Models\\Inventory', 1, 0, '2022-07-19 15:57:51', '2022-07-31 15:57:51'),
(110, 13, 4, 'Voluptatem voluptatem perferendis laborum corrupti ut sunt. Et doloremque sunt eveniet repudiandae aut mollitia perspiciatis. Soluta omnis fuga illum iusto non sit ipsam. Quia ea distinctio delectus numquam qui qui.', 81, 'App\\Models\\Inventory', 1, 0, '2022-07-21 15:57:51', '2022-07-29 15:57:51'),
(111, 7, 2, 'Rerum sed unde laudantium est quas. Consequatur veritatis veniam ratione quis ipsa iure. Sed ea aut magni sed fugiat inventore. Laborum fugiat vel fuga quasi. Nemo et aut eius veritatis earum sint.', 5, 'App\\Models\\Shop', 1, 0, '2022-07-19 15:57:51', '2022-07-29 15:57:51'),
(112, 1, 1, 'Deleniti reprehenderit enim sit laudantium. Nisi architecto deserunt cumque eos. Ut asperiores sit ut omnis temporibus harum. Eum officiis et eum omnis repellat ducimus eos.', 72, 'App\\Models\\Inventory', 1, 0, '2022-08-01 15:57:51', '2022-07-22 15:57:51'),
(113, 10, 1, 'Earum et est quis et sed quasi officia deleniti. Nihil sed itaque iure occaecati autem. Dicta quaerat ut consectetur recusandae veniam quis voluptate exercitationem.', 21, 'App\\Models\\Inventory', 1, 0, '2022-07-22 15:57:51', '2022-08-02 15:57:51'),
(114, 4, 1, 'Magni dolores cum magnam dicta sunt numquam autem fuga. Rerum iste rerum assumenda et qui. Nisi voluptatibus reprehenderit illo dolore omnis cupiditate molestias. Error doloremque quibusdam eligendi itaque consequatur consectetur explicabo.', 4, 'App\\Models\\Shop', 1, 0, '2022-08-02 15:57:51', '2022-07-31 15:57:51'),
(115, 1, 1, 'Illum nulla deserunt debitis dolor quidem est ad. Quod mollitia nihil velit.', 2, 'App\\Models\\Shop', 1, 0, '2022-07-22 15:57:51', '2022-07-20 15:57:51'),
(116, 7, 3, 'Quod est excepturi maiores illum. Et assumenda nam et eius doloribus assumenda deleniti dolor. Mollitia illum delectus explicabo autem sunt voluptates ipsum omnis.', 48, 'App\\Models\\Inventory', 1, 0, '2022-07-26 15:57:51', '2022-07-26 15:57:51'),
(117, 5, 3, 'A aut possimus quo voluptas ut animi tempora. Et et laudantium est repudiandae totam nihil. Porro quasi optio ut est ducimus debitis ut.', 2, 'App\\Models\\Shop', 1, 0, '2022-07-25 15:57:51', '2022-07-28 15:57:51'),
(118, 10, 4, 'Dolorum repudiandae exercitationem sit expedita tempora saepe deserunt. Quo impedit soluta totam consequatur consequatur doloribus. Sed sit est vel enim id.', 3, 'App\\Models\\Shop', 1, 0, '2022-07-21 15:57:51', '2022-07-23 15:57:51'),
(119, 7, 2, 'Et accusamus id quaerat omnis. Et ea possimus laborum placeat eos. Porro dolorem et aspernatur a sed cum temporibus.', 92, 'App\\Models\\Inventory', 1, 0, '2022-07-27 15:57:51', '2022-07-18 15:57:51'),
(120, 15, 5, 'Quidem eius enim et voluptate aut natus velit. Vitae dolorem qui quos ab. Aut ipsum reiciendis dolor vitae sint quibusdam.', 2, 'App\\Models\\Shop', 1, 0, '2022-08-02 15:57:51', '2022-07-20 15:57:51'),
(121, 7, 1, 'Vero quibusdam aut nostrum ut. Doloremque dolorem aut rerum distinctio quas quo. Minima optio odio ipsum. Aut non eum quae eaque sed accusamus.', 35, 'App\\Models\\Inventory', 1, 0, '2022-07-23 15:57:51', '2022-07-28 15:57:51'),
(122, 12, 4, 'Voluptatem reiciendis laudantium ut et. Quod maiores cumque quia cumque neque rerum. Consequuntur natus enim atque doloremque. Est rem ratione repellendus omnis provident ab.', 2, 'App\\Models\\Shop', 1, 0, '2022-07-28 15:57:51', '2022-08-02 15:57:51'),
(123, 11, 5, 'Blanditiis quaerat expedita minima ex sit et esse. Voluptatem ab occaecati mollitia rerum animi quis mollitia.', 4, 'App\\Models\\Shop', 1, 0, '2022-07-24 15:57:51', '2022-07-29 15:57:51'),
(124, 1, 2, 'Qui sit tempora at ullam odit sunt nobis animi. Maiores rerum molestias ullam inventore iste. Qui ipsum accusamus quos ut provident. Vero fugiat vel et vel repellendus quia cumque.', 4, 'App\\Models\\Shop', 1, 0, '2022-07-20 15:57:51', '2022-07-31 15:57:51'),
(125, 7, 3, 'Vel aut delectus quibusdam at. Culpa eum eaque optio et a id. Ea animi voluptatem numquam aut sed neque. Exercitationem in quod rerum quo non.', 48, 'App\\Models\\Inventory', 1, 0, '2022-07-22 15:57:51', '2022-08-01 15:57:51'),
(126, 9, 1, 'Sed exercitationem sequi ea sit. Id tenetur eius consequatur ea. Voluptas harum quo dolores assumenda qui voluptate. Quo deleniti ab eveniet voluptatibus quo. Dolores earum ab magnam est repellat eligendi sint.', 5, 'App\\Models\\Shop', 1, 0, '2022-07-21 15:57:51', '2022-07-21 15:57:51'),
(127, 7, 5, 'Modi porro iure voluptas minima. Incidunt aliquam consequatur nesciunt aut eius distinctio rerum. Dolorem praesentium nam voluptatibus id. Molestiae rerum sit voluptas nulla hic magnam.', 17, 'App\\Models\\Inventory', 1, 0, '2022-07-20 15:57:51', '2022-07-19 15:57:51'),
(128, 6, 2, 'Sunt deleniti qui qui adipisci. Doloremque debitis nulla enim soluta. Sint vel iste corporis hic. Modi dolores sunt quas laborum perspiciatis saepe.', 5, 'App\\Models\\Shop', 1, 0, '2022-07-30 15:57:51', '2022-08-02 15:57:51'),
(129, 2, 5, 'Ipsa voluptate aliquam quia eveniet quos fugit pariatur ad. Mollitia aperiam quia eligendi officia non. Non sit expedita hic omnis rerum sed sit. Enim a vero laudantium vero velit harum voluptatem. Deleniti et praesentium officia et eum.', 73, 'App\\Models\\Inventory', 1, 0, '2022-07-27 15:57:51', '2022-07-26 15:57:51'),
(130, 1, 4, 'Est perferendis sed qui deleniti. Consequuntur id cupiditate molestiae ducimus. Et voluptas vel nulla quibusdam id qui.', 40, 'App\\Models\\Inventory', 1, 0, '2022-07-27 15:57:51', '2022-07-18 15:57:51'),
(131, 6, 5, 'Mollitia dignissimos occaecati minima voluptas totam qui non quia. Dolorem debitis doloribus voluptates vel voluptas quisquam tenetur cumque. Rerum veniam eos ut velit cum maiores. Error fugiat quidem numquam in.', 4, 'App\\Models\\Shop', 1, 0, '2022-08-01 15:57:51', '2022-07-21 15:57:51'),
(132, 3, 2, 'Dolorem voluptatem quas aut saepe et. Dolore maiores pariatur est. Aut saepe quod est. Dolores maiores provident quo totam et et.', 2, 'App\\Models\\Shop', 1, 0, '2022-08-02 15:57:51', '2022-07-30 15:57:51'),
(133, 15, 4, 'Officia sunt odit consequatur explicabo doloribus. Id sit vel aperiam praesentium vel ducimus eum. Repellendus mollitia voluptatum ut rerum. Quia quasi est corrupti culpa omnis ut. Velit fuga minus cupiditate.', 75, 'App\\Models\\Inventory', 1, 0, '2022-07-29 15:57:51', '2022-07-31 15:57:51'),
(134, 4, 3, 'Commodi exercitationem velit laudantium repellat cum ab. Et sit quia dignissimos libero molestiae. Perferendis hic aperiam ratione rerum nostrum porro et. Expedita possimus molestiae est vitae.', 2, 'App\\Models\\Shop', 1, 0, '2022-08-02 15:57:51', '2022-07-23 15:57:51'),
(135, 2, 4, 'Quaerat molestias debitis a quas totam quia et. Voluptatem dolor et laudantium unde. Dicta dolorum aspernatur beatae iure illo esse.', 1, 'App\\Models\\Shop', 1, 0, '2022-07-24 15:57:51', '2022-07-23 15:57:51'),
(136, 8, 5, 'Quam eius hic corrupti. Rerum est aliquid dicta blanditiis aut sed iusto. Ut in aut esse fugit quaerat ratione. Ullam omnis amet recusandae quia. Doloremque suscipit corporis et et voluptatem voluptas.', 93, 'App\\Models\\Inventory', 1, 0, '2022-07-27 15:57:51', '2022-07-24 15:57:51'),
(137, 7, 4, 'Mollitia nisi ullam repudiandae enim eligendi aut. Repudiandae sit commodi aut sequi impedit omnis at. Quo ex qui illum. Consequatur optio culpa ipsa enim autem quis harum.', 4, 'App\\Models\\Inventory', 1, 0, '2022-07-20 15:57:51', '2022-07-23 15:57:51'),
(138, 12, 2, 'Sit expedita sunt fuga minus molestiae reiciendis. Ut aut porro magni consequatur molestiae aut ducimus. Et voluptatem aut commodi sint quo. Dolores pariatur itaque harum. Dolor aliquid perferendis corrupti voluptatum hic qui minima qui.', 5, 'App\\Models\\Shop', 1, 0, '2022-07-19 15:57:51', '2022-07-28 15:57:51'),
(139, 4, 1, 'Molestiae consectetur dolorem cupiditate consectetur eaque aut ut est. Qui distinctio odit aut qui reprehenderit modi. Est rerum molestiae quis ut dolore. Quia repellendus hic nihil dolores dolorem ratione.', 14, 'App\\Models\\Inventory', 1, 0, '2022-07-18 15:57:51', '2022-07-24 15:57:51'),
(140, 4, 5, 'Et qui minima et eaque recusandae reiciendis omnis. Inventore amet et exercitationem voluptatem at aut sint. Quisquam ducimus harum quo. Qui ipsum maiores ab beatae quam quae enim.', 1, 'App\\Models\\Shop', 1, 0, '2022-07-29 15:57:51', '2022-07-21 15:57:51'),
(141, 5, 2, 'Molestiae ad qui deleniti est eos. Ipsam et repellat aut et. Autem voluptatem et distinctio voluptatem atque sunt veritatis. Soluta repellat optio dolores totam dolorem molestiae.', 2, 'App\\Models\\Shop', 1, 0, '2022-07-27 15:57:51', '2022-07-28 15:57:51'),
(142, 7, 3, 'Optio vitae consequuntur pariatur nam qui et ullam. Aspernatur quia adipisci officia ea magnam illum. Odio qui accusamus aspernatur maiores. Ipsa dolorem ea nihil et vitae autem.', 105, 'App\\Models\\Inventory', 1, 0, '2022-07-29 15:57:51', '2022-07-23 15:57:51'),
(143, 6, 5, 'Qui omnis assumenda sed ut odio fugit. Voluptatum ipsum molestias odit amet quia. Voluptatum laborum velit amet placeat aut aut aut. Et nihil quia tenetur mollitia.', 67, 'App\\Models\\Inventory', 1, 0, '2022-07-28 15:57:51', '2022-07-26 15:57:51'),
(144, 5, 3, 'Delectus fugit quia nostrum culpa ex modi dolorem. Velit sed et porro voluptatibus aliquid veniam. Quaerat et et nam ex.', 34, 'App\\Models\\Inventory', 1, 0, '2022-07-22 15:57:51', '2022-07-27 15:57:51'),
(145, 8, 2, 'Expedita cum laborum dignissimos quisquam ullam labore sunt blanditiis. Suscipit odio ea fugit dignissimos aliquid incidunt harum ut. Aut exercitationem sint voluptatem odit et labore fugiat.', 5, 'App\\Models\\Shop', 1, 0, '2022-07-18 15:57:51', '2022-07-29 15:57:51'),
(146, 5, 3, 'Voluptatum aut ea eveniet qui quam. Distinctio eum quis velit quis autem aspernatur. Quasi minima explicabo et et nam. Dignissimos sed amet quae ut consequatur quisquam alias.', 3, 'App\\Models\\Shop', 1, 0, '2022-07-25 15:57:51', '2022-07-19 15:57:51'),
(147, 15, 4, 'Ipsum mollitia et qui qui id. Est ad magnam est. Iste voluptatem facere culpa voluptatibus voluptatem ducimus.', 83, 'App\\Models\\Inventory', 1, 0, '2022-07-25 15:57:51', '2022-07-26 15:57:51'),
(148, 12, 2, 'Libero qui quia autem et et quam. Aut pariatur neque doloremque magnam vel. Qui occaecati repellendus sunt. Vel dignissimos iusto mollitia ducimus.', 47, 'App\\Models\\Inventory', 1, 0, '2022-07-21 15:57:51', '2022-08-01 15:57:51'),
(149, 3, 2, 'Sunt consequatur voluptates veniam perferendis veritatis animi. Neque sint sint saepe quod necessitatibus laboriosam. Necessitatibus incidunt blanditiis sed voluptates. Reiciendis et voluptate aut optio a aut id vero.', 5, 'App\\Models\\Shop', 1, 0, '2022-07-19 15:57:51', '2022-07-18 15:57:51'),
(150, 3, 5, 'Repudiandae eveniet dignissimos perferendis quisquam ut. Ut aut cumque ut. Quae quia quidem qui velit molestiae sunt corrupti. Accusantium atque suscipit exercitationem amet minima est nihil. Et quo veritatis optio qui.', 3, 'App\\Models\\Shop', 1, 0, '2022-08-01 15:57:51', '2022-07-26 15:57:51'),
(151, 1, 5, 'It fits great. Very soft. Wife now does not want to take it off (basically I lost it to her), now ought to buy my own.', 11, 'App\\Models\\Inventory', 1, 0, '2022-12-14 05:48:18', '2022-12-14 05:48:18'),
(152, 1, 5, 'fully satisfied with goods.', 4, 'App\\Models\\Shop', 1, 0, '2022-12-14 05:48:53', '2022-12-14 05:48:53');

-- --------------------------------------------------------

--
