	(726,'order','updated',13,'App\\Models\\Order',NULL,NULL,'{\"attributes\":{\"order_number\":\"#051437\",\"shop_id\":4,\"customer_id\":7,\"shipping_rate_id\":16,\"item_count\":4,\"quantity\":6,\"shipping_weight\":\"3008.000000\",\"total\":\"1076.363888\",\"shipping\":\"9.000000\",\"grand_total\":\"1085.363888\",\"billing_address\":\"<address>98879 Bud Groves Apt. 375<br\\/>Geraldine Port<br\\/>Rowehaven, <br\\/>Kampong Thum 79605-3218<br\\/><abbr title=\\\"Phone\\\">P:<\\/abbr> +1-631-513-2222<\\/address>\",\"shipping_address\":\"<address>98879 Bud Groves Apt. 375<br\\/>Geraldine Port<br\\/>Rowehaven, <br\\/>Kampong Thum 79605-3218<br\\/><abbr title=\\\"Phone\\\">P:<\\/abbr> +1-631-513-2222<\\/address>\",\"tracking_id\":\"RR123456789CN\",\"admin_note\":\"Sit maiores molestiae soluta magnam earum.\",\"buyer_note\":\"Cum accusamus in magnam sit.\",\"payment_method_id\":3,\"payment_status\":4,\"order_status_id\":3,\"fulfilment_type\":\"deliver\",\"is_digital\":false,\"currency_id\":325},\"old\":{\"order_number\":null,\"shop_id\":null,\"customer_id\":null,\"shipping_rate_id\":null,\"item_count\":null,\"quantity\":null,\"shipping_weight\":null,\"total\":null,\"shipping\":null,\"grand_total\":null,\"billing_address\":null,\"shipping_address\":null,\"tracking_id\":null,\"admin_note\":null,\"buyer_note\":null,\"payment_method_id\":null,\"payment_status\":null,\"order_status_id\":null,\"fulfilment_type\":null,\"is_digital\":null,\"currency_id\":null}}','2023-12-21 17:12:04','2023-12-21 17:12:04'),
	(727,'order','updated',14,'App\\Models\\Order',NULL,NULL,'{\"attributes\":{\"order_number\":\"#809175\",\"shop_id\":3,\"customer_id\":12,\"shipping_rate_id\":39,\"item_count\":4,\"quantity\":10,\"shipping_weight\":\"9509.000000\",\"total\":\"2206.001141\",\"shipping\":\"9.000000\",\"grand_total\":\"2215.001141\",\"billing_address\":\"<address>2268 Ludie Burg Suite 046<br\\/>Pfeffer Mall<br\\/>Kayceeberg, <br\\/> 56126<br\\/><abbr title=\\\"Phone\\\">P:<\\/abbr> 763-615-3061<\\/address>\",\"shipping_address\":\"<address>2268 Ludie Burg Suite 046<br\\/>Pfeffer Mall<br\\/>Kayceeberg, <br\\/> 56126<br\\/><abbr title=\\\"Phone\\\">P:<\\/abbr> 763-615-3061<\\/address>\",\"tracking_id\":\"RR123456789CN\",\"admin_note\":\"Itaque aliquam quod quam nam accusamus minus.\",\"buyer_note\":\"Commodi ad eos quia aut omnis omnis eum iste.\",\"payment_method_id\":3,\"payment_status\":4,\"order_status_id\":3,\"fulfilment_type\":\"deliver\",\"is_digital\":false,\"currency_id\":325},\"old\":{\"order_number\":null,\"shop_id\":null,\"customer_id\":null,\"shipping_rate_id\":null,\"item_count\":null,\"quantity\":null,\"shipping_weight\":null,\"total\":null,\"shipping\":null,\"grand_total\":null,\"billing_address\":null,\"shipping_address\":null,\"tracking_id\":null,\"admin_note\":null,\"buyer_note\":null,\"payment_method_id\":null,\"payment_status\":null,\"order_status_id\":null,\"fulfilment_type\":null,\"is_digital\":null,\"currency_id\":null}}','2023-12-21 17:12:04','2023-12-21 17:12:04'),
	(728,'order','updated',15,'App\\Models\\Order',NULL,NULL,'{\"attributes\":{\"order_number\":\"#952515\",\"shop_id\":1,\"customer_id\":5,\"shipping_rate_id\":25,\"item_count\":2,\"quantity\":5,\"shipping_weight\":\"2124.000000\",\"total\":\"1922.906838\",\"shipping\":\"4.000000\",\"grand_total\":\"1926.906838\",\"billing_address\":\"<address>69481 Quitzon Trail<br\\/>Parker Drives<br\\/>Rosenbaumview, <br\\/> 51056-6386<br\\/><abbr title=\\\"Phone\\\">P:<\\/abbr> +19474510747<\\/address>\",\"shipping_address\":\"<address>69481 Quitzon Trail<br\\/>Parker Drives<br\\/>Rosenbaumview, <br\\/> 51056-6386<br\\/><abbr title=\\\"Phone\\\">P:<\\/abbr> +19474510747<\\/address>\",\"tracking_id\":\"RR123456789CN\",\"admin_note\":\"Maiores labore delectus et veritatis.\",\"buyer_note\":\"Voluptatum repellat velit non et velit.\",\"payment_method_id\":2,\"payment_status\":5,\"order_status_id\":3,\"fulfilment_type\":\"deliver\",\"is_digital\":false,\"currency_id\":325},\"old\":{\"order_number\":null,\"shop_id\":null,\"customer_id\":null,\"shipping_rate_id\":null,\"item_count\":null,\"quantity\":null,\"shipping_weight\":null,\"total\":null,\"shipping\":null,\"grand_total\":null,\"billing_address\":null,\"shipping_address\":null,\"tracking_id\":null,\"admin_note\":null,\"buyer_note\":null,\"payment_method_id\":null,\"payment_status\":null,\"order_status_id\":null,\"fulfilment_type\":null,\"is_digital\":null,\"currency_id\":null}}','2023-12-21 17:12:04','2023-12-21 17:12:04'),
	(729,'order','updated',16,'App\\Models\\Order',NULL,NULL,'{\"attributes\":{\"order_number\":\"#447467\",\"shop_id\":5,\"customer_id\":17,\"ship_to\":36,\"shipping_zone_id\":10,\"shipping_rate_id\":46,\"item_count\":1,\"quantity\":1,\"shipping_weight\":\"1143.000000\",\"taxrate\":\"0.000000\",\"total\":\"264.419300\",\"discount\":\"0.000000\",\"shipping\":\"0.000000\",\"handling\":\"2.000000\",\"taxes\":\"0.000000\",\"grand_total\":\"266.419300\",\"billing_address\":\"<address>,<br\\/>Jhon Mack,<br\\/>Gp-Ka 32\\/1 , South Sahazadpur, Gulshan,<br\\/>Sydney,<br\\/>Tasmania 1212,<br\\/>Australia,<br\\/>Phone: 01638574281,<br\\/><\\/address>\",\"shipping_address\":\"<address>,<br\\/>Jhon Mack,<br\\/>Gp-Ka 32\\/1 , South Sahazadpur, Gulshan,<br\\/>Sydney,<br\\/>Tasmania 1212,<br\\/>Australia,<br\\/>Phone: 01638574281,<br\\/><\\/address>\",\"carrier_id\":4,\"buyer_note\":\"Thanks\",\"payment_method_id\":4,\"payment_instruction\":\"Manual payment instructions. Edit in wallet settings section.\",\"payment_status\":2,\"order_status_id\":3,\"email\":\"customer.sy@demo.com\",\"customer_phone_number\":\"01638574281\",\"fulfilment_type\":\"deliver\",\"is_digital\":false,\"currency_id\":325},\"old\":{\"order_number\":null,\"shop_id\":null,\"customer_id\":null,\"ship_to\":null,\"shipping_zone_id\":null,\"shipping_rate_id\":null,\"item_count\":null,\"quantity\":null,\"shipping_weight\":null,\"taxrate\":null,\"total\":null,\"discount\":null,\"shipping\":null,\"handling\":null,\"taxes\":null,\"grand_total\":null,\"billing_address\":null,\"shipping_address\":null,\"carrier_id\":null,\"buyer_note\":null,\"payment_method_id\":null,\"payment_instruction\":null,\"payment_status\":null,\"order_status_id\":null,\"email\":null,\"customer_phone_number\":null,\"fulfilment_type\":null,\"is_digital\":null,\"currency_id\":null}}','2023-12-21 17:12:04','2023-12-21 17:12:04'),
	(730,'order','updated',17,'App\\Models\\Order',NULL,NULL,'{\"attributes\":{\"order_number\":\"#868540\",\"shop_id\":2,\"customer_id\":17,\"ship_to\":68,\"shipping_zone_id\":4,\"shipping_rate_id\":18,\"item_count\":1,\"quantity\":1,\"shipping_weight\":\"1609.000000\",\"taxrate\":\"0.000000\",\"total\":\"276.000000\",\"discount\":\"0.000000\",\"shipping\":\"1.000000\",\"handling\":\"2.000000\",\"taxes\":\"0.000000\",\"grand_total\":\"279.000000\",\"billing_address\":\"<address>Gp-Ka 32\\/1 , South Sahazadpur, Gulshan<br\\/>Sydney, <br\\/>Tasmania 1212<br\\/>Australia<br\\/><abbr title=\\\"Phone\\\">P:<\\/abbr> 01638574281<\\/address>\",\"shipping_address\":\"<address>Gp-Ka 32\\/1 , South Sahazadpur, Gulshan<br\\/>Sydney, <br\\/>Tasmania 1212<br\\/>Australia<br\\/><abbr title=\\\"Phone\\\">P:<\\/abbr> 01638574281<\\/address>\",\"carrier_id\":5,\"payment_method_id\":4,\"payment_instruction\":\"Manual payment instructions. Edit in wallet settings section.\",\"payment_status\":2,\"order_status_id\":1,\"fulfilment_type\":\"deliver\",\"is_digital\":false,\"currency_id\":325},\"old\":{\"order_number\":null,\"shop_id\":null,\"customer_id\":null,\"ship_to\":null,\"shipping_zone_id\":null,\"shipping_rate_id\":null,\"item_count\":null,\"quantity\":null,\"shipping_weight\":null,\"taxrate\":null,\"total\":null,\"discount\":null,\"shipping\":null,\"handling\":null,\"taxes\":null,\"grand_total\":null,\"billing_address\":null,\"shipping_address\":null,\"carrier_id\":null,\"payment_method_id\":null,\"payment_instruction\":null,\"payment_status\":null,\"order_status_id\":null,\"fulfilment_type\":null,\"is_digital\":null,\"currency_id\":null}}','2023-12-21 17:12:04','2023-12-21 17:12:04'),
	(731,'order','updated',18,'App\\Models\\Order',NULL,NULL,'{\"attributes\":{\"order_number\":\"#720408\",\"shop_id\":2,\"customer_id\":17,\"ship_to\":68,\"shipping_zone_id\":4,\"shipping_rate_id\":18,\"item_count\":1,\"quantity\":1,\"shipping_weight\":\"1474.000000\",\"taxrate\":\"0.000000\",\"total\":\"337.800000\",\"discount\":\"0.000000\",\"shipping\":\"1.000000\",\"handling\":\"2.000000\",\"taxes\":\"0.000000\",\"grand_total\":\"340.800000\",\"billing_address\":\"<address>Gp-Ka 32\\/1 , South Sahazadpur, Gulshan<br\\/>Sydney, <br\\/>Tasmania 1212<br\\/>Australia<br\\/><abbr title=\\\"Phone\\\">P:<\\/abbr> 01638574281<\\/address>\",\"shipping_address\":\"<address>Gp-Ka 32\\/1 , South Sahazadpur, Gulshan<br\\/>Sydney, <br\\/>Tasmania 1212<br\\/>Australia<br\\/><abbr title=\\\"Phone\\\">P:<\\/abbr> 01638574281<\\/address>\",\"carrier_id\":5,\"payment_method_id\":4,\"payment_instruction\":\"Manual payment instructions. Edit in wallet settings section.\",\"payment_status\":2,\"order_status_id\":1,\"fulfilment_type\":\"deliver\",\"is_digital\":false,\"currency_id\":325},\"old\":{\"order_number\":null,\"shop_id\":null,\"customer_id\":null,\"ship_to\":null,\"shipping_zone_id\":null,\"shipping_rate_id\":null,\"item_count\":null,\"quantity\":null,\"shipping_weight\":null,\"taxrate\":null,\"total\":null,\"discount\":null,\"shipping\":null,\"handling\":null,\"taxes\":null,\"grand_total\":null,\"billing_address\":null,\"shipping_address\":null,\"carrier_id\":null,\"payment_method_id\":null,\"payment_instruction\":null,\"payment_status\":null,\"order_status_id\":null,\"fulfilment_type\":null,\"is_digital\":null,\"currency_id\":null}}','2023-12-21 17:12:04','2023-12-21 17:12:04'),
	(732,'order','updated',19,'App\\Models\\Order',NULL,NULL,'{\"attributes\":{\"order_number\":\"#755532\",\"shop_id\":5,\"customer_id\":18,\"ship_to\":840,\"shipping_zone_id\":9,\"shipping_rate_id\":44,\"item_count\":1,\"quantity\":1,\"shipping_weight\":\"1143.000000\",\"taxrate\":\"0.000000\",\"total\":\"264.419300\",\"discount\":\"0.000000\",\"shipping\":\"2.000000\",\"handling\":\"2.000000\",\"taxes\":\"0.000000\",\"grand_total\":\"268.419300\",\"billing_address\":\"<address>,<br\\/>Jhon Doe,<br\\/>32\\/58, south sted park,<br\\/>Florida,<br\\/>New York 1212,<br\\/>United States,<br\\/>Phone: 01638574281,<br\\/><\\/address>\",\"shipping_address\":\"<address>,<br\\/>Jhon Doe,<br\\/>32\\/58, south sted park,<br\\/>Florida,<br\\/>New York 1212,<br\\/>United States,<br\\/>Phone: 01638574281,<br\\/><\\/address>\",\"carrier_id\":1,\"payment_method_id\":4,\"payment_instruction\":\"Manual payment instructions. Edit in wallet settings section.\",\"payment_status\":2,\"order_status_id\":8,\"email\":\"test.test@demo.com\",\"customer_phone_number\":\"01638574281\",\"fulfilment_type\":\"deliver\",\"is_digital\":false,\"currency_id\":325},\"old\":{\"order_number\":null,\"shop_id\":null,\"customer_id\":null,\"ship_to\":null,\"shipping_zone_id\":null,\"shipping_rate_id\":null,\"item_count\":null,\"quantity\":null,\"shipping_weight\":null,\"taxrate\":null,\"total\":null,\"discount\":null,\"shipping\":null,\"handling\":null,\"taxes\":null,\"grand_total\":null,\"billing_address\":null,\"shipping_address\":null,\"carrier_id\":null,\"payment_method_id\":null,\"payment_instruction\":null,\"payment_status\":null,\"order_status_id\":null,\"email\":null,\"customer_phone_number\":null,\"fulfilment_type\":null,\"is_digital\":null,\"currency_id\":null}}','2023-12-21 17:12:04','2023-12-21 17:12:04'),
	(733,'order','updated',20,'App\\Models\\Order',NULL,NULL,'{\"attributes\":{\"order_number\":\"#640324\",\"shop_id\":2,\"customer_id\":18,\"ship_to\":69,\"shipping_zone_id\":3,\"shipping_rate_id\":12,\"item_count\":2,\"quantity\":2,\"shipping_weight\":\"3083.000000\",\"taxrate\":\"0.000000\",\"total\":\"613.800000\",\"discount\":\"0.000000\",\"shipping\":\"1.000000\",\"handling\":\"2.000000\",\"taxes\":\"0.000000\",\"grand_total\":\"616.800000\",\"billing_address\":\"<address>32\\/58, south sted park<br\\/>Florida, <br\\/>New York 1212<br\\/>United States<br\\/><abbr title=\\\"Phone\\\">P:<\\/abbr> 01638574281<\\/address>\",\"shipping_address\":\"<address>32\\/58, south sted park<br\\/>Florida, <br\\/>New York 1212<br\\/>United States<br\\/><abbr title=\\\"Phone\\\">P:<\\/abbr> 01638574281<\\/address>\",\"carrier_id\":1,\"payment_method_id\":3,\"payment_instruction\":\"Manual payment instructions. Edit in wallet settings section.\",\"payment_status\":1,\"order_status_id\":3,\"fulfilment_type\":\"deliver\",\"is_digital\":false,\"currency_id\":325},\"old\":{\"order_number\":null,\"shop_id\":null,\"customer_id\":null,\"ship_to\":null,\"shipping_zone_id\":null,\"shipping_rate_id\":null,\"item_count\":null,\"quantity\":null,\"shipping_weight\":null,\"taxrate\":null,\"total\":null,\"discount\":null,\"shipping\":null,\"handling\":null,\"taxes\":null,\"grand_total\":null,\"billing_address\":null,\"shipping_address\":null,\"carrier_id\":null,\"payment_method_id\":null,\"payment_instruction\":null,\"payment_status\":null,\"order_status_id\":null,\"fulfilment_type\":null,\"is_digital\":null,\"currency_id\":null}}','2023-12-21 17:12:04','2023-12-21 17:12:04'),
	(734,'order','updated',21,'App\\Models\\Order',NULL,NULL,'{\"attributes\":{\"order_number\":\"#381823\",\"shop_id\":1,\"customer_id\":18,\"ship_to\":73,\"shipping_zone_id\":1,\"item_count\":1,\"quantity\":1,\"shipping_weight\":\"780.000000\",\"taxrate\":\"0.000000\",\"total\":\"243.496020\",\"discount\":\"0.000000\",\"handling\":\"0.000000\",\"taxes\":\"0.000000\",\"grand_total\":\"243.496020\",\"billing_address\":\"<address>978\\/aF<br\\/>5th<br\\/>London, <br\\/>London, City of 3234<br\\/>United Kingdom<br\\/><abbr title=\\\"Phone\\\">P:<\\/abbr> 01638574281<\\/address>\",\"shipping_address\":\"<address>978\\/aF<br\\/>5th<br\\/>London, <br\\/>London, City of 3234<br\\/>United Kingdom<br\\/><abbr title=\\\"Phone\\\">P:<\\/abbr> 01638574281<\\/address>\",\"payment_method_id\":4,\"payment_instruction\":\"Manual payment instructions. Edit in wallet settings section.\",\"payment_status\":2,\"order_status_id\":6,\"fulfilment_type\":\"deliver\",\"is_digital\":false,\"currency_id\":325},\"old\":{\"order_number\":null,\"shop_id\":null,\"customer_id\":null,\"ship_to\":null,\"shipping_zone_id\":null,\"item_count\":null,\"quantity\":null,\"shipping_weight\":null,\"taxrate\":null,\"total\":null,\"discount\":null,\"handling\":null,\"taxes\":null,\"grand_total\":null,\"billing_address\":null,\"shipping_address\":null,\"payment_method_id\":null,\"payment_instruction\":null,\"payment_status\":null,\"order_status_id\":null,\"fulfilment_type\":null,\"is_digital\":null,\"currency_id\":null}}','2023-12-21 17:12:04','2023-12-21 17:12:04'),
	(735,'order','updated',22,'App\\Models\\Order',NULL,NULL,'{\"attributes\":{\"order_number\":\"#598916\",\"shop_id\":3,\"customer_id\":18,\"ship_to\":73,\"shipping_zone_id\":5,\"item_count\":1,\"quantity\":1,\"shipping_weight\":\"1476.000000\",\"taxrate\":\"0.000000\",\"total\":\"334.321406\",\"discount\":\"0.000000\",\"handling\":\"0.000000\",\"taxes\":\"0.000000\",\"grand_total\":\"334.321406\",\"billing_address\":\"<address>978\\/aF<br\\/>5th<br\\/>London, <br\\/>London, City of 3234<br\\/>United Kingdom<br\\/><abbr title=\\\"Phone\\\">P:<\\/abbr> 01638574281<\\/address>\",\"shipping_address\":\"<address>978\\/aF<br\\/>5th<br\\/>London, <br\\/>London, City of 3234<br\\/>United Kingdom<br\\/><abbr title=\\\"Phone\\\">P:<\\/abbr> 01638574281<\\/address>\",\"tracking_id\":\"5345234534\",\"carrier_id\":2,\"payment_method_id\":3,\"payment_instruction\":\"Manual payment instructions. Edit in wallet settings section.\",\"payment_status\":1,\"order_status_id\":6,\"fulfilment_type\":\"deliver\",\"is_digital\":false,\"currency_id\":325},\"old\":{\"order_number\":null,\"shop_id\":null,\"customer_id\":null,\"ship_to\":null,\"shipping_zone_id\":null,\"item_count\":null,\"quantity\":null,\"shipping_weight\":null,\"taxrate\":null,\"total\":null,\"discount\":null,\"handling\":null,\"taxes\":null,\"grand_total\":null,\"billing_address\":null,\"shipping_address\":null,\"tracking_id\":null,\"carrier_id\":null,\"payment_method_id\":null,\"payment_instruction\":null,\"payment_status\":null,\"order_status_id\":null,\"fulfilment_type\":null,\"is_digital\":null,\"currency_id\":null}}','2023-12-21 17:12:04','2023-12-21 17:12:04'),
	(736,'order','updated',23,'App\\Models\\Order',NULL,NULL,'{\"attributes\":{\"order_number\":\"#357635\",\"shop_id\":3,\"customer_id\":18,\"ship_to\":73,\"shipping_zone_id\":5,\"item_count\":1,\"quantity\":1,\"shipping_weight\":\"1476.000000\",\"taxrate\":\"0.000000\",\"total\":\"334.321406\",\"discount\":\"0.000000\",\"handling\":\"0.000000\",\"taxes\":\"0.000000\",\"grand_total\":\"334.321406\",\"billing_address\":\"<address>978\\/aF<br\\/>5th<br\\/>London, <br\\/>London, City of 3234<br\\/>United Kingdom<br\\/><abbr title=\\\"Phone\\\">P:<\\/abbr> 01638574281<\\/address>\",\"shipping_address\":\"<address>978\\/aF<br\\/>5th<br\\/>London, <br\\/>London, City of 3234<br\\/>United Kingdom<br\\/><abbr title=\\\"Phone\\\">P:<\\/abbr> 01638574281<\\/address>\",\"tracking_id\":\"235252552\",\"carrier_id\":2,\"payment_method_id\":3,\"payment_instruction\":\"Payment instructions for COD\",\"payment_status\":5,\"order_status_id\":6,\"fulfilment_type\":\"deliver\",\"is_digital\":false,\"currency_id\":325},\"old\":{\"order_number\":null,\"shop_id\":null,\"customer_id\":null,\"ship_to\":null,\"shipping_zone_id\":null,\"item_count\":null,\"quantity\":null,\"shipping_weight\":null,\"taxrate\":null,\"total\":null,\"discount\":null,\"handling\":null,\"taxes\":null,\"grand_total\":null,\"billing_address\":null,\"shipping_address\":null,\"tracking_id\":null,\"carrier_id\":null,\"payment_method_id\":null,\"payment_instruction\":null,\"payment_status\":null,\"order_status_id\":null,\"fulfilment_type\":null,\"is_digital\":null,\"currency_id\":null}}','2023-12-21 17:12:04','2023-12-21 17:12:04'),
	(737,'order','updated',24,'App\\Models\\Order',NULL,NULL,'{\"attributes\":{\"order_number\":\"#895548\",\"shop_id\":5,\"customer_id\":18,\"ship_to\":73,\"shipping_zone_id\":9,\"item_count\":1,\"quantity\":1,\"shipping_weight\":\"604.000000\",\"taxrate\":\"0.000000\",\"total\":\"37.000000\",\"discount\":\"0.000000\",\"handling\":\"0.000000\",\"taxes\":\"0.000000\",\"grand_total\":\"37.000000\",\"billing_address\":\"<address>978\\/aF<br\\/>5th<br\\/>London, <br\\/>London, City of 3234<br\\/>United Kingdom<br\\/><abbr title=\\\"Phone\\\">P:<\\/abbr> 01638574281<\\/address>\",\"shipping_address\":\"<address>978\\/aF<br\\/>5th<br\\/>London, <br\\/>London, City of 3234<br\\/>United Kingdom<br\\/><abbr title=\\\"Phone\\\">P:<\\/abbr> 01638574281<\\/address>\",\"payment_method_id\":3,\"payment_instruction\":\"Payment instructions for COD\",\"payment_status\":5,\"order_status_id\":3,\"fulfilment_type\":\"deliver\",\"is_digital\":false,\"currency_id\":325},\"old\":{\"order_number\":null,\"shop_id\":null,\"customer_id\":null,\"ship_to\":null,\"shipping_zone_id\":null,\"item_count\":null,\"quantity\":null,\"shipping_weight\":null,\"taxrate\":null,\"total\":null,\"discount\":null,\"handling\":null,\"taxes\":null,\"grand_total\":null,\"billing_address\":null,\"shipping_address\":null,\"payment_method_id\":null,\"payment_instruction\":null,\"payment_status\":null,\"order_status_id\":null,\"fulfilment_type\":null,\"is_digital\":null,\"currency_id\":null}}','2023-12-21 17:12:04','2023-12-21 17:12:04'),
	(738,'order','updated',25,'App\\Models\\Order',NULL,NULL,'{\"attributes\":{\"order_number\":\"#109382\",\"shop_id\":1,\"customer_id\":20,\"ship_to\":840,\"shipping_zone_id\":1,\"shipping_rate_id\":4,\"item_count\":2,\"quantity\":2,\"shipping_weight\":\"2049.000000\",\"taxrate\":\"0.000000\",\"total\":\"842.031196\",\"discount\":\"0.000000\",\"shipping\":\"6.000000\",\"handling\":\"2.000000\",\"taxes\":\"0.000000\",\"grand_total\":\"850.031196\",\"billing_address\":\"<address>,<br\\/>Jhon Doe,<br\\/>New York city,<br\\/>New York,<br\\/>New York 25125,<br\\/>United States,<br\\/>Phone: 1254889236,<br\\/><\\/address>\",\"shipping_address\":\"<address>,<br\\/>Jhon Doe,<br\\/>New York city,<br\\/>New York,<br\\/>New York 25125,<br\\/>United States,<br\\/>Phone: 1254889236,<br\\/><\\/address>\",\"carrier_id\":3,\"payment_method_id\":3,\"payment_instruction\":\"Payment instructions for COD\",\"payment_status\":5,\"order_status_id\":7,\"email\":\"jhonhant@demo.com\",\"customer_phone_number\":\"1254889236\",\"fulfilment_type\":\"deliver\",\"is_digital\":false,\"currency_id\":325},\"old\":{\"order_number\":null,\"shop_id\":null,\"customer_id\":null,\"ship_to\":null,\"shipping_zone_id\":null,\"shipping_rate_id\":null,\"item_count\":null,\"quantity\":null,\"shipping_weight\":null,\"taxrate\":null,\"total\":null,\"discount\":null,\"shipping\":null,\"handling\":null,\"taxes\":null,\"grand_total\":null,\"billing_address\":null,\"shipping_address\":null,\"carrier_id\":null,\"payment_method_id\":null,\"payment_instruction\":null,\"payment_status\":null,\"order_status_id\":null,\"email\":null,\"customer_phone_number\":null,\"fulfilment_type\":null,\"is_digital\":null,\"currency_id\":null}}','2023-12-21 17:12:04','2023-12-21 17:12:04'),
	(739,'order','updated',26,'App\\Models\\Order',NULL,NULL,'{\"attributes\":{\"order_number\":\"#848775\",\"shop_id\":1,\"customer_id\":20,\"ship_to\":75,\"shipping_zone_id\":1,\"shipping_rate_id\":4,\"item_count\":2,\"quantity\":2,\"shipping_weight\":\"2357.000000\",\"taxrate\":\"0.000000\",\"total\":\"573.348670\",\"discount\":\"0.000000\",\"shipping\":\"6.000000\",\"handling\":\"2.000000\",\"taxes\":\"0.000000\",\"grand_total\":\"581.348670\",\"billing_address\":\"<address>New York city<br\\/>New York, <br\\/>New York 25125<br\\/>United States<br\\/><abbr title=\\\"Phone\\\">P:<\\/abbr> 1254889236<\\/address>\",\"shipping_address\":\"<address>New York city<br\\/>New York, <br\\/>New York 25125<br\\/>United States<br\\/><abbr title=\\\"Phone\\\">P:<\\/abbr> 1254889236<\\/address>\",\"carrier_id\":3,\"payment_method_id\":3,\"payment_instruction\":\"Payment instructions for COD\",\"payment_status\":5,\"order_status_id\":3,\"fulfilment_type\":\"deliver\",\"is_digital\":false,\"currency_id\":325},\"old\":{\"order_number\":null,\"shop_id\":null,\"customer_id\":null,\"ship_to\":null,\"shipping_zone_id\":null,\"shipping_rate_id\":null,\"item_count\":null,\"quantity\":null,\"shipping_weight\":null,\"taxrate\":null,\"total\":null,\"discount\":null,\"shipping\":null,\"handling\":null,\"taxes\":null,\"grand_total\":null,\"billing_address\":null,\"shipping_address\":null,\"carrier_id\":null,\"payment_method_id\":null,\"payment_instruction\":null,\"payment_status\":null,\"order_status_id\":null,\"fulfilment_type\":null,\"is_digital\":null,\"currency_id\":null}}','2023-12-21 17:12:04','2023-12-21 17:12:04'),
	(740,'order','updated',27,'App\\Models\\Order',NULL,NULL,'{\"attributes\":{\"order_number\":\"#728903\",\"shop_id\":1,\"customer_id\":20,\"ship_to\":75,\"shipping_zone_id\":1,\"shipping_rate_id\":5,\"item_count\":1,\"quantity\":1,\"shipping_weight\":\"958.000000\",\"taxrate\":\"0.000000\",\"total\":\"285.699160\",\"discount\":\"0.000000\",\"shipping\":\"4.000000\",\"handling\":\"2.000000\",\"taxes\":\"0.000000\",\"grand_total\":\"291.699160\",\"billing_address\":\"<address>New York city<br\\/>New York, <br\\/>New York 25125<br\\/>United States<br\\/><abbr title=\\\"Phone\\\">P:<\\/abbr> 1254889236<\\/address>\",\"shipping_address\":\"<address>New York city<br\\/>New York, <br\\/>New York 25125<br\\/>United States<br\\/><abbr title=\\\"Phone\\\">P:<\\/abbr> 1254889236<\\/address>\",\"carrier_id\":3,\"payment_method_id\":3,\"payment_instruction\":\"Payment instructions for COD\",\"payment_status\":5,\"order_status_id\":7,\"fulfilment_type\":\"deliver\",\"is_digital\":false,\"currency_id\":325},\"old\":{\"order_number\":null,\"shop_id\":null,\"customer_id\":null,\"ship_to\":null,\"shipping_zone_id\":null,\"shipping_rate_id\":null,\"item_count\":null,\"quantity\":null,\"shipping_weight\":null,\"taxrate\":null,\"total\":null,\"discount\":null,\"shipping\":null,\"handling\":null,\"taxes\":null,\"grand_total\":null,\"billing_address\":null,\"shipping_address\":null,\"carrier_id\":null,\"payment_method_id\":null,\"payment_instruction\":null,\"payment_status\":null,\"order_status_id\":null,\"fulfilment_type\":null,\"is_digital\":null,\"currency_id\":null}}','2023-12-21 17:12:04','2023-12-21 17:12:04'),
	(741,'order','updated',28,'App\\Models\\Order',NULL,NULL,'{\"attributes\":{\"order_number\":\"#260119\",\"shop_id\":2,\"customer_id\":1,\"ship_to\":16,\"shipping_zone_id\":4,\"shipping_rate_id\":18,\"item_count\":1,\"quantity\":1,\"shipping_weight\":\"1609.000000\",\"taxrate\":\"0.000000\",\"total\":\"276.000000\",\"discount\":\"0.000000\",\"shipping\":\"1.000000\",\"handling\":\"2.000000\",\"taxes\":\"0.000000\",\"grand_total\":\"279.000000\",\"billing_address\":\"<address>90437 Gusikowski Islands<br\\/>Alfonso Wall<br\\/>Lake Darleneton, <br\\/> 15093-8389<br\\/>Guatemala<br\\/><abbr title=\\\"Phone\\\">P:<\\/abbr> +1 (682) 370-6344<\\/address>\",\"shipping_address\":\"<address>90437 Gusikowski Islands<br\\/>Alfonso Wall<br\\/>Lake Darleneton, <br\\/> 15093-8389<br\\/>Guatemala<br\\/><abbr title=\\\"Phone\\\">P:<\\/abbr> +1 (682) 370-6344<\\/address>\",\"tracking_id\":\"2548512152\",\"carrier_id\":8,\"payment_method_id\":3,\"payment_instruction\":\"Payment instructions for COD\",\"payment_status\":1,\"order_status_id\":4,\"fulfilment_type\":\"deliver\",\"is_digital\":false,\"currency_id\":325},\"old\":{\"order_number\":null,\"shop_id\":null,\"customer_id\":null,\"ship_to\":null,\"shipping_zone_id\":null,\"shipping_rate_id\":null,\"item_count\":null,\"quantity\":null,\"shipping_weight\":null,\"taxrate\":null,\"total\":null,\"discount\":null,\"shipping\":null,\"handling\":null,\"taxes\":null,\"grand_total\":null,\"billing_address\":null,\"shipping_address\":null,\"tracking_id\":null,\"carrier_id\":null,\"payment_method_id\":null,\"payment_instruction\":null,\"payment_status\":null,\"order_status_id\":null,\"fulfilment_type\":null,\"is_digital\":null,\"currency_id\":null}}','2023-12-21 17:12:04','2023-12-21 17:12:04'),
	(742,'order','updated',29,'App\\Models\\Order',NULL,NULL,'{\"attributes\":{\"order_number\":\"#991788\",\"shop_id\":4,\"customer_id\":1,\"ship_to\":14,\"shipping_zone_id\":7,\"item_count\":1,\"quantity\":1,\"shipping_weight\":\"1435.000000\",\"taxrate\":\"0.000000\",\"total\":\"424.658121\",\"discount\":\"0.000000\",\"handling\":\"0.000000\",\"taxes\":\"0.000000\",\"grand_total\":\"424.658121\",\"billing_address\":\"<address>1537 Tremblay Wells<br\\/>Brandt Cliffs<br\\/>South Eusebio, <br\\/> 64251-3760<br\\/>Eritrea<br\\/><abbr title=\\\"Phone\\\">P:<\\/abbr> 412-933-3397<\\/address>\",\"shipping_address\":\"<address>1537 Tremblay Wells<br\\/>Brandt Cliffs<br\\/>South Eusebio, <br\\/> 64251-3760<br\\/>Eritrea<br\\/><abbr title=\\\"Phone\\\">P:<\\/abbr> 412-933-3397<\\/address>\",\"tracking_id\":\"36985214785\",\"carrier_id\":5,\"payment_method_id\":3,\"payment_instruction\":\"Manual payment instructions. Edit in wallet settings section.\",\"payment_status\":3,\"order_status_id\":6,\"goods_received\":true,\"feedback_id\":152,\"fulfilment_type\":\"deliver\",\"is_digital\":false,\"currency_id\":325},\"old\":{\"order_number\":null,\"shop_id\":null,\"customer_id\":null,\"ship_to\":null,\"shipping_zone_id\":null,\"item_count\":null,\"quantity\":null,\"shipping_weight\":null,\"taxrate\":null,\"total\":null,\"discount\":null,\"handling\":null,\"taxes\":null,\"grand_total\":null,\"billing_address\":null,\"shipping_address\":null,\"tracking_id\":null,\"carrier_id\":null,\"payment_method_id\":null,\"payment_instruction\":null,\"payment_status\":null,\"order_status_id\":null,\"goods_received\":null,\"feedback_id\":null,\"fulfilment_type\":null,\"is_digital\":null,\"currency_id\":null}}','2023-12-21 17:12:04','2023-12-21 17:12:04'),
	(743,'order','updated',30,'App\\Models\\Order',NULL,NULL,'{\"attributes\":{\"order_number\":\"#237526\",\"shop_id\":1,\"customer_id\":1,\"ship_to\":14,\"shipping_zone_id\":2,\"shipping_rate_id\":7,\"item_count\":2,\"quantity\":2,\"shipping_weight\":\"2039.000000\",\"taxrate\":\"0.000000\",\"total\":\"617.285972\",\"discount\":\"0.000000\",\"shipping\":\"9.000000\",\"handling\":\"2.000000\",\"taxes\":\"0.000000\",\"grand_total\":\"628.285972\",\"billing_address\":\"<address>1537 Tremblay Wells<br\\/>Brandt Cliffs<br\\/>South Eusebio, <br\\/> 64251-3760<br\\/>Eritrea<br\\/><abbr title=\\\"Phone\\\">P:<\\/abbr> 412-933-3397<\\/address>\",\"shipping_address\":\"<address>1537 Tremblay Wells<br\\/>Brandt Cliffs<br\\/>South Eusebio, <br\\/> 64251-3760<br\\/>Eritrea<br\\/><abbr title=\\\"Phone\\\">P:<\\/abbr> 412-933-3397<\\/address>\",\"carrier_id\":2,\"payment_method_id\":4,\"payment_instruction\":\"Manual payment instructions. Edit in wallet settings section.\",\"payment_status\":4,\"order_status_id\":6,\"fulfilment_type\":\"deliver\",\"is_digital\":false,\"currency_id\":325},\"old\":{\"order_number\":null,\"shop_id\":null,\"customer_id\":null,\"ship_to\":null,\"shipping_zone_id\":null,\"shipping_rate_id\":null,\"item_count\":null,\"quantity\":null,\"shipping_weight\":null,\"taxrate\":null,\"total\":null,\"discount\":null,\"shipping\":null,\"handling\":null,\"taxes\":null,\"grand_total\":null,\"billing_address\":null,\"shipping_address\":null,\"carrier_id\":null,\"payment_method_id\":null,\"payment_instruction\":null,\"payment_status\":null,\"order_status_id\":null,\"fulfilment_type\":null,\"is_digital\":null,\"currency_id\":null}}','2023-12-21 17:12:04','2023-12-21 17:12:04'),
	(744,'order','updated',31,'App\\Models\\Order',NULL,NULL,'{\"attributes\":{\"order_number\":\"#850740\",\"shop_id\":1,\"customer_id\":21,\"ship_to\":79,\"shipping_zone_id\":1,\"shipping_rate_id\":5,\"item_count\":1,\"quantity\":1,\"shipping_weight\":\"1411.000000\",\"taxrate\":\"0.000000\",\"total\":\"363.000000\",\"discount\":\"0.000000\",\"shipping\":\"4.000000\",\"handling\":\"2.000000\",\"taxes\":\"0.000000\",\"grand_total\":\"369.000000\",\"billing_address\":\"<address>9291 Northaven Rd<br\\/>New York, <br\\/>New York 25152<br\\/>United States<br\\/><abbr title=\\\"Phone\\\">P:<\\/abbr> +25478398236<\\/address>\",\"shipping_address\":\"<address>9291 Northaven Rd<br\\/>New York, <br\\/>New York 25152<br\\/>United States<br\\/><abbr title=\\\"Phone\\\">P:<\\/abbr> +25478398236<\\/address>\",\"carrier_id\":3,\"payment_method_id\":4,\"payment_instruction\":\"Manual payment instructions. Edit in wallet settings section.\",\"payment_status\":2,\"order_status_id\":3,\"fulfilment_type\":\"deliver\",\"is_digital\":false,\"currency_id\":325},\"old\":{\"order_number\":null,\"shop_id\":null,\"customer_id\":null,\"ship_to\":null,\"shipping_zone_id\":null,\"shipping_rate_id\":null,\"item_count\":null,\"quantity\":null,\"shipping_weight\":null,\"taxrate\":null,\"total\":null,\"discount\":null,\"shipping\":null,\"handling\":null,\"taxes\":null,\"grand_total\":null,\"billing_address\":null,\"shipping_address\":null,\"carrier_id\":null,\"payment_method_id\":null,\"payment_instruction\":null,\"payment_status\":null,\"order_status_id\":null,\"fulfilment_type\":null,\"is_digital\":null,\"currency_id\":null}}','2023-12-21 17:12:04','2023-12-21 17:12:04'),
	(745,'order','updated',32,'App\\Models\\Order',NULL,NULL,'{\"attributes\":{\"order_number\":\"#215647\",\"shop_id\":1,\"customer_id\":21,\"ship_to\":79,\"shipping_zone_id\":1,\"shipping_rate_id\":4,\"packaging_id\":1,\"item_count\":3,\"quantity\":3,\"shipping_weight\":\"2019.000000\",\"taxrate\":\"0.000000\",\"total\":\"1075.096812\",\"discount\":\"0.000000\",\"shipping\":\"6.000000\",\"packaging\":\"0.000000\",\"handling\":\"2.000000\",\"taxes\":\"0.000000\",\"grand_total\":\"1083.096812\",\"billing_address\":\"<address>9291 Northaven Rd<br\\/>New York, <br\\/>New York 25152<br\\/>United States<br\\/><abbr title=\\\"Phone\\\">P:<\\/abbr> +25478398236<\\/address>\",\"shipping_address\":\"<address>9291 Northaven Rd<br\\/>New York, <br\\/>New York 25152<br\\/>United States<br\\/><abbr title=\\\"Phone\\\">P:<\\/abbr> +25478398236<\\/address>\",\"carrier_id\":3,\"buyer_note\":\"Please delivered the product as soon as you can.\\r\\n\\r\\nThanks.\",\"payment_method_id\":4,\"payment_instruction\":\"Manual payment instructions. Edit in wallet settings section.\",\"payment_status\":2,\"order_status_id\":1,\"fulfilment_type\":\"deliver\",\"is_digital\":false,\"currency_id\":325},\"old\":{\"order_number\":null,\"shop_id\":null,\"customer_id\":null,\"ship_to\":null,\"shipping_zone_id\":null,\"shipping_rate_id\":null,\"packaging_id\":null,\"item_count\":null,\"quantity\":null,\"shipping_weight\":null,\"taxrate\":null,\"total\":null,\"discount\":null,\"shipping\":null,\"packaging\":null,\"handling\":null,\"taxes\":null,\"grand_total\":null,\"billing_address\":null,\"shipping_address\":null,\"carrier_id\":null,\"buyer_note\":null,\"payment_method_id\":null,\"payment_instruction\":null,\"payment_status\":null,\"order_status_id\":null,\"fulfilment_type\":null,\"is_digital\":null,\"currency_id\":null}}','2023-12-21 17:12:04','2023-12-21 17:12:04'),
	(746,'order','updated',33,'App\\Models\\Order',NULL,NULL,'{\"attributes\":{\"order_number\":\"#089218\",\"shop_id\":5,\"customer_id\":21,\"ship_to\":79,\"shipping_zone_id\":9,\"item_count\":2,\"quantity\":2,\"shipping_weight\":\"2268.000000\",\"taxrate\":\"0.000000\",\"total\":\"514.900000\",\"discount\":\"0.000000\",\"handling\":\"0.000000\",\"taxes\":\"0.000000\",\"grand_total\":\"514.900000\",\"billing_address\":\"<address>9291 Northaven Rd<br\\/>New York, <br\\/>New York 25152<br\\/>United States<br\\/><abbr title=\\\"Phone\\\">P:<\\/abbr> +25478398236<\\/address>\",\"shipping_address\":\"<address>9291 Northaven Rd<br\\/>New York, <br\\/>New York 25152<br\\/>United States<br\\/><abbr title=\\\"Phone\\\">P:<\\/abbr> +25478398236<\\/address>\",\"payment_method_id\":3,\"payment_instruction\":\"Manual payment instructions. Edit in wallet settings section.\",\"payment_status\":4,\"order_status_id\":6,\"fulfilment_type\":\"deliver\",\"is_digital\":false,\"currency_id\":325},\"old\":{\"order_number\":null,\"shop_id\":null,\"customer_id\":null,\"ship_to\":null,\"shipping_zone_id\":null,\"item_count\":null,\"quantity\":null,\"shipping_weight\":null,\"taxrate\":null,\"total\":null,\"discount\":null,\"handling\":null,\"taxes\":null,\"grand_total\":null,\"billing_address\":null,\"shipping_address\":null,\"payment_method_id\":null,\"payment_instruction\":null,\"payment_status\":null,\"order_status_id\":null,\"fulfilment_type\":null,\"is_digital\":null,\"currency_id\":null}}','2023-12-21 17:12:04','2023-12-21 17:12:04'),
	(747,'order','updated',34,'App\\Models\\Order',NULL,NULL,'{\"attributes\":{\"order_number\":\"#152432\",\"shop_id\":1,\"customer_id\":1,\"ship_to\":16,\"shipping_zone_id\":2,\"shipping_rate_id\":7,\"item_count\":1,\"quantity\":1,\"shipping_weight\":\"1411.000000\",\"taxrate\":\"0.000000\",\"total\":\"363.000000\",\"discount\":\"0.000000\",\"shipping\":\"9.000000\",\"handling\":\"2.000000\",\"taxes\":\"0.000000\",\"grand_total\":\"374.000000\",\"billing_address\":\"<address>90437 Gusikowski Islands<br\\/>Alfonso Wall<br\\/>Lake Darleneton, <br\\/> 15093-8389<br\\/>Guatemala<br\\/><abbr title=\\\"Phone\\\">P:<\\/abbr> +1 (682) 370-6344<\\/address>\",\"shipping_address\":\"<address>90437 Gusikowski Islands<br\\/>Alfonso Wall<br\\/>Lake Darleneton, <br\\/> 15093-8389<br\\/>Guatemala<br\\/><abbr title=\\\"Phone\\\">P:<\\/abbr> +1 (682) 370-6344<\\/address>\",\"carrier_id\":2,\"payment_method_id\":4,\"payment_instruction\":\"Manual payment instructions. Edit in wallet settings section.\",\"payment_status\":2,\"order_status_id\":1,\"fulfilment_type\":\"deliver\",\"is_digital\":false,\"currency_id\":325},\"old\":{\"order_number\":null,\"shop_id\":null,\"customer_id\":null,\"ship_to\":null,\"shipping_zone_id\":null,\"shipping_rate_id\":null,\"item_count\":null,\"quantity\":null,\"shipping_weight\":null,\"taxrate\":null,\"total\":null,\"discount\":null,\"shipping\":null,\"handling\":null,\"taxes\":null,\"grand_total\":null,\"billing_address\":null,\"shipping_address\":null,\"carrier_id\":null,\"payment_method_id\":null,\"payment_instruction\":null,\"payment_status\":null,\"order_status_id\":null,\"fulfilment_type\":null,\"is_digital\":null,\"currency_id\":null}}','2023-12-21 17:12:04','2023-12-21 17:12:04'),
	(748,'order','updated',35,'App\\Models\\Order',NULL,NULL,'{\"attributes\":{\"order_number\":\"#319290\",\"shop_id\":2,\"customer_id\":22,\"ship_to\":81,\"shipping_zone_id\":3,\"shipping_rate_id\":12,\"item_count\":3,\"quantity\":3,\"shipping_weight\":\"4407.000000\",\"taxrate\":\"0.000000\",\"total\":\"879.797022\",\"discount\":\"0.000000\",\"shipping\":\"1.000000\",\"handling\":\"2.000000\",\"taxes\":\"0.000000\",\"grand_total\":\"882.797022\",\"billing_address\":\"<address>1128 W 6th St<br\\/>New York, <br\\/>New York 963366<br\\/>United States<\\/address>\",\"shipping_address\":\"<address>1128 W 6th St<br\\/>New York, <br\\/>New York 963366<br\\/>United States<\\/address>\",\"carrier_id\":1,\"payment_method_id\":3,\"payment_instruction\":\"Manual payment instructions. Edit in wallet settings section.\",\"payment_status\":1,\"order_status_id\":3,\"fulfilment_type\":\"deliver\",\"is_digital\":false,\"currency_id\":325},\"old\":{\"order_number\":null,\"shop_id\":null,\"customer_id\":null,\"ship_to\":null,\"shipping_zone_id\":null,\"shipping_rate_id\":null,\"item_count\":null,\"quantity\":null,\"shipping_weight\":null,\"taxrate\":null,\"total\":null,\"discount\":null,\"shipping\":null,\"handling\":null,\"taxes\":null,\"grand_total\":null,\"billing_address\":null,\"shipping_address\":null,\"carrier_id\":null,\"payment_method_id\":null,\"payment_instruction\":null,\"payment_status\":null,\"order_status_id\":null,\"fulfilment_type\":null,\"is_digital\":null,\"currency_id\":null}}','2023-12-21 17:12:04','2023-12-21 17:12:04'),
	(749,'order','updated',36,'App\\Models\\Order',NULL,NULL,'{\"attributes\":{\"order_number\":\"#409780\",\"shop_id\":2,\"customer_id\":22,\"ship_to\":81,\"shipping_zone_id\":3,\"shipping_rate_id\":12,\"item_count\":2,\"quantity\":2,\"shipping_weight\":\"2690.000000\",\"taxrate\":\"0.000000\",\"total\":\"605.378805\",\"discount\":\"0.000000\",\"shipping\":\"1.000000\",\"handling\":\"2.000000\",\"taxes\":\"0.000000\",\"grand_total\":\"608.378805\",\"billing_address\":\"<address>1128 W 6th St<br\\/>New York, <br\\/>New York 963366<br\\/>United States<\\/address>\",\"shipping_address\":\"<address>1128 W 6th St<br\\/>New York, <br\\/>New York 963366<br\\/>United States<\\/address>\",\"carrier_id\":1,\"payment_method_id\":3,\"payment_instruction\":\"Manual payment instructions. Edit in wallet settings section.\",\"payment_status\":1,\"order_status_id\":3,\"fulfilment_type\":\"deliver\",\"is_digital\":false,\"currency_id\":325},\"old\":{\"order_number\":null,\"shop_id\":null,\"customer_id\":null,\"ship_to\":null,\"shipping_zone_id\":null,\"shipping_rate_id\":null,\"item_count\":null,\"quantity\":null,\"shipping_weight\":null,\"taxrate\":null,\"total\":null,\"discount\":null,\"shipping\":null,\"handling\":null,\"taxes\":null,\"grand_total\":null,\"billing_address\":null,\"shipping_address\":null,\"carrier_id\":null,\"payment_method_id\":null,\"payment_instruction\":null,\"payment_status\":null,\"order_status_id\":null,\"fulfilment_type\":null,\"is_digital\":null,\"currency_id\":null}}','2023-12-21 17:12:04','2023-12-21 17:12:04'),
	(750,'order','updated',37,'App\\Models\\Order',NULL,NULL,'{\"attributes\":{\"order_number\":\"#853284\",\"shop_id\":1,\"customer_id\":22,\"ship_to\":81,\"shipping_zone_id\":1,\"shipping_rate_id\":5,\"item_count\":2,\"quantity\":2,\"shipping_weight\":\"1312.000000\",\"taxrate\":\"0.000000\",\"total\":\"707.299160\",\"discount\":\"0.000000\",\"shipping\":\"4.000000\",\"handling\":\"2.000000\",\"taxes\":\"0.000000\",\"grand_total\":\"713.299160\",\"billing_address\":\"<address>1128 W 6th St<br\\/>New York, <br\\/>New York 963366<br\\/>United States<\\/address>\",\"shipping_address\":\"<address>1128 W 6th St<br\\/>New York, <br\\/>New York 963366<br\\/>United States<\\/address>\",\"carrier_id\":3,\"buyer_note\":\"Hope the delivery will get very soon.\",\"payment_method_id\":4,\"payment_instruction\":\"Manual payment instructions. Edit in wallet settings section.\",\"payment_status\":2,\"order_status_id\":1,\"fulfilment_type\":\"deliver\",\"is_digital\":false,\"currency_id\":325},\"old\":{\"order_number\":null,\"shop_id\":null,\"customer_id\":null,\"ship_to\":null,\"shipping_zone_id\":null,\"shipping_rate_id\":null,\"item_count\":null,\"quantity\":null,\"shipping_weight\":null,\"taxrate\":null,\"total\":null,\"discount\":null,\"shipping\":null,\"handling\":null,\"taxes\":null,\"grand_total\":null,\"billing_address\":null,\"shipping_address\":null,\"carrier_id\":null,\"buyer_note\":null,\"payment_method_id\":null,\"payment_instruction\":null,\"payment_status\":null,\"order_status_id\":null,\"fulfilment_type\":null,\"is_digital\":null,\"currency_id\":null}}','2023-12-21 17:12:04','2023-12-21 17:12:04'),
	(751,'order','updated',38,'App\\Models\\Order',NULL,NULL,'{\"attributes\":{\"order_number\":\"#665498\",\"shop_id\":1,\"customer_id\":6,\"shipping_zone_id\":2,\"shipping_rate_id\":7,\"packaging_id\":1,\"item_count\":2,\"quantity\":3,\"shipping_weight\":\"2810.000000\",\"taxrate\":\"0.000000\",\"total\":\"1439.020000\",\"shipping\":\"9.000000\",\"packaging\":\"0.000000\",\"handling\":\"2.000000\",\"taxes\":\"0.000000\",\"grand_total\":\"1450.020000\",\"billing_address\":\"Hotel Address, 8332 Domingo Plaza Apt. 895, Mueller Green, North Onaberg,  86682-1273, Guinea, Phone: 689.339.3012\",\"shipping_address\":\"Hotel Address, 8332 Domingo Plaza Apt. 895, Mueller Green, North Onaberg,  86682-1273, Guinea, Phone: 689.339.3012\",\"send_invoice_to_customer\":1,\"payment_method_id\":3,\"payment_status\":4,\"order_status_id\":3,\"approved\":1,\"fulfilment_type\":\"deliver\",\"is_digital\":false,\"currency_id\":325},\"old\":{\"order_number\":null,\"shop_id\":null,\"customer_id\":null,\"shipping_zone_id\":null,\"shipping_rate_id\":null,\"packaging_id\":null,\"item_count\":null,\"quantity\":null,\"shipping_weight\":null,\"taxrate\":null,\"total\":null,\"shipping\":null,\"packaging\":null,\"handling\":null,\"taxes\":null,\"grand_total\":null,\"billing_address\":null,\"shipping_address\":null,\"send_invoice_to_customer\":null,\"payment_method_id\":null,\"payment_status\":null,\"order_status_id\":null,\"approved\":null,\"fulfilment_type\":null,\"is_digital\":null,\"currency_id\":null}}','2023-12-21 17:12:04','2023-12-21 17:12:04'),
	(752,'order','updated',39,'App\\Models\\Order',NULL,NULL,'{\"attributes\":{\"order_number\":\"#982212\",\"shop_id\":5,\"customer_id\":1,\"ship_to\":16,\"shipping_zone_id\":9,\"item_count\":1,\"quantity\":1,\"shipping_weight\":\"1143.000000\",\"taxrate\":\"0.000000\",\"total\":\"179.000000\",\"discount\":\"0.000000\",\"handling\":\"0.000000\",\"taxes\":\"0.000000\",\"grand_total\":\"179.000000\",\"billing_address\":\"<address>90437 Gusikowski Islands<br\\/>Alfonso Wall<br\\/>Lake Darleneton, <br\\/> 15093-8389<br\\/>Guatemala<br\\/><abbr title=\\\"Phone\\\">P:<\\/abbr> +1 (682) 370-6344<\\/address>\",\"shipping_address\":\"<address>90437 Gusikowski Islands<br\\/>Alfonso Wall<br\\/>Lake Darleneton, <br\\/> 15093-8389<br\\/>Guatemala<br\\/><abbr title=\\\"Phone\\\">P:<\\/abbr> +1 (682) 370-6344<\\/address>\",\"payment_method_id\":3,\"payment_instruction\":\"Manual payment instructions. Edit in wallet settings section.\",\"payment_status\":4,\"order_status_id\":3,\"fulfilment_type\":\"deliver\",\"is_digital\":false,\"currency_id\":325},\"old\":{\"order_number\":null,\"shop_id\":null,\"customer_id\":null,\"ship_to\":null,\"shipping_zone_id\":null,\"item_count\":null,\"quantity\":null,\"shipping_weight\":null,\"taxrate\":null,\"total\":null,\"discount\":null,\"handling\":null,\"taxes\":null,\"grand_total\":null,\"billing_address\":null,\"shipping_address\":null,\"payment_method_id\":null,\"payment_instruction\":null,\"payment_status\":null,\"order_status_id\":null,\"fulfilment_type\":null,\"is_digital\":null,\"currency_id\":null}}','2023-12-21 17:12:04','2023-12-21 17:12:04'),
	(753,'order','updated',40,'App\\Models\\Order',NULL,NULL,'{\"attributes\":{\"order_number\":\"#653446\",\"shop_id\":2,\"customer_id\":1,\"ship_to\":16,\"shipping_zone_id\":3,\"item_count\":2,\"quantity\":2,\"shipping_weight\":\"2064.000000\",\"taxrate\":\"0.000000\",\"total\":\"671.909884\",\"discount\":\"0.000000\",\"handling\":\"0.000000\",\"taxes\":\"0.000000\",\"grand_total\":\"671.909884\",\"billing_address\":\"<address>90437 Gusikowski Islands<br\\/>Alfonso Wall<br\\/>Lake Darleneton, <br\\/> 15093-8389<br\\/>Guatemala<br\\/><abbr title=\\\"Phone\\\">P:<\\/abbr> +1 (682) 370-6344<\\/address>\",\"shipping_address\":\"<address>90437 Gusikowski Islands<br\\/>Alfonso Wall<br\\/>Lake Darleneton, <br\\/> 15093-8389<br\\/>Guatemala<br\\/><abbr title=\\\"Phone\\\">P:<\\/abbr> +1 (682) 370-6344<\\/address>\",\"payment_method_id\":3,\"payment_instruction\":\"Payment instructions for COD\",\"payment_status\":1,\"order_status_id\":3,\"fulfilment_type\":\"deliver\",\"is_digital\":false,\"currency_id\":325},\"old\":{\"order_number\":null,\"shop_id\":null,\"customer_id\":null,\"ship_to\":null,\"shipping_zone_id\":null,\"item_count\":null,\"quantity\":null,\"shipping_weight\":null,\"taxrate\":null,\"total\":null,\"discount\":null,\"handling\":null,\"taxes\":null,\"grand_total\":null,\"billing_address\":null,\"shipping_address\":null,\"payment_method_id\":null,\"payment_instruction\":null,\"payment_status\":null,\"order_status_id\":null,\"fulfilment_type\":null,\"is_digital\":null,\"currency_id\":null}}','2023-12-21 17:12:04','2023-12-21 17:12:04'),
	(754,'order','updated',41,'App\\Models\\Order',NULL,NULL,'{\"attributes\":{\"order_number\":\"#281812\",\"shop_id\":2,\"ship_to\":840,\"shipping_zone_id\":3,\"shipping_rate_id\":15,\"item_count\":1,\"quantity\":1,\"shipping_weight\":\"1609.000000\",\"taxrate\":\"0.000000\",\"total\":\"143.000000\",\"discount\":\"0.000000\",\"shipping\":\"0.000000\",\"handling\":\"2.000000\",\"taxes\":\"0.000000\",\"grand_total\":\"145.000000\",\"billing_address\":\"<address>,<br\\/>ddwdwd dwdwd,<br\\/>dewdewdewd,<br\\/>dwdqwdqwd,<br\\/>ddwd,<br\\/>Connecticut 1212,<br\\/>United States,<br\\/>Phone: dwdwd,<br\\/><\\/address>\",\"shipping_address\":\"<address>,<br\\/>ddwdwd dwdwd,<br\\/>dewdewdewd,<br\\/>dwdqwdqwd,<br\\/>ddwd,<br\\/>Connecticut 1212,<br\\/>United States,<br\\/>Phone: dwdwd,<br\\/><\\/address>\",\"carrier_id\":5,\"buyer_note\":\"\",\"payment_method_id\":3,\"payment_instruction\":\"Manual payment instructions. Edit in wallet settings section.\",\"payment_status\":1,\"order_status_id\":3,\"email\":\"dwdwd@dwdw.cc\",\"customer_phone_number\":\"dwdwd\",\"fulfilment_type\":\"deliver\",\"is_digital\":false,\"currency_id\":247},\"old\":{\"order_number\":null,\"shop_id\":null,\"ship_to\":null,\"shipping_zone_id\":null,\"shipping_rate_id\":null,\"item_count\":null,\"quantity\":null,\"shipping_weight\":null,\"taxrate\":null,\"total\":null,\"discount\":null,\"shipping\":null,\"handling\":null,\"taxes\":null,\"grand_total\":null,\"billing_address\":null,\"shipping_address\":null,\"carrier_id\":null,\"buyer_note\":null,\"payment_method_id\":null,\"payment_instruction\":null,\"payment_status\":null,\"order_status_id\":null,\"email\":null,\"customer_phone_number\":null,\"fulfilment_type\":null,\"is_digital\":null,\"currency_id\":null}}','2023-12-21 17:12:04','2023-12-21 17:12:04'),
	(756,'order','created',43,'App\\Models\\Order',1,'App\\Models\\User','{\"attributes\":{\"order_number\":\"#802992\",\"shop_id\":2,\"customer_id\":null,\"ship_to\":840,\"shipping_zone_id\":3,\"shipping_rate_id\":15,\"packaging_id\":null,\"item_count\":2,\"quantity\":2,\"shipping_weight\":\"1720.000000\",\"taxrate\":\"0.000000\",\"total\":\"490.465489\",\"discount\":\"0.000000\",\"shipping\":\"0.000000\",\"packaging\":null,\"handling\":\"2.000000\",\"taxes\":\"0.000000\",\"grand_total\":\"492.465489\",\"billing_address\":\"<address>,<br\\/>Munna khan,<br\\/>kdsdd,<br\\/>dhaka,<br\\/>Connecticut 112,<br\\/>United States,<br\\/><\\/address>\",\"shipping_address\":\"<address>,<br\\/>Munna khan,<br\\/>kdsdd,<br\\/>dhaka,<br\\/>Connecticut 112,<br\\/>United States,<br\\/><\\/address>\",\"shipping_date\":null,\"delivery_date\":null,\"tracking_id\":null,\"coupon_id\":null,\"carrier_id\":5,\"message_to_customer\":null,\"send_invoice_to_customer\":null,\"admin_note\":null,\"buyer_note\":\"\",\"payment_method_id\":20,\"payment_instruction\":null,\"payment_ref_id\":null,\"payment_date\":null,\"payment_status\":1,\"order_status_id\":1,\"goods_received\":null,\"approved\":null,\"feedback_id\":null,\"disputed\":null,\"email\":\"deded@ded.cc\",\"customer_phone_number\":\"\",\"fulfilment_type\":\"deliver\",\"device_id\":null,\"razorpay_order_id\":null,\"razorpay_payment_id\":null,\"razorpay_signature\":null,\"is_digital\":false,\"exchange_rate\":null,\"currency_id\":325,\"delivery_boy_feedback_id\":null}}','2023-12-21 18:12:19','2023-12-21 18:12:19'),
	(757,'order','updated',43,'App\\Models\\Order',1,'App\\Models\\User','{\"attributes\":{\"payment_status\":3,\"order_status_id\":3},\"old\":{\"payment_status\":1,\"order_status_id\":1}}','2023-12-21 18:12:34','2023-12-21 18:12:34'),
	(758,'shop','updated',2,'App\\Models\\Shop',1,'App\\Models\\User','{\"attributes\":{\"total_item_sold\":2},\"old\":{\"total_item_sold\":0}}','2023-12-21 18:12:34','2023-12-21 18:12:34'),
	(759,'order','updated',1,'App\\Models\\Order',NULL,NULL,'{\"attributes\":{\"order_number\":\"#180700\",\"shop_id\":2,\"customer_id\":11,\"shipping_rate_id\":12,\"item_count\":2,\"quantity\":4,\"shipping_weight\":\"3954.000000\",\"total\":\"1595.400000\",\"shipping\":\"3.000000\",\"grand_total\":\"1598.400000\",\"billing_address\":\"<address>5876 Zulauf Well<br\\/>Morris Ways<br\\/>Sisterside, <br\\/> 18766-8046<br\\/><abbr title=\\\"Phone\\\">P:<\\/abbr> +1.283.389.4871<\\/address>\",\"shipping_address\":\"<address>5876 Zulauf Well<br\\/>Morris Ways<br\\/>Sisterside, <br\\/> 18766-8046<br\\/><abbr title=\\\"Phone\\\">P:<\\/abbr> +1.283.389.4871<\\/address>\",\"tracking_id\":\"RR123456789CN\",\"admin_note\":\"Possimus iste omnis non et quam.\",\"buyer_note\":\"Voluptatem vitae et cum eveniet iure sapiente.\",\"payment_method_id\":4,\"payment_status\":1,\"order_status_id\":1,\"fulfilment_type\":\"deliver\",\"is_digital\":false,\"currency_id\":325},\"old\":{\"order_number\":null,\"shop_id\":null,\"customer_id\":null,\"shipping_rate_id\":null,\"item_count\":null,\"quantity\":null,\"shipping_weight\":null,\"total\":null,\"shipping\":null,\"grand_total\":null,\"billing_address\":null,\"shipping_address\":null,\"tracking_id\":null,\"admin_note\":null,\"buyer_note\":null,\"payment_method_id\":null,\"payment_status\":null,\"order_status_id\":null,\"fulfilment_type\":null,\"is_digital\":null,\"currency_id\":null}}','2023-12-23 05:28:44','2023-12-23 05:28:44'),
	(760,'order','updated',2,'App\\Models\\Order',NULL,NULL,'{\"attributes\":{\"order_number\":\"#746018\",\"shop_id\":5,\"customer_id\":14,\"shipping_rate_id\":47,\"item_count\":4,\"quantity\":5,\"shipping_weight\":\"5532.000000\",\"total\":\"1086.826500\",\"shipping\":\"8.000000\",\"grand_total\":\"1094.826500\",\"billing_address\":\"<address>146 Freddie Light Apt. 641<br\\/>Violet Ville<br\\/>Lake Pamelafurt, <br\\/> 66483-9624<br\\/><abbr title=\\\"Phone\\\">P:<\\/abbr> +1-747-686-9217<\\/address>\",\"shipping_address\":\"<address>146 Freddie Light Apt. 641<br\\/>Violet Ville<br\\/>Lake Pamelafurt, <br\\/> 66483-9624<br\\/><abbr title=\\\"Phone\\\">P:<\\/abbr> +1-747-686-9217<\\/address>\",\"tracking_id\":\"RR123456789CN\",\"admin_note\":\"Et autem sit quas ut aut.\",\"buyer_note\":\"Molestiae quae dolor amet qui neque ipsam.\",\"payment_method_id\":2,\"payment_status\":1,\"order_status_id\":7,\"fulfilment_type\":\"deliver\",\"is_digital\":false,\"currency_id\":325},\"old\":{\"order_number\":null,\"shop_id\":null,\"customer_id\":null,\"shipping_rate_id\":null,\"item_count\":null,\"quantity\":null,\"shipping_weight\":null,\"total\":null,\"shipping\":null,\"grand_total\":null,\"billing_address\":null,\"shipping_address\":null,\"tracking_id\":null,\"admin_note\":null,\"buyer_note\":null,\"payment_method_id\":null,\"payment_status\":null,\"order_status_id\":null,\"fulfilment_type\":null,\"is_digital\":null,\"currency_id\":null}}','2023-12-23 05:28:44','2023-12-23 05:28:44'),
	(761,'order','updated',3,'App\\Models\\Order',NULL,NULL,'{\"attributes\":{\"order_number\":\"#686739\",\"shop_id\":4,\"customer_id\":8,\"shipping_rate_id\":44,\"item_count\":2,\"quantity\":3,\"shipping_weight\":\"2963.000000\",\"total\":\"1146.370590\",\"shipping\":\"1.000000\",\"grand_total\":\"1147.370590\",\"billing_address\":\"<address>88972 Schowalter Branch<br\\/>Precious Streets<br\\/>Trantowside, <br\\/> 16607-2322<br\\/><abbr title=\\\"Phone\\\">P:<\\/abbr> (469) 408-1777<\\/address>\",\"shipping_address\":\"<address>88972 Schowalter Branch<br\\/>Precious Streets<br\\/>Trantowside, <br\\/> 16607-2322<br\\/><abbr title=\\\"Phone\\\">P:<\\/abbr> (469) 408-1777<\\/address>\",\"tracking_id\":\"RR123456789CN\",\"admin_note\":\"Id ut sunt et adipisci sunt quaerat aperiam quo.\",\"buyer_note\":\"Occaecati dicta ipsum dolorem nulla officiis voluptates.\",\"payment_method_id\":3,\"payment_status\":1,\"order_status_id\":1,\"fulfilment_type\":\"deliver\",\"is_digital\":false,\"currency_id\":325},\"old\":{\"order_number\":null,\"shop_id\":null,\"customer_id\":null,\"shipping_rate_id\":null,\"item_count\":null,\"quantity\":null,\"shipping_weight\":null,\"total\":null,\"shipping\":null,\"grand_total\":null,\"billing_address\":null,\"shipping_address\":null,\"tracking_id\":null,\"admin_note\":null,\"buyer_note\":null,\"payment_method_id\":null,\"payment_status\":null,\"order_status_id\":null,\"fulfilment_type\":null,\"is_digital\":null,\"currency_id\":null}}','2023-12-23 05:28:44','2023-12-23 05:28:44'),
	(762,'order','updated',4,'App\\Models\\Order',NULL,NULL,'{\"attributes\":{\"order_number\":\"#247468\",\"shop_id\":4,\"customer_id\":6,\"shipping_rate_id\":23,\"item_count\":2,\"quantity\":4,\"shipping_weight\":\"5692.000000\",\"total\":\"1528.600506\",\"shipping\":\"9.000000\",\"grand_total\":\"1537.600506\",\"billing_address\":\"<address>4296 Kenyatta Mount Apt. 269<br\\/>Zieme Grove<br\\/>Lydaborough, <br\\/>Corse 98689-6543<br\\/><abbr title=\\\"Phone\\\">P:<\\/abbr> 806.690.8834<\\/address>\",\"shipping_address\":\"<address>4296 Kenyatta Mount Apt. 269<br\\/>Zieme Grove<br\\/>Lydaborough, <br\\/>Corse 98689-6543<br\\/><abbr title=\\\"Phone\\\">P:<\\/abbr> 806.690.8834<\\/address>\",\"tracking_id\":\"RR123456789CN\",\"admin_note\":\"Non explicabo facere sed.\",\"buyer_note\":\"Magnam qui aut quo laboriosam eum error consequatur enim.\",\"payment_method_id\":1,\"payment_status\":1,\"order_status_id\":1,\"fulfilment_type\":\"deliver\",\"is_digital\":false,\"currency_id\":325},\"old\":{\"order_number\":null,\"shop_id\":null,\"customer_id\":null,\"shipping_rate_id\":null,\"item_count\":null,\"quantity\":null,\"shipping_weight\":null,\"total\":null,\"shipping\":null,\"grand_total\":null,\"billing_address\":null,\"shipping_address\":null,\"tracking_id\":null,\"admin_note\":null,\"buyer_note\":null,\"payment_method_id\":null,\"payment_status\":null,\"order_status_id\":null,\"fulfilment_type\":null,\"is_digital\":null,\"currency_id\":null}}','2023-12-23 05:28:44','2023-12-23 05:28:44'),
	(763,'order','updated',5,'App\\Models\\Order',NULL,NULL,'{\"attributes\":{\"order_number\":\"#496533\",\"shop_id\":4,\"customer_id\":4,\"shipping_rate_id\":28,\"item_count\":3,\"quantity\":9,\"shipping_weight\":\"12462.000000\",\"total\":\"2827.085880\",\"shipping\":\"4.000000\",\"grand_total\":\"2831.085880\",\"billing_address\":\"<address>5606 Ida Radial Apt. 734<br\\/>Lueilwitz Coves<br\\/>South Edna, <br\\/> 90806-6337<br\\/><abbr title=\\\"Phone\\\">P:<\\/abbr> 385-338-8251<\\/address>\",\"shipping_address\":\"<address>5606 Ida Radial Apt. 734<br\\/>Lueilwitz Coves<br\\/>South Edna, <br\\/> 90806-6337<br\\/><abbr title=\\\"Phone\\\">P:<\\/abbr> 385-338-8251<\\/address>\",\"tracking_id\":\"RR123456789CN\",\"admin_note\":\"Possimus ut laborum placeat veritatis saepe deserunt aut iste.\",\"buyer_note\":\"Explicabo dolorem culpa odit ut cupiditate eligendi et.\",\"payment_method_id\":2,\"payment_status\":1,\"order_status_id\":1,\"fulfilment_type\":\"deliver\",\"is_digital\":false,\"currency_id\":325},\"old\":{\"order_number\":null,\"shop_id\":null,\"customer_id\":null,\"shipping_rate_id\":null,\"item_count\":null,\"quantity\":null,\"shipping_weight\":null,\"total\":null,\"shipping\":null,\"grand_total\":null,\"billing_address\":null,\"shipping_address\":null,\"tracking_id\":null,\"admin_note\":null,\"buyer_note\":null,\"payment_method_id\":null,\"payment_status\":null,\"order_status_id\":null,\"fulfilment_type\":null,\"is_digital\":null,\"currency_id\":null}}','2023-12-23 05:28:44','2023-12-23 05:28:44'),
	(764,'order','updated',6,'App\\Models\\Order',NULL,NULL,'{\"attributes\":{\"order_number\":\"#474262\",\"shop_id\":3,\"customer_id\":11,\"shipping_rate_id\":26,\"item_count\":2,\"quantity\":3,\"shipping_weight\":\"1928.000000\",\"total\":\"373.188074\",\"shipping\":\"5.000000\",\"grand_total\":\"378.188074\",\"billing_address\":\"<address>5876 Zulauf Well<br\\/>Morris Ways<br\\/>Sisterside, <br\\/> 18766-8046<br\\/><abbr title=\\\"Phone\\\">P:<\\/abbr> +1.283.389.4871<\\/address>\",\"shipping_address\":\"<address>5876 Zulauf Well<br\\/>Morris Ways<br\\/>Sisterside, <br\\/> 18766-8046<br\\/><abbr title=\\\"Phone\\\">P:<\\/abbr> +1.283.389.4871<\\/address>\",\"tracking_id\":\"RR123456789CN\",\"admin_note\":\"Illum necessitatibus quia distinctio quia.\",\"buyer_note\":\"Minima iure et eveniet voluptatibus et et qui maiores.\",\"payment_method_id\":1,\"payment_status\":1,\"order_status_id\":1,\"fulfilment_type\":\"deliver\",\"is_digital\":false,\"currency_id\":325},\"old\":{\"order_number\":null,\"shop_id\":null,\"customer_id\":null,\"shipping_rate_id\":null,\"item_count\":null,\"quantity\":null,\"shipping_weight\":null,\"total\":null,\"shipping\":null,\"grand_total\":null,\"billing_address\":null,\"shipping_address\":null,\"tracking_id\":null,\"admin_note\":null,\"buyer_note\":null,\"payment_method_id\":null,\"payment_status\":null,\"order_status_id\":null,\"fulfilment_type\":null,\"is_digital\":null,\"currency_id\":null}}','2023-12-23 05:28:44','2023-12-23 05:28:44'),
	(765,'order','updated',7,'App\\Models\\Order',NULL,NULL,'{\"attributes\":{\"order_number\":\"#488139\",\"shop_id\":5,\"customer_id\":10,\"shipping_rate_id\":15,\"item_count\":4,\"quantity\":8,\"shipping_weight\":\"9436.000000\",\"total\":\"3533.016662\",\"shipping\":\"8.000000\",\"grand_total\":\"3541.016662\",\"billing_address\":\"<address>51889 Kole Mission<br\\/>Wisoky Springs<br\\/>Spencerview, <br\\/> 48088<br\\/><abbr title=\\\"Phone\\\">P:<\\/abbr> 1-657-445-1455<\\/address>\",\"shipping_address\":\"<address>51889 Kole Mission<br\\/>Wisoky Springs<br\\/>Spencerview, <br\\/> 48088<br\\/><abbr title=\\\"Phone\\\">P:<\\/abbr> 1-657-445-1455<\\/address>\",\"tracking_id\":\"RR123456789CN\",\"admin_note\":\"Maiores aspernatur corporis totam veniam sequi.\",\"buyer_note\":\"Atque accusantium fugiat officia eligendi dolorum.\",\"payment_method_id\":1,\"payment_status\":1,\"order_status_id\":1,\"fulfilment_type\":\"deliver\",\"is_digital\":false,\"currency_id\":325},\"old\":{\"order_number\":null,\"shop_id\":null,\"customer_id\":null,\"shipping_rate_id\":null,\"item_count\":null,\"quantity\":null,\"shipping_weight\":null,\"total\":null,\"shipping\":null,\"grand_total\":null,\"billing_address\":null,\"shipping_address\":null,\"tracking_id\":null,\"admin_note\":null,\"buyer_note\":null,\"payment_method_id\":null,\"payment_status\":null,\"order_status_id\":null,\"fulfilment_type\":null,\"is_digital\":null,\"currency_id\":null}}','2023-12-23 05:28:44','2023-12-23 05:28:44'),
	(766,'order','updated',8,'App\\Models\\Order',NULL,NULL,'{\"attributes\":{\"order_number\":\"#032872\",\"shop_id\":2,\"customer_id\":7,\"shipping_rate_id\":49,\"item_count\":4,\"quantity\":9,\"shipping_weight\":\"12860.000000\",\"total\":\"2214.832293\",\"shipping\":\"7.000000\",\"grand_total\":\"2221.832293\",\"billing_address\":\"<address>98879 Bud Groves Apt. 375<br\\/>Geraldine Port<br\\/>Rowehaven, <br\\/>Kampong Thum 79605-3218<br\\/><abbr title=\\\"Phone\\\">P:<\\/abbr> +1-631-513-2222<\\/address>\",\"shipping_address\":\"<address>98879 Bud Groves Apt. 375<br\\/>Geraldine Port<br\\/>Rowehaven, <br\\/>Kampong Thum 79605-3218<br\\/><abbr title=\\\"Phone\\\">P:<\\/abbr> +1-631-513-2222<\\/address>\",\"tracking_id\":\"RR123456789CN\",\"admin_note\":\"Sit praesentium possimus vel cum saepe.\",\"buyer_note\":\"Ut provident ducimus voluptatem qui explicabo culpa.\",\"payment_method_id\":2,\"payment_status\":1,\"order_status_id\":1,\"fulfilment_type\":\"deliver\",\"is_digital\":false,\"currency_id\":325},\"old\":{\"order_number\":null,\"shop_id\":null,\"customer_id\":null,\"shipping_rate_id\":null,\"item_count\":null,\"quantity\":null,\"shipping_weight\":null,\"total\":null,\"shipping\":null,\"grand_total\":null,\"billing_address\":null,\"shipping_address\":null,\"tracking_id\":null,\"admin_note\":null,\"buyer_note\":null,\"payment_method_id\":null,\"payment_status\":null,\"order_status_id\":null,\"fulfilment_type\":null,\"is_digital\":null,\"currency_id\":null}}','2023-12-23 05:28:44','2023-12-23 05:28:44'),
	(767,'order','updated',9,'App\\Models\\Order',NULL,NULL,'{\"attributes\":{\"order_number\":\"#000830\",\"shop_id\":3,\"customer_id\":13,\"shipping_rate_id\":38,\"item_count\":3,\"quantity\":5,\"shipping_weight\":\"5073.000000\",\"total\":\"1645.150748\",\"shipping\":\"5.000000\",\"grand_total\":\"1650.150748\",\"billing_address\":\"<address>79160 Addison Views Suite 003<br\\/>Stevie Mountain<br\\/>North Chloe, <br\\/> 52366-7864<br\\/><abbr title=\\\"Phone\\\">P:<\\/abbr> +1-410-235-7104<\\/address>\",\"shipping_address\":\"<address>79160 Addison Views Suite 003<br\\/>Stevie Mountain<br\\/>North Chloe, <br\\/> 52366-7864<br\\/><abbr title=\\\"Phone\\\">P:<\\/abbr> +1-410-235-7104<\\/address>\",\"tracking_id\":\"RR123456789CN\",\"admin_note\":\"Vel quaerat aut commodi voluptatem earum.\",\"buyer_note\":\"Dicta dolores illo voluptas quia maxime inventore quae tempore.\",\"payment_method_id\":2,\"payment_status\":1,\"order_status_id\":1,\"fulfilment_type\":\"deliver\",\"is_digital\":false,\"currency_id\":325},\"old\":{\"order_number\":null,\"shop_id\":null,\"customer_id\":null,\"shipping_rate_id\":null,\"item_count\":null,\"quantity\":null,\"shipping_weight\":null,\"total\":null,\"shipping\":null,\"grand_total\":null,\"billing_address\":null,\"shipping_address\":null,\"tracking_id\":null,\"admin_note\":null,\"buyer_note\":null,\"payment_method_id\":null,\"payment_status\":null,\"order_status_id\":null,\"fulfilment_type\":null,\"is_digital\":null,\"currency_id\":null}}','2023-12-23 05:28:44','2023-12-23 05:28:44'),
	(768,'order','updated',10,'App\\Models\\Order',NULL,NULL,'{\"attributes\":{\"order_number\":\"#879754\",\"shop_id\":1,\"customer_id\":9,\"shipping_rate_id\":44,\"item_count\":3,\"quantity\":7,\"shipping_weight\":\"5416.000000\",\"total\":\"1886.162271\",\"shipping\":\"3.000000\",\"grand_total\":\"1889.162271\",\"billing_address\":\"<address>159 Caden Mountain Suite 367<br\\/>Felipa Spurs<br\\/>Lake Aidan, <br\\/> 13150<br\\/><abbr title=\\\"Phone\\\">P:<\\/abbr> 240.641.1285<\\/address>\",\"shipping_address\":\"<address>159 Caden Mountain Suite 367<br\\/>Felipa Spurs<br\\/>Lake Aidan, <br\\/> 13150<br\\/><abbr title=\\\"Phone\\\">P:<\\/abbr> 240.641.1285<\\/address>\",\"tracking_id\":\"RR123456789CN\",\"admin_note\":\"Saepe fuga qui aut est itaque quos.\",\"buyer_note\":\"Quod tempore blanditiis autem error eius asperiores.\",\"payment_method_id\":2,\"payment_status\":1,\"order_status_id\":1,\"fulfilment_type\":\"deliver\",\"is_digital\":false,\"currency_id\":325},\"old\":{\"order_number\":null,\"shop_id\":null,\"customer_id\":null,\"shipping_rate_id\":null,\"item_count\":null,\"quantity\":null,\"shipping_weight\":null,\"total\":null,\"shipping\":null,\"grand_total\":null,\"billing_address\":null,\"shipping_address\":null,\"tracking_id\":null,\"admin_note\":null,\"buyer_note\":null,\"payment_method_id\":null,\"payment_status\":null,\"order_status_id\":null,\"fulfilment_type\":null,\"is_digital\":null,\"currency_id\":null}}','2023-12-23 05:28:44','2023-12-23 05:28:44'),
	(769,'order','updated',11,'App\\Models\\Order',NULL,NULL,'{\"attributes\":{\"order_number\":\"#795595\",\"shop_id\":1,\"customer_id\":14,\"shipping_rate_id\":38,\"item_count\":4,\"quantity\":9,\"shipping_weight\":\"9103.000000\",\"total\":\"3269.733212\",\"shipping\":\"8.000000\",\"grand_total\":\"3277.733212\",\"billing_address\":\"<address>146 Freddie Light Apt. 641<br\\/>Violet Ville<br\\/>Lake Pamelafurt, <br\\/> 66483-9624<br\\/><abbr title=\\\"Phone\\\">P:<\\/abbr> +1-747-686-9217<\\/address>\",\"shipping_address\":\"<address>146 Freddie Light Apt. 641<br\\/>Violet Ville<br\\/>Lake Pamelafurt, <br\\/> 66483-9624<br\\/><abbr title=\\\"Phone\\\">P:<\\/abbr> +1-747-686-9217<\\/address>\",\"tracking_id\":\"RR123456789CN\",\"admin_note\":\"Suscipit et facere consequatur placeat ullam qui fuga.\",\"buyer_note\":\"Voluptas molestiae libero reiciendis dolorem harum voluptatem.\",\"payment_method_id\":3,\"payment_status\":5,\"order_status_id\":3,\"fulfilment_type\":\"deliver\",\"is_digital\":false,\"currency_id\":325},\"old\":{\"order_number\":null,\"shop_id\":null,\"customer_id\":null,\"shipping_rate_id\":null,\"item_count\":null,\"quantity\":null,\"shipping_weight\":null,\"total\":null,\"shipping\":null,\"grand_total\":null,\"billing_address\":null,\"shipping_address\":null,\"tracking_id\":null,\"admin_note\":null,\"buyer_note\":null,\"payment_method_id\":null,\"payment_status\":null,\"order_status_id\":null,\"fulfilment_type\":null,\"is_digital\":null,\"currency_id\":null}}','2023-12-23 05:28:44','2023-12-23 05:28:44'),
	(770,'order','updated',12,'App\\Models\\Order',NULL,NULL,'{\"attributes\":{\"order_number\":\"#335223\",\"shop_id\":3,\"customer_id\":1,\"shipping_rate_id\":24,\"item_count\":2,\"quantity\":4,\"shipping_weight\":\"5816.000000\",\"total\":\"917.277412\",\"shipping\":\"6.000000\",\"grand_total\":\"923.277412\",\"billing_address\":\"<address>1537 Tremblay Wells<br\\/>Brandt Cliffs<br\\/>South Eusebio, <br\\/> 64251-3760<br\\/><abbr title=\\\"Phone\\\">P:<\\/abbr> 412-933-3397<\\/address>\",\"shipping_address\":\"<address>1537 Tremblay Wells<br\\/>Brandt Cliffs<br\\/>South Eusebio, <br\\/> 64251-3760<br\\/><abbr title=\\\"Phone\\\">P:<\\/abbr> 412-933-3397<\\/address>\",\"tracking_id\":\"RR123456789CN\",\"admin_note\":\"Saepe blanditiis numquam praesentium quidem delectus quasi sed et.\",\"buyer_note\":\"Tempore ut aut itaque fuga quisquam.\",\"payment_method_id\":3,\"payment_status\":1,\"order_status_id\":1,\"fulfilment_type\":\"deliver\",\"is_digital\":false,\"currency_id\":325},\"old\":{\"order_number\":null,\"shop_id\":null,\"customer_id\":null,\"shipping_rate_id\":null,\"item_count\":null,\"quantity\":null,\"shipping_weight\":null,\"total\":null,\"shipping\":null,\"grand_total\":null,\"billing_address\":null,\"shipping_address\":null,\"tracking_id\":null,\"admin_note\":null,\"buyer_note\":null,\"payment_method_id\":null,\"payment_status\":null,\"order_status_id\":null,\"fulfilment_type\":null,\"is_digital\":null,\"currency_id\":null}}','2023-12-23 05:28:44','2023-12-23 05:28:44'),
	(771,'order','updated',13,'App\\Models\\Order',NULL,NULL,'{\"attributes\":{\"order_number\":\"#051437\",\"shop_id\":4,\"customer_id\":7,\"shipping_rate_id\":16,\"item_count\":4,\"quantity\":6,\"shipping_weight\":\"3008.000000\",\"total\":\"1076.363888\",\"shipping\":\"9.000000\",\"grand_total\":\"1085.363888\",\"billing_address\":\"<address>98879 Bud Groves Apt. 375<br\\/>Geraldine Port<br\\/>Rowehaven, <br\\/>Kampong Thum 79605-3218<br\\/><abbr title=\\\"Phone\\\">P:<\\/abbr> +1-631-513-2222<\\/address>\",\"shipping_address\":\"<address>98879 Bud Groves Apt. 375<br\\/>Geraldine Port<br\\/>Rowehaven, <br\\/>Kampong Thum 79605-3218<br\\/><abbr title=\\\"Phone\\\">P:<\\/abbr> +1-631-513-2222<\\/address>\",\"tracking_id\":\"RR123456789CN\",\"admin_note\":\"Sit maiores molestiae soluta magnam earum.\",\"buyer_note\":\"Cum accusamus in magnam sit.\",\"payment_method_id\":3,\"payment_status\":4,\"order_status_id\":3,\"fulfilment_type\":\"deliver\",\"is_digital\":false,\"currency_id\":325},\"old\":{\"order_number\":null,\"shop_id\":null,\"customer_id\":null,\"shipping_rate_id\":null,\"item_count\":null,\"quantity\":null,\"shipping_weight\":null,\"total\":null,\"shipping\":null,\"grand_total\":null,\"billing_address\":null,\"shipping_address\":null,\"tracking_id\":null,\"admin_note\":null,\"buyer_note\":null,\"payment_method_id\":null,\"payment_status\":null,\"order_status_id\":null,\"fulfilment_type\":null,\"is_digital\":null,\"currency_id\":null}}','2023-12-23 05:28:44','2023-12-23 05:28:44'),
	(772,'order','updated',14,'App\\Models\\Order',NULL,NULL,'{\"attributes\":{\"order_number\":\"#809175\",\"shop_id\":3,\"customer_id\":12,\"shipping_rate_id\":39,\"item_count\":4,\"quantity\":10,\"shipping_weight\":\"9509.000000\",\"total\":\"2206.001141\",\"shipping\":\"9.000000\",\"grand_total\":\"2215.001141\",\"billing_address\":\"<address>2268 Ludie Burg Suite 046<br\\/>Pfeffer Mall<br\\/>Kayceeberg, <br\\/> 56126<br\\/><abbr title=\\\"Phone\\\">P:<\\/abbr> 763-615-3061<\\/address>\",\"shipping_address\":\"<address>2268 Ludie Burg Suite 046<br\\/>Pfeffer Mall<br\\/>Kayceeberg, <br\\/> 56126<br\\/><abbr title=\\\"Phone\\\">P:<\\/abbr> 763-615-3061<\\/address>\",\"tracking_id\":\"RR123456789CN\",\"admin_note\":\"Itaque aliquam quod quam nam accusamus minus.\",\"buyer_note\":\"Commodi ad eos quia aut omnis omnis eum iste.\",\"payment_method_id\":3,\"payment_status\":4,\"order_status_id\":3,\"fulfilment_type\":\"deliver\",\"is_digital\":false,\"currency_id\":325},\"old\":{\"order_number\":null,\"shop_id\":null,\"customer_id\":null,\"shipping_rate_id\":null,\"item_count\":null,\"quantity\":null,\"shipping_weight\":null,\"total\":null,\"shipping\":null,\"grand_total\":null,\"billing_address\":null,\"shipping_address\":null,\"tracking_id\":null,\"admin_note\":null,\"buyer_note\":null,\"payment_method_id\":null,\"payment_status\":null,\"order_status_id\":null,\"fulfilment_type\":null,\"is_digital\":null,\"currency_id\":null}}','2023-12-23 05:28:44','2023-12-23 05:28:44'),
	(773,'order','updated',15,'App\\Models\\Order',NULL,NULL,'{\"attributes\":{\"order_number\":\"#952515\",\"shop_id\":1,\"customer_id\":5,\"shipping_rate_id\":25,\"item_count\":2,\"quantity\":5,\"shipping_weight\":\"2124.000000\",\"total\":\"1922.906838\",\"shipping\":\"4.000000\",\"grand_total\":\"1926.906838\",\"billing_address\":\"<address>69481 Quitzon Trail<br\\/>Parker Drives<br\\/>Rosenbaumview, <br\\/> 51056-6386<br\\/><abbr title=\\\"Phone\\\">P:<\\/abbr> +19474510747<\\/address>\",\"shipping_address\":\"<address>69481 Quitzon Trail<br\\/>Parker Drives<br\\/>Rosenbaumview, <br\\/> 51056-6386<br\\/><abbr title=\\\"Phone\\\">P:<\\/abbr> +19474510747<\\/address>\",\"tracking_id\":\"RR123456789CN\",\"admin_note\":\"Maiores labore delectus et veritatis.\",\"buyer_note\":\"Voluptatum repellat velit non et velit.\",\"payment_method_id\":2,\"payment_status\":5,\"order_status_id\":3,\"fulfilment_type\":\"deliver\",\"is_digital\":false,\"currency_id\":325},\"old\":{\"order_number\":null,\"shop_id\":null,\"customer_id\":null,\"shipping_rate_id\":null,\"item_count\":null,\"quantity\":null,\"shipping_weight\":null,\"total\":null,\"shipping\":null,\"grand_total\":null,\"billing_address\":null,\"shipping_address\":null,\"tracking_id\":null,\"admin_note\":null,\"buyer_note\":null,\"payment_method_id\":null,\"payment_status\":null,\"order_status_id\":null,\"fulfilment_type\":null,\"is_digital\":null,\"currency_id\":null}}','2023-12-23 05:28:44','2023-12-23 05:28:44'),
	(774,'order','updated',16,'App\\Models\\Order',NULL,NULL,'{\"attributes\":{\"order_number\":\"#447467\",\"shop_id\":5,\"customer_id\":17,\"ship_to\":36,\"shipping_zone_id\":10,\"shipping_rate_id\":46,\"item_count\":1,\"quantity\":1,\"shipping_weight\":\"1143.000000\",\"taxrate\":\"0.000000\",\"total\":\"264.419300\",\"discount\":\"0.000000\",\"shipping\":\"0.000000\",\"handling\":\"2.000000\",\"taxes\":\"0.000000\",\"grand_total\":\"266.419300\",\"billing_address\":\"<address>,<br\\/>Jhon Mack,<br\\/>Gp-Ka 32\\/1 , South Sahazadpur, Gulshan,<br\\/>Sydney,<br\\/>Tasmania 1212,<br\\/>Australia,<br\\/>Phone: 01638574281,<br\\/><\\/address>\",\"shipping_address\":\"<address>,<br\\/>Jhon Mack,<br\\/>Gp-Ka 32\\/1 , South Sahazadpur, Gulshan,<br\\/>Sydney,<br\\/>Tasmania 1212,<br\\/>Australia,<br\\/>Phone: 01638574281,<br\\/><\\/address>\",\"carrier_id\":4,\"buyer_note\":\"Thanks\",\"payment_method_id\":4,\"payment_instruction\":\"Manual payment instructions. Edit in wallet settings section.\",\"payment_status\":2,\"order_status_id\":3,\"email\":\"customer.sy@demo.com\",\"customer_phone_number\":\"01638574281\",\"fulfilment_type\":\"deliver\",\"is_digital\":false,\"currency_id\":325},\"old\":{\"order_number\":null,\"shop_id\":null,\"customer_id\":null,\"ship_to\":null,\"shipping_zone_id\":null,\"shipping_rate_id\":null,\"item_count\":null,\"quantity\":null,\"shipping_weight\":null,\"taxrate\":null,\"total\":null,\"discount\":null,\"shipping\":null,\"handling\":null,\"taxes\":null,\"grand_total\":null,\"billing_address\":null,\"shipping_address\":null,\"carrier_id\":null,\"buyer_note\":null,\"payment_method_id\":null,\"payment_instruction\":null,\"payment_status\":null,\"order_status_id\":null,\"email\":null,\"customer_phone_number\":null,\"fulfilment_type\":null,\"is_digital\":null,\"currency_id\":null}}','2023-12-23 05:28:44','2023-12-23 05:28:44'),
	(775,'order','updated',17,'App\\Models\\Order',NULL,NULL,'{\"attributes\":{\"order_number\":\"#868540\",\"shop_id\":2,\"customer_id\":17,\"ship_to\":68,\"shipping_zone_id\":4,\"shipping_rate_id\":18,\"item_count\":1,\"quantity\":1,\"shipping_weight\":\"1609.000000\",\"taxrate\":\"0.000000\",\"total\":\"276.000000\",\"discount\":\"0.000000\",\"shipping\":\"1.000000\",\"handling\":\"2.000000\",\"taxes\":\"0.000000\",\"grand_total\":\"279.000000\",\"billing_address\":\"<address>Gp-Ka 32\\/1 , South Sahazadpur, Gulshan<br\\/>Sydney, <br\\/>Tasmania 1212<br\\/>Australia<br\\/><abbr title=\\\"Phone\\\">P:<\\/abbr> 01638574281<\\/address>\",\"shipping_address\":\"<address>Gp-Ka 32\\/1 , South Sahazadpur, Gulshan<br\\/>Sydney, <br\\/>Tasmania 1212<br\\/>Australia<br\\/><abbr title=\\\"Phone\\\">P:<\\/abbr> 01638574281<\\/address>\",\"carrier_id\":5,\"payment_method_id\":4,\"payment_instruction\":\"Manual payment instructions. Edit in wallet settings section.\",\"payment_status\":2,\"order_status_id\":1,\"fulfilment_type\":\"deliver\",\"is_digital\":false,\"currency_id\":325},\"old\":{\"order_number\":null,\"shop_id\":null,\"customer_id\":null,\"ship_to\":null,\"shipping_zone_id\":null,\"shipping_rate_id\":null,\"item_count\":null,\"quantity\":null,\"shipping_weight\":null,\"taxrate\":null,\"total\":null,\"discount\":null,\"shipping\":null,\"handling\":null,\"taxes\":null,\"grand_total\":null,\"billing_address\":null,\"shipping_address\":null,\"carrier_id\":null,\"payment_method_id\":null,\"payment_instruction\":null,\"payment_status\":null,\"order_status_id\":null,\"fulfilment_type\":null,\"is_digital\":null,\"currency_id\":null}}','2023-12-23 05:28:44','2023-12-23 05:28:44'),
	(776,'order','updated',18,'App\\Models\\Order',NULL,NULL,'{\"attributes\":{\"order_number\":\"#720408\",\"shop_id\":2,\"customer_id\":17,\"ship_to\":68,\"shipping_zone_id\":4,\"shipping_rate_id\":18,\"item_count\":1,\"quantity\":1,\"shipping_weight\":\"1474.000000\",\"taxrate\":\"0.000000\",\"total\":\"337.800000\",\"discount\":\"0.000000\",\"shipping\":\"1.000000\",\"handling\":\"2.000000\",\"taxes\":\"0.000000\",\"grand_total\":\"340.800000\",\"billing_address\":\"<address>Gp-Ka 32\\/1 , South Sahazadpur, Gulshan<br\\/>Sydney, <br\\/>Tasmania 1212<br\\/>Australia<br\\/><abbr title=\\\"Phone\\\">P:<\\/abbr> 01638574281<\\/address>\",\"shipping_address\":\"<address>Gp-Ka 32\\/1 , South Sahazadpur, Gulshan<br\\/>Sydney, <br\\/>Tasmania 1212<br\\/>Australia<br\\/><abbr title=\\\"Phone\\\">P:<\\/abbr> 01638574281<\\/address>\",\"carrier_id\":5,\"payment_method_id\":4,\"payment_instruction\":\"Manual payment instructions. Edit in wallet settings section.\",\"payment_status\":2,\"order_status_id\":1,\"fulfilment_type\":\"deliver\",\"is_digital\":false,\"currency_id\":325},\"old\":{\"order_number\":null,\"shop_id\":null,\"customer_id\":null,\"ship_to\":null,\"shipping_zone_id\":null,\"shipping_rate_id\":null,\"item_count\":null,\"quantity\":null,\"shipping_weight\":null,\"taxrate\":null,\"total\":null,\"discount\":null,\"shipping\":null,\"handling\":null,\"taxes\":null,\"grand_total\":null,\"billing_address\":null,\"shipping_address\":null,\"carrier_id\":null,\"payment_method_id\":null,\"payment_instruction\":null,\"payment_status\":null,\"order_status_id\":null,\"fulfilment_type\":null,\"is_digital\":null,\"currency_id\":null}}','2023-12-23 05:28:44','2023-12-23 05:28:44'),
	(777,'order','updated',19,'App\\Models\\Order',NULL,NULL,'{\"attributes\":{\"order_number\":\"#755532\",\"shop_id\":5,\"customer_id\":18,\"ship_to\":840,\"shipping_zone_id\":9,\"shipping_rate_id\":44,\"item_count\":1,\"quantity\":1,\"shipping_weight\":\"1143.000000\",\"taxrate\":\"0.000000\",\"total\":\"264.419300\",\"discount\":\"0.000000\",\"shipping\":\"2.000000\",\"handling\":\"2.000000\",\"taxes\":\"0.000000\",\"grand_total\":\"268.419300\",\"billing_address\":\"<address>,<br\\/>Jhon Doe,<br\\/>32\\/58, south sted park,<br\\/>Florida,<br\\/>New York 1212,<br\\/>United States,<br\\/>Phone: 01638574281,<br\\/><\\/address>\",\"shipping_address\":\"<address>,<br\\/>Jhon Doe,<br\\/>32\\/58, south sted park,<br\\/>Florida,<br\\/>New York 1212,<br\\/>United States,<br\\/>Phone: 01638574281,<br\\/><\\/address>\",\"carrier_id\":1,\"payment_method_id\":4,\"payment_instruction\":\"Manual payment instructions. Edit in wallet settings section.\",\"payment_status\":2,\"order_status_id\":8,\"email\":\"test.test@demo.com\",\"customer_phone_number\":\"01638574281\",\"fulfilment_type\":\"deliver\",\"is_digital\":false,\"currency_id\":325},\"old\":{\"order_number\":null,\"shop_id\":null,\"customer_id\":null,\"ship_to\":null,\"shipping_zone_id\":null,\"shipping_rate_id\":null,\"item_count\":null,\"quantity\":null,\"shipping_weight\":null,\"taxrate\":null,\"total\":null,\"discount\":null,\"shipping\":null,\"handling\":null,\"taxes\":null,\"grand_total\":null,\"billing_address\":null,\"shipping_address\":null,\"carrier_id\":null,\"payment_method_id\":null,\"payment_instruction\":null,\"payment_status\":null,\"order_status_id\":null,\"email\":null,\"customer_phone_number\":null,\"fulfilment_type\":null,\"is_digital\":null,\"currency_id\":null}}','2023-12-23 05:28:44','2023-12-23 05:28:44'),
	(778,'order','updated',20,'App\\Models\\Order',NULL,NULL,'{\"attributes\":{\"order_number\":\"#640324\",\"shop_id\":2,\"customer_id\":18,\"ship_to\":69,\"shipping_zone_id\":3,\"shipping_rate_id\":12,\"item_count\":2,\"quantity\":2,\"shipping_weight\":\"3083.000000\",\"taxrate\":\"0.000000\",\"total\":\"613.800000\",\"discount\":\"0.000000\",\"shipping\":\"1.000000\",\"handling\":\"2.000000\",\"taxes\":\"0.000000\",\"grand_total\":\"616.800000\",\"billing_address\":\"<address>32\\/58, south sted park<br\\/>Florida, <br\\/>New York 1212<br\\/>United States<br\\/><abbr title=\\\"Phone\\\">P:<\\/abbr> 01638574281<\\/address>\",\"shipping_address\":\"<address>32\\/58, south sted park<br\\/>Florida, <br\\/>New York 1212<br\\/>United States<br\\/><abbr title=\\\"Phone\\\">P:<\\/abbr> 01638574281<\\/address>\",\"carrier_id\":1,\"payment_method_id\":3,\"payment_instruction\":\"Manual payment instructions. Edit in wallet settings section.\",\"payment_status\":1,\"order_status_id\":3,\"fulfilment_type\":\"deliver\",\"is_digital\":false,\"currency_id\":325},\"old\":{\"order_number\":null,\"shop_id\":null,\"customer_id\":null,\"ship_to\":null,\"shipping_zone_id\":null,\"shipping_rate_id\":null,\"item_count\":null,\"quantity\":null,\"shipping_weight\":null,\"taxrate\":null,\"total\":null,\"discount\":null,\"shipping\":null,\"handling\":null,\"taxes\":null,\"grand_total\":null,\"billing_address\":null,\"shipping_address\":null,\"carrier_id\":null,\"payment_method_id\":null,\"payment_instruction\":null,\"payment_status\":null,\"order_status_id\":null,\"fulfilment_type\":null,\"is_digital\":null,\"currency_id\":null}}','2023-12-23 05:28:44','2023-12-23 05:28:44'),
	(779,'order','updated',21,'App\\Models\\Order',NULL,NULL,'{\"attributes\":{\"order_number\":\"#381823\",\"shop_id\":1,\"customer_id\":18,\"ship_to\":73,\"shipping_zone_id\":1,\"item_count\":1,\"quantity\":1,\"shipping_weight\":\"780.000000\",\"taxrate\":\"0.000000\",\"total\":\"243.496020\",\"discount\":\"0.000000\",\"handling\":\"0.000000\",\"taxes\":\"0.000000\",\"grand_total\":\"243.496020\",\"billing_address\":\"<address>978\\/aF<br\\/>5th<br\\/>London, <br\\/>London, City of 3234<br\\/>United Kingdom<br\\/><abbr title=\\\"Phone\\\">P:<\\/abbr> 01638574281<\\/address>\",\"shipping_address\":\"<address>978\\/aF<br\\/>5th<br\\/>London, <br\\/>London, City of 3234<br\\/>United Kingdom<br\\/><abbr title=\\\"Phone\\\">P:<\\/abbr> 01638574281<\\/address>\",\"payment_method_id\":4,\"payment_instruction\":\"Manual payment instructions. Edit in wallet settings section.\",\"payment_status\":2,\"order_status_id\":6,\"fulfilment_type\":\"deliver\",\"is_digital\":false,\"currency_id\":325},\"old\":{\"order_number\":null,\"shop_id\":null,\"customer_id\":null,\"ship_to\":null,\"shipping_zone_id\":null,\"item_count\":null,\"quantity\":null,\"shipping_weight\":null,\"taxrate\":null,\"total\":null,\"discount\":null,\"handling\":null,\"taxes\":null,\"grand_total\":null,\"billing_address\":null,\"shipping_address\":null,\"payment_method_id\":null,\"payment_instruction\":null,\"payment_status\":null,\"order_status_id\":null,\"fulfilment_type\":null,\"is_digital\":null,\"currency_id\":null}}','2023-12-23 05:28:44','2023-12-23 05:28:44'),
	(780,'order','updated',22,'App\\Models\\Order',NULL,NULL,'{\"attributes\":{\"order_number\":\"#598916\",\"shop_id\":3,\"customer_id\":18,\"ship_to\":73,\"shipping_zone_id\":5,\"item_count\":1,\"quantity\":1,\"shipping_weight\":\"1476.000000\",\"taxrate\":\"0.000000\",\"total\":\"334.321406\",\"discount\":\"0.000000\",\"handling\":\"0.000000\",\"taxes\":\"0.000000\",\"grand_total\":\"334.321406\",\"billing_address\":\"<address>978\\/aF<br\\/>5th<br\\/>London, <br\\/>London, City of 3234<br\\/>United Kingdom<br\\/><abbr title=\\\"Phone\\\">P:<\\/abbr> 01638574281<\\/address>\",\"shipping_address\":\"<address>978\\/aF<br\\/>5th<br\\/>London, <br\\/>London, City of 3234<br\\/>United Kingdom<br\\/><abbr title=\\\"Phone\\\">P:<\\/abbr> 01638574281<\\/address>\",\"tracking_id\":\"5345234534\",\"carrier_id\":2,\"payment_method_id\":3,\"payment_instruction\":\"Manual payment instructions. Edit in wallet settings section.\",\"payment_status\":1,\"order_status_id\":6,\"fulfilment_type\":\"deliver\",\"is_digital\":false,\"currency_id\":325},\"old\":{\"order_number\":null,\"shop_id\":null,\"customer_id\":null,\"ship_to\":null,\"shipping_zone_id\":null,\"item_count\":null,\"quantity\":null,\"shipping_weight\":null,\"taxrate\":null,\"total\":null,\"discount\":null,\"handling\":null,\"taxes\":null,\"grand_total\":null,\"billing_address\":null,\"shipping_address\":null,\"tracking_id\":null,\"carrier_id\":null,\"payment_method_id\":null,\"payment_instruction\":null,\"payment_status\":null,\"order_status_id\":null,\"fulfilment_type\":null,\"is_digital\":null,\"currency_id\":null}}','2023-12-23 05:28:44','2023-12-23 05:28:44'),
	(781,'order','updated',23,'App\\Models\\Order',NULL,NULL,'{\"attributes\":{\"order_number\":\"#357635\",\"shop_id\":3,\"customer_id\":18,\"ship_to\":73,\"shipping_zone_id\":5,\"item_count\":1,\"quantity\":1,\"shipping_weight\":\"1476.000000\",\"taxrate\":\"0.000000\",\"total\":\"334.321406\",\"discount\":\"0.000000\",\"handling\":\"0.000000\",\"taxes\":\"0.000000\",\"grand_total\":\"334.321406\",\"billing_address\":\"<address>978\\/aF<br\\/>5th<br\\/>London, <br\\/>London, City of 3234<br\\/>United Kingdom<br\\/><abbr title=\\\"Phone\\\">P:<\\/abbr> 01638574281<\\/address>\",\"shipping_address\":\"<address>978\\/aF<br\\/>5th<br\\/>London, <br\\/>London, City of 3234<br\\/>United Kingdom<br\\/><abbr title=\\\"Phone\\\">P:<\\/abbr> 01638574281<\\/address>\",\"tracking_id\":\"235252552\",\"carrier_id\":2,\"payment_method_id\":3,\"payment_instruction\":\"Payment instructions for COD\",\"payment_status\":5,\"order_status_id\":6,\"fulfilment_type\":\"deliver\",\"is_digital\":false,\"currency_id\":325},\"old\":{\"order_number\":null,\"shop_id\":null,\"customer_id\":null,\"ship_to\":null,\"shipping_zone_id\":null,\"item_count\":null,\"quantity\":null,\"shipping_weight\":null,\"taxrate\":null,\"total\":null,\"discount\":null,\"handling\":null,\"taxes\":null,\"grand_total\":null,\"billing_address\":null,\"shipping_address\":null,\"tracking_id\":null,\"carrier_id\":null,\"payment_method_id\":null,\"payment_instruction\":null,\"payment_status\":null,\"order_status_id\":null,\"fulfilment_type\":null,\"is_digital\":null,\"currency_id\":null}}','2023-12-23 05:28:44','2023-12-23 05:28:44'),
	(782,'order','updated',24,'App\\Models\\Order',NULL,NULL,'{\"attributes\":{\"order_number\":\"#895548\",\"shop_id\":5,\"customer_id\":18,\"ship_to\":73,\"shipping_zone_id\":9,\"item_count\":1,\"quantity\":1,\"shipping_weight\":\"604.000000\",\"taxrate\":\"0.000000\",\"total\":\"37.000000\",\"discount\":\"0.000000\",\"handling\":\"0.000000\",\"taxes\":\"0.000000\",\"grand_total\":\"37.000000\",\"billing_address\":\"<address>978\\/aF<br\\/>5th<br\\/>London, <br\\/>London, City of 3234<br\\/>United Kingdom<br\\/><abbr title=\\\"Phone\\\">P:<\\/abbr> 01638574281<\\/address>\",\"shipping_address\":\"<address>978\\/aF<br\\/>5th<br\\/>London, <br\\/>London, City of 3234<br\\/>United Kingdom<br\\/><abbr title=\\\"Phone\\\">P:<\\/abbr> 01638574281<\\/address>\",\"payment_method_id\":3,\"payment_instruction\":\"Payment instructions for COD\",\"payment_status\":5,\"order_status_id\":3,\"fulfilment_type\":\"deliver\",\"is_digital\":false,\"currency_id\":325},\"old\":{\"order_number\":null,\"shop_id\":null,\"customer_id\":null,\"ship_to\":null,\"shipping_zone_id\":null,\"item_count\":null,\"quantity\":null,\"shipping_weight\":null,\"taxrate\":null,\"total\":null,\"discount\":null,\"handling\":null,\"taxes\":null,\"grand_total\":null,\"billing_address\":null,\"shipping_address\":null,\"payment_method_id\":null,\"payment_instruction\":null,\"payment_status\":null,\"order_status_id\":null,\"fulfilment_type\":null,\"is_digital\":null,\"currency_id\":null}}','2023-12-23 05:28:44','2023-12-23 05:28:44'),
	(783,'order','updated',25,'App\\Models\\Order',NULL,NULL,'{\"attributes\":{\"order_number\":\"#109382\",\"shop_id\":1,\"customer_id\":20,\"ship_to\":840,\"shipping_zone_id\":1,\"shipping_rate_id\":4,\"item_count\":2,\"quantity\":2,\"shipping_weight\":\"2049.000000\",\"taxrate\":\"0.000000\",\"total\":\"842.031196\",\"discount\":\"0.000000\",\"shipping\":\"6.000000\",\"handling\":\"2.000000\",\"taxes\":\"0.000000\",\"grand_total\":\"850.031196\",\"billing_address\":\"<address>,<br\\/>Jhon Doe,<br\\/>New York city,<br\\/>New York,<br\\/>New York 25125,<br\\/>United States,<br\\/>Phone: 1254889236,<br\\/><\\/address>\",\"shipping_address\":\"<address>,<br\\/>Jhon Doe,<br\\/>New York city,<br\\/>New York,<br\\/>New York 25125,<br\\/>United States,<br\\/>Phone: 1254889236,<br\\/><\\/address>\",\"carrier_id\":3,\"payment_method_id\":3,\"payment_instruction\":\"Payment instructions for COD\",\"payment_status\":5,\"order_status_id\":7,\"email\":\"jhonhant@demo.com\",\"customer_phone_number\":\"1254889236\",\"fulfilment_type\":\"deliver\",\"is_digital\":false,\"currency_id\":325},\"old\":{\"order_number\":null,\"shop_id\":null,\"customer_id\":null,\"ship_to\":null,\"shipping_zone_id\":null,\"shipping_rate_id\":null,\"item_count\":null,\"quantity\":null,\"shipping_weight\":null,\"taxrate\":null,\"total\":null,\"discount\":null,\"shipping\":null,\"handling\":null,\"taxes\":null,\"grand_total\":null,\"billing_address\":null,\"shipping_address\":null,\"carrier_id\":null,\"payment_method_id\":null,\"payment_instruction\":null,\"payment_status\":null,\"order_status_id\":null,\"email\":null,\"customer_phone_number\":null,\"fulfilment_type\":null,\"is_digital\":null,\"currency_id\":null}}','2023-12-23 05:28:44','2023-12-23 05:28:44'),
	(784,'order','updated',26,'App\\Models\\Order',NULL,NULL,'{\"attributes\":{\"order_number\":\"#848775\",\"shop_id\":1,\"customer_id\":20,\"ship_to\":75,\"shipping_zone_id\":1,\"shipping_rate_id\":4,\"item_count\":2,\"quantity\":2,\"shipping_weight\":\"2357.000000\",\"taxrate\":\"0.000000\",\"total\":\"573.348670\",\"discount\":\"0.000000\",\"shipping\":\"6.000000\",\"handling\":\"2.000000\",\"taxes\":\"0.000000\",\"grand_total\":\"581.348670\",\"billing_address\":\"<address>New York city<br\\/>New York, <br\\/>New York 25125<br\\/>United States<br\\/><abbr title=\\\"Phone\\\">P:<\\/abbr> 1254889236<\\/address>\",\"shipping_address\":\"<address>New York city<br\\/>New York, <br\\/>New York 25125<br\\/>United States<br\\/><abbr title=\\\"Phone\\\">P:<\\/abbr> 1254889236<\\/address>\",\"carrier_id\":3,\"payment_method_id\":3,\"payment_instruction\":\"Payment instructions for COD\",\"payment_status\":5,\"order_status_id\":3,\"fulfilment_type\":\"deliver\",\"is_digital\":false,\"currency_id\":325},\"old\":{\"order_number\":null,\"shop_id\":null,\"customer_id\":null,\"ship_to\":null,\"shipping_zone_id\":null,\"shipping_rate_id\":null,\"item_count\":null,\"quantity\":null,\"shipping_weight\":null,\"taxrate\":null,\"total\":null,\"discount\":null,\"shipping\":null,\"handling\":null,\"taxes\":null,\"grand_total\":null,\"billing_address\":null,\"shipping_address\":null,\"carrier_id\":null,\"payment_method_id\":null,\"payment_instruction\":null,\"payment_status\":null,\"order_status_id\":null,\"fulfilment_type\":null,\"is_digital\":null,\"currency_id\":null}}','2023-12-23 05:28:44','2023-12-23 05:28:44'),
	(785,'order','updated',27,'App\\Models\\Order',NULL,NULL,'{\"attributes\":{\"order_number\":\"#728903\",\"shop_id\":1,\"customer_id\":20,\"ship_to\":75,\"shipping_zone_id\":1,\"shipping_rate_id\":5,\"item_count\":1,\"quantity\":1,\"shipping_weight\":\"958.000000\",\"taxrate\":\"0.000000\",\"total\":\"285.699160\",\"discount\":\"0.000000\",\"shipping\":\"4.000000\",\"handling\":\"2.000000\",\"taxes\":\"0.000000\",\"grand_total\":\"291.699160\",\"billing_address\":\"<address>New York city<br\\/>New York, <br\\/>New York 25125<br\\/>United States<br\\/><abbr title=\\\"Phone\\\">P:<\\/abbr> 1254889236<\\/address>\",\"shipping_address\":\"<address>New York city<br\\/>New York, <br\\/>New York 25125<br\\/>United States<br\\/><abbr title=\\\"Phone\\\">P:<\\/abbr> 1254889236<\\/address>\",\"carrier_id\":3,\"payment_method_id\":3,\"payment_instruction\":\"Payment instructions for COD\",\"payment_status\":5,\"order_status_id\":7,\"fulfilment_type\":\"deliver\",\"is_digital\":false,\"currency_id\":325},\"old\":{\"order_number\":null,\"shop_id\":null,\"customer_id\":null,\"ship_to\":null,\"shipping_zone_id\":null,\"shipping_rate_id\":null,\"item_count\":null,\"quantity\":null,\"shipping_weight\":null,\"taxrate\":null,\"total\":null,\"discount\":null,\"shipping\":null,\"handling\":null,\"taxes\":null,\"grand_total\":null,\"billing_address\":null,\"shipping_address\":null,\"carrier_id\":null,\"payment_method_id\":null,\"payment_instruction\":null,\"payment_status\":null,\"order_status_id\":null,\"fulfilment_type\":null,\"is_digital\":null,\"currency_id\":null}}','2023-12-23 05:28:44','2023-12-23 05:28:44'),
	(786,'order','updated',28,'App\\Models\\Order',NULL,NULL,'{\"attributes\":{\"order_number\":\"#260119\",\"shop_id\":2,\"customer_id\":1,\"ship_to\":16,\"shipping_zone_id\":4,\"shipping_rate_id\":18,\"item_count\":1,\"quantity\":1,\"shipping_weight\":\"1609.000000\",\"taxrate\":\"0.000000\",\"total\":\"276.000000\",\"discount\":\"0.000000\",\"shipping\":\"1.000000\",\"handling\":\"2.000000\",\"taxes\":\"0.000000\",\"grand_total\":\"279.000000\",\"billing_address\":\"<address>90437 Gusikowski Islands<br\\/>Alfonso Wall<br\\/>Lake Darleneton, <br\\/> 15093-8389<br\\/>Guatemala<br\\/><abbr title=\\\"Phone\\\">P:<\\/abbr> +1 (682) 370-6344<\\/address>\",\"shipping_address\":\"<address>90437 Gusikowski Islands<br\\/>Alfonso Wall<br\\/>Lake Darleneton, <br\\/> 15093-8389<br\\/>Guatemala<br\\/><abbr title=\\\"Phone\\\">P:<\\/abbr> +1 (682) 370-6344<\\/address>\",\"tracking_id\":\"2548512152\",\"carrier_id\":8,\"payment_method_id\":3,\"payment_instruction\":\"Payment instructions for COD\",\"payment_status\":1,\"order_status_id\":4,\"fulfilment_type\":\"deliver\",\"is_digital\":false,\"currency_id\":325},\"old\":{\"order_number\":null,\"shop_id\":null,\"customer_id\":null,\"ship_to\":null,\"shipping_zone_id\":null,\"shipping_rate_id\":null,\"item_count\":null,\"quantity\":null,\"shipping_weight\":null,\"taxrate\":null,\"total\":null,\"discount\":null,\"shipping\":null,\"handling\":null,\"taxes\":null,\"grand_total\":null,\"billing_address\":null,\"shipping_address\":null,\"tracking_id\":null,\"carrier_id\":null,\"payment_method_id\":null,\"payment_instruction\":null,\"payment_status\":null,\"order_status_id\":null,\"fulfilment_type\":null,\"is_digital\":null,\"currency_id\":null}}','2023-12-23 05:28:44','2023-12-23 05:28:44'),
	(787,'order','updated',29,'App\\Models\\Order',NULL,NULL,'{\"attributes\":{\"order_number\":\"#991788\",\"shop_id\":4,\"customer_id\":1,\"ship_to\":14,\"shipping_zone_id\":7,\"item_count\":1,\"quantity\":1,\"shipping_weight\":\"1435.000000\",\"taxrate\":\"0.000000\",\"total\":\"424.658121\",\"discount\":\"0.000000\",\"handling\":\"0.000000\",\"taxes\":\"0.000000\",\"grand_total\":\"424.658121\",\"billing_address\":\"<address>1537 Tremblay Wells<br\\/>Brandt Cliffs<br\\/>South Eusebio, <br\\/> 64251-3760<br\\/>Eritrea<br\\/><abbr title=\\\"Phone\\\">P:<\\/abbr> 412-933-3397<\\/address>\",\"shipping_address\":\"<address>1537 Tremblay Wells<br\\/>Brandt Cliffs<br\\/>South Eusebio, <br\\/> 64251-3760<br\\/>Eritrea<br\\/><abbr title=\\\"Phone\\\">P:<\\/abbr> 412-933-3397<\\/address>\",\"tracking_id\":\"36985214785\",\"carrier_id\":5,\"payment_method_id\":3,\"payment_instruction\":\"Manual payment instructions. Edit in wallet settings section.\",\"payment_status\":3,\"order_status_id\":6,\"goods_received\":true,\"feedback_id\":152,\"fulfilment_type\":\"deliver\",\"is_digital\":false,\"currency_id\":325},\"old\":{\"order_number\":null,\"shop_id\":null,\"customer_id\":null,\"ship_to\":null,\"shipping_zone_id\":null,\"item_count\":null,\"quantity\":null,\"shipping_weight\":null,\"taxrate\":null,\"total\":null,\"discount\":null,\"handling\":null,\"taxes\":null,\"grand_total\":null,\"billing_address\":null,\"shipping_address\":null,\"tracking_id\":null,\"carrier_id\":null,\"payment_method_id\":null,\"payment_instruction\":null,\"payment_status\":null,\"order_status_id\":null,\"goods_received\":null,\"feedback_id\":null,\"fulfilment_type\":null,\"is_digital\":null,\"currency_id\":null}}','2023-12-23 05:28:44','2023-12-23 05:28:44'),
	(788,'order','updated',30,'App\\Models\\Order',NULL,NULL,'{\"attributes\":{\"order_number\":\"#237526\",\"shop_id\":1,\"customer_id\":1,\"ship_to\":14,\"shipping_zone_id\":2,\"shipping_rate_id\":7,\"item_count\":2,\"quantity\":2,\"shipping_weight\":\"2039.000000\",\"taxrate\":\"0.000000\",\"total\":\"617.285972\",\"discount\":\"0.000000\",\"shipping\":\"9.000000\",\"handling\":\"2.000000\",\"taxes\":\"0.000000\",\"grand_total\":\"628.285972\",\"billing_address\":\"<address>1537 Tremblay Wells<br\\/>Brandt Cliffs<br\\/>South Eusebio, <br\\/> 64251-3760<br\\/>Eritrea<br\\/><abbr title=\\\"Phone\\\">P:<\\/abbr> 412-933-3397<\\/address>\",\"shipping_address\":\"<address>1537 Tremblay Wells<br\\/>Brandt Cliffs<br\\/>South Eusebio, <br\\/> 64251-3760<br\\/>Eritrea<br\\/><abbr title=\\\"Phone\\\">P:<\\/abbr> 412-933-3397<\\/address>\",\"carrier_id\":2,\"payment_method_id\":4,\"payment_instruction\":\"Manual payment instructions. Edit in wallet settings section.\",\"payment_status\":4,\"order_status_id\":6,\"fulfilment_type\":\"deliver\",\"is_digital\":false,\"currency_id\":325},\"old\":{\"order_number\":null,\"shop_id\":null,\"customer_id\":null,\"ship_to\":null,\"shipping_zone_id\":null,\"shipping_rate_id\":null,\"item_count\":null,\"quantity\":null,\"shipping_weight\":null,\"taxrate\":null,\"total\":null,\"discount\":null,\"shipping\":null,\"handling\":null,\"taxes\":null,\"grand_total\":null,\"billing_address\":null,\"shipping_address\":null,\"carrier_id\":null,\"payment_method_id\":null,\"payment_instruction\":null,\"payment_status\":null,\"order_status_id\":null,\"fulfilment_type\":null,\"is_digital\":null,\"currency_id\":null}}','2023-12-23 05:28:44','2023-12-23 05:28:44'),
	(789,'order','updated',31,'App\\Models\\Order',NULL,NULL,'{\"attributes\":{\"order_number\":\"#850740\",\"shop_id\":1,\"customer_id\":21,\"ship_to\":79,\"shipping_zone_id\":1,\"shipping_rate_id\":5,\"item_count\":1,\"quantity\":1,\"shipping_weight\":\"1411.000000\",\"taxrate\":\"0.000000\",\"total\":\"363.000000\",\"discount\":\"0.000000\",\"shipping\":\"4.000000\",\"handling\":\"2.000000\",\"taxes\":\"0.000000\",\"grand_total\":\"369.000000\",\"billing_address\":\"<address>9291 Northaven Rd<br\\/>New York, <br\\/>New York 25152<br\\/>United States<br\\/><abbr title=\\\"Phone\\\">P:<\\/abbr> +25478398236<\\/address>\",\"shipping_address\":\"<address>9291 Northaven Rd<br\\/>New York, <br\\/>New York 25152<br\\/>United States<br\\/><abbr title=\\\"Phone\\\">P:<\\/abbr> +25478398236<\\/address>\",\"carrier_id\":3,\"payment_method_id\":4,\"payment_instruction\":\"Manual payment instructions. Edit in wallet settings section.\",\"payment_status\":2,\"order_status_id\":3,\"fulfilment_type\":\"deliver\",\"is_digital\":false,\"currency_id\":325},\"old\":{\"order_number\":null,\"shop_id\":null,\"customer_id\":null,\"ship_to\":null,\"shipping_zone_id\":null,\"shipping_rate_id\":null,\"item_count\":null,\"quantity\":null,\"shipping_weight\":null,\"taxrate\":null,\"total\":null,\"discount\":null,\"shipping\":null,\"handling\":null,\"taxes\":null,\"grand_total\":null,\"billing_address\":null,\"shipping_address\":null,\"carrier_id\":null,\"payment_method_id\":null,\"payment_instruction\":null,\"payment_status\":null,\"order_status_id\":null,\"fulfilment_type\":null,\"is_digital\":null,\"currency_id\":null}}','2023-12-23 05:28:44','2023-12-23 05:28:44'),
	(790,'order','updated',32,'App\\Models\\Order',NULL,NULL,'{\"attributes\":{\"order_number\":\"#215647\",\"shop_id\":1,\"customer_id\":21,\"ship_to\":79,\"shipping_zone_id\":1,\"shipping_rate_id\":4,\"packaging_id\":1,\"item_count\":3,\"quantity\":3,\"shipping_weight\":\"2019.000000\",\"taxrate\":\"0.000000\",\"total\":\"1075.096812\",\"discount\":\"0.000000\",\"shipping\":\"6.000000\",\"packaging\":\"0.000000\",\"handling\":\"2.000000\",\"taxes\":\"0.000000\",\"grand_total\":\"1083.096812\",\"billing_address\":\"<address>9291 Northaven Rd<br\\/>New York, <br\\/>New York 25152<br\\/>United States<br\\/><abbr title=\\\"Phone\\\">P:<\\/abbr> +25478398236<\\/address>\",\"shipping_address\":\"<address>9291 Northaven Rd<br\\/>New York, <br\\/>New York 25152<br\\/>United States<br\\/><abbr title=\\\"Phone\\\">P:<\\/abbr> +25478398236<\\/address>\",\"carrier_id\":3,\"buyer_note\":\"Please delivered the product as soon as you can.\\r\\n\\r\\nThanks.\",\"payment_method_id\":4,\"payment_instruction\":\"Manual payment instructions. Edit in wallet settings section.\",\"payment_status\":2,\"order_status_id\":1,\"fulfilment_type\":\"deliver\",\"is_digital\":false,\"currency_id\":325},\"old\":{\"order_number\":null,\"shop_id\":null,\"customer_id\":null,\"ship_to\":null,\"shipping_zone_id\":null,\"shipping_rate_id\":null,\"packaging_id\":null,\"item_count\":null,\"quantity\":null,\"shipping_weight\":null,\"taxrate\":null,\"total\":null,\"discount\":null,\"shipping\":null,\"packaging\":null,\"handling\":null,\"taxes\":null,\"grand_total\":null,\"billing_address\":null,\"shipping_address\":null,\"carrier_id\":null,\"buyer_note\":null,\"payment_method_id\":null,\"payment_instruction\":null,\"payment_status\":null,\"order_status_id\":null,\"fulfilment_type\":null,\"is_digital\":null,\"currency_id\":null}}','2023-12-23 05:28:44','2023-12-23 05:28:44'),
	(791,'order','updated',33,'App\\Models\\Order',NULL,NULL,'{\"attributes\":{\"order_number\":\"#089218\",\"shop_id\":5,\"customer_id\":21,\"ship_to\":79,\"shipping_zone_id\":9,\"item_count\":2,\"quantity\":2,\"shipping_weight\":\"2268.000000\",\"taxrate\":\"0.000000\",\"total\":\"514.900000\",\"discount\":\"0.000000\",\"handling\":\"0.000000\",\"taxes\":\"0.000000\",\"grand_total\":\"514.900000\",\"billing_address\":\"<address>9291 Northaven Rd<br\\/>New York, <br\\/>New York 25152<br\\/>United States<br\\/><abbr title=\\\"Phone\\\">P:<\\/abbr> +25478398236<\\/address>\",\"shipping_address\":\"<address>9291 Northaven Rd<br\\/>New York, <br\\/>New York 25152<br\\/>United States<br\\/><abbr title=\\\"Phone\\\">P:<\\/abbr> +25478398236<\\/address>\",\"payment_method_id\":3,\"payment_instruction\":\"Manual payment instructions. Edit in wallet settings section.\",\"payment_status\":4,\"order_status_id\":6,\"fulfilment_type\":\"deliver\",\"is_digital\":false,\"currency_id\":325},\"old\":{\"order_number\":null,\"shop_id\":null,\"customer_id\":null,\"ship_to\":null,\"shipping_zone_id\":null,\"item_count\":null,\"quantity\":null,\"shipping_weight\":null,\"taxrate\":null,\"total\":null,\"discount\":null,\"handling\":null,\"taxes\":null,\"grand_total\":null,\"billing_address\":null,\"shipping_address\":null,\"payment_method_id\":null,\"payment_instruction\":null,\"payment_status\":null,\"order_status_id\":null,\"fulfilment_type\":null,\"is_digital\":null,\"currency_id\":null}}','2023-12-23 05:28:44','2023-12-23 05:28:44'),
	(792,'order','updated',34,'App\\Models\\Order',NULL,NULL,'{\"attributes\":{\"order_number\":\"#152432\",\"shop_id\":1,\"customer_id\":1,\"ship_to\":16,\"shipping_zone_id\":2,\"shipping_rate_id\":7,\"item_count\":1,\"quantity\":1,\"shipping_weight\":\"1411.000000\",\"taxrate\":\"0.000000\",\"total\":\"363.000000\",\"discount\":\"0.000000\",\"shipping\":\"9.000000\",\"handling\":\"2.000000\",\"taxes\":\"0.000000\",\"grand_total\":\"374.000000\",\"billing_address\":\"<address>90437 Gusikowski Islands<br\\/>Alfonso Wall<br\\/>Lake Darleneton, <br\\/> 15093-8389<br\\/>Guatemala<br\\/><abbr title=\\\"Phone\\\">P:<\\/abbr> +1 (682) 370-6344<\\/address>\",\"shipping_address\":\"<address>90437 Gusikowski Islands<br\\/>Alfonso Wall<br\\/>Lake Darleneton, <br\\/> 15093-8389<br\\/>Guatemala<br\\/><abbr title=\\\"Phone\\\">P:<\\/abbr> +1 (682) 370-6344<\\/address>\",\"carrier_id\":2,\"payment_method_id\":4,\"payment_instruction\":\"Manual payment instructions. Edit in wallet settings section.\",\"payment_status\":2,\"order_status_id\":1,\"fulfilment_type\":\"deliver\",\"is_digital\":false,\"currency_id\":325},\"old\":{\"order_number\":null,\"shop_id\":null,\"customer_id\":null,\"ship_to\":null,\"shipping_zone_id\":null,\"shipping_rate_id\":null,\"item_count\":null,\"quantity\":null,\"shipping_weight\":null,\"taxrate\":null,\"total\":null,\"discount\":null,\"shipping\":null,\"handling\":null,\"taxes\":null,\"grand_total\":null,\"billing_address\":null,\"shipping_address\":null,\"carrier_id\":null,\"payment_method_id\":null,\"payment_instruction\":null,\"payment_status\":null,\"order_status_id\":null,\"fulfilment_type\":null,\"is_digital\":null,\"currency_id\":null}}','2023-12-23 05:28:44','2023-12-23 05:28:44'),
	(793,'order','updated',35,'App\\Models\\Order',NULL,NULL,'{\"attributes\":{\"order_number\":\"#319290\",\"shop_id\":2,\"customer_id\":22,\"ship_to\":81,\"shipping_zone_id\":3,\"shipping_rate_id\":12,\"item_count\":3,\"quantity\":3,\"shipping_weight\":\"4407.000000\",\"taxrate\":\"0.000000\",\"total\":\"879.797022\",\"discount\":\"0.000000\",\"shipping\":\"1.000000\",\"handling\":\"2.000000\",\"taxes\":\"0.000000\",\"grand_total\":\"882.797022\",\"billing_address\":\"<address>1128 W 6th St<br\\/>New York, <br\\/>New York 963366<br\\/>United States<\\/address>\",\"shipping_address\":\"<address>1128 W 6th St<br\\/>New York, <br\\/>New York 963366<br\\/>United States<\\/address>\",\"carrier_id\":1,\"payment_method_id\":3,\"payment_instruction\":\"Manual payment instructions. Edit in wallet settings section.\",\"payment_status\":1,\"order_status_id\":3,\"fulfilment_type\":\"deliver\",\"is_digital\":false,\"currency_id\":325},\"old\":{\"order_number\":null,\"shop_id\":null,\"customer_id\":null,\"ship_to\":null,\"shipping_zone_id\":null,\"shipping_rate_id\":null,\"item_count\":null,\"quantity\":null,\"shipping_weight\":null,\"taxrate\":null,\"total\":null,\"discount\":null,\"shipping\":null,\"handling\":null,\"taxes\":null,\"grand_total\":null,\"billing_address\":null,\"shipping_address\":null,\"carrier_id\":null,\"payment_method_id\":null,\"payment_instruction\":null,\"payment_status\":null,\"order_status_id\":null,\"fulfilment_type\":null,\"is_digital\":null,\"currency_id\":null}}','2023-12-23 05:28:44','2023-12-23 05:28:44'),
	(794,'order','updated',36,'App\\Models\\Order',NULL,NULL,'{\"attributes\":{\"order_number\":\"#409780\",\"shop_id\":2,\"customer_id\":22,\"ship_to\":81,\"shipping_zone_id\":3,\"shipping_rate_id\":12,\"item_count\":2,\"quantity\":2,\"shipping_weight\":\"2690.000000\",\"taxrate\":\"0.000000\",\"total\":\"605.378805\",\"discount\":\"0.000000\",\"shipping\":\"1.000000\",\"handling\":\"2.000000\",\"taxes\":\"0.000000\",\"grand_total\":\"608.378805\",\"billing_address\":\"<address>1128 W 6th St<br\\/>New York, <br\\/>New York 963366<br\\/>United States<\\/address>\",\"shipping_address\":\"<address>1128 W 6th St<br\\/>New York, <br\\/>New York 963366<br\\/>United States<\\/address>\",\"carrier_id\":1,\"payment_method_id\":3,\"payment_instruction\":\"Manual payment instructions. Edit in wallet settings section.\",\"payment_status\":1,\"order_status_id\":3,\"fulfilment_type\":\"deliver\",\"is_digital\":false,\"currency_id\":325},\"old\":{\"order_number\":null,\"shop_id\":null,\"customer_id\":null,\"ship_to\":null,\"shipping_zone_id\":null,\"shipping_rate_id\":null,\"item_count\":null,\"quantity\":null,\"shipping_weight\":null,\"taxrate\":null,\"total\":null,\"discount\":null,\"shipping\":null,\"handling\":null,\"taxes\":null,\"grand_total\":null,\"billing_address\":null,\"shipping_address\":null,\"carrier_id\":null,\"payment_method_id\":null,\"payment_instruction\":null,\"payment_status\":null,\"order_status_id\":null,\"fulfilment_type\":null,\"is_digital\":null,\"currency_id\":null}}','2023-12-23 05:28:44','2023-12-23 05:28:44'),
	(795,'order','updated',37,'App\\Models\\Order',NULL,NULL,'{\"attributes\":{\"order_number\":\"#853284\",\"shop_id\":1,\"customer_id\":22,\"ship_to\":81,\"shipping_zone_id\":1,\"shipping_rate_id\":5,\"item_count\":2,\"quantity\":2,\"shipping_weight\":\"1312.000000\",\"taxrate\":\"0.000000\",\"total\":\"707.299160\",\"discount\":\"0.000000\",\"shipping\":\"4.000000\",\"handling\":\"2.000000\",\"taxes\":\"0.000000\",\"grand_total\":\"713.299160\",\"billing_address\":\"<address>1128 W 6th St<br\\/>New York, <br\\/>New York 963366<br\\/>United States<\\/address>\",\"shipping_address\":\"<address>1128 W 6th St<br\\/>New York, <br\\/>New York 963366<br\\/>United States<\\/address>\",\"carrier_id\":3,\"buyer_note\":\"Hope the delivery will get very soon.\",\"payment_method_id\":4,\"payment_instruction\":\"Manual payment instructions. Edit in wallet settings section.\",\"payment_status\":2,\"order_status_id\":1,\"fulfilment_type\":\"deliver\",\"is_digital\":false,\"currency_id\":325},\"old\":{\"order_number\":null,\"shop_id\":null,\"customer_id\":null,\"ship_to\":null,\"shipping_zone_id\":null,\"shipping_rate_id\":null,\"item_count\":null,\"quantity\":null,\"shipping_weight\":null,\"taxrate\":null,\"total\":null,\"discount\":null,\"shipping\":null,\"handling\":null,\"taxes\":null,\"grand_total\":null,\"billing_address\":null,\"shipping_address\":null,\"carrier_id\":null,\"buyer_note\":null,\"payment_method_id\":null,\"payment_instruction\":null,\"payment_status\":null,\"order_status_id\":null,\"fulfilment_type\":null,\"is_digital\":null,\"currency_id\":null}}','2023-12-23 05:28:44','2023-12-23 05:28:44');

INSERT INTO `activity_log` (`id`, `log_name`, `description`, `subject_id`, `subject_type`, `causer_id`, `causer_type`, `properties`, `created_at`, `updated_at`)
VALUES
	(796,'order','updated',38,'App\\Models\\Order',NULL,NULL,'{\"attributes\":{\"order_number\":\"#665498\",\"shop_id\":1,\"customer_id\":6,\"shipping_zone_id\":2,\"shipping_rate_id\":7,\"packaging_id\":1,\"item_count\":2,\"quantity\":3,\"shipping_weight\":\"2810.000000\",\"taxrate\":\"0.000000\",\"total\":\"1439.020000\",\"shipping\":\"9.000000\",\"packaging\":\"0.000000\",\"handling\":\"2.000000\",\"taxes\":\"0.000000\",\"grand_total\":\"1450.020000\",\"billing_address\":\"Hotel Address, 8332 Domingo Plaza Apt. 895, Mueller Green, North Onaberg,  86682-1273, Guinea, Phone: 689.339.3012\",\"shipping_address\":\"Hotel Address, 8332 Domingo Plaza Apt. 895, Mueller Green, North Onaberg,  86682-1273, Guinea, Phone: 689.339.3012\",\"send_invoice_to_customer\":1,\"payment_method_id\":3,\"payment_status\":4,\"order_status_id\":3,\"approved\":1,\"fulfilment_type\":\"deliver\",\"is_digital\":false,\"currency_id\":325},\"old\":{\"order_number\":null,\"shop_id\":null,\"customer_id\":null,\"shipping_zone_id\":null,\"shipping_rate_id\":null,\"packaging_id\":null,\"item_count\":null,\"quantity\":null,\"shipping_weight\":null,\"taxrate\":null,\"total\":null,\"shipping\":null,\"packaging\":null,\"handling\":null,\"taxes\":null,\"grand_total\":null,\"billing_address\":null,\"shipping_address\":null,\"send_invoice_to_customer\":null,\"payment_method_id\":null,\"payment_status\":null,\"order_status_id\":null,\"approved\":null,\"fulfilment_type\":null,\"is_digital\":null,\"currency_id\":null}}','2023-12-23 05:28:44','2023-12-23 05:28:44'),
	(797,'order','updated',39,'App\\Models\\Order',NULL,NULL,'{\"attributes\":{\"order_number\":\"#982212\",\"shop_id\":5,\"customer_id\":1,\"ship_to\":16,\"shipping_zone_id\":9,\"item_count\":1,\"quantity\":1,\"shipping_weight\":\"1143.000000\",\"taxrate\":\"0.000000\",\"total\":\"179.000000\",\"discount\":\"0.000000\",\"handling\":\"0.000000\",\"taxes\":\"0.000000\",\"grand_total\":\"179.000000\",\"billing_address\":\"<address>90437 Gusikowski Islands<br\\/>Alfonso Wall<br\\/>Lake Darleneton, <br\\/> 15093-8389<br\\/>Guatemala<br\\/><abbr title=\\\"Phone\\\">P:<\\/abbr> +1 (682) 370-6344<\\/address>\",\"shipping_address\":\"<address>90437 Gusikowski Islands<br\\/>Alfonso Wall<br\\/>Lake Darleneton, <br\\/> 15093-8389<br\\/>Guatemala<br\\/><abbr title=\\\"Phone\\\">P:<\\/abbr> +1 (682) 370-6344<\\/address>\",\"payment_method_id\":3,\"payment_instruction\":\"Manual payment instructions. Edit in wallet settings section.\",\"payment_status\":4,\"order_status_id\":3,\"fulfilment_type\":\"deliver\",\"is_digital\":false,\"currency_id\":325},\"old\":{\"order_number\":null,\"shop_id\":null,\"customer_id\":null,\"ship_to\":null,\"shipping_zone_id\":null,\"item_count\":null,\"quantity\":null,\"shipping_weight\":null,\"taxrate\":null,\"total\":null,\"discount\":null,\"handling\":null,\"taxes\":null,\"grand_total\":null,\"billing_address\":null,\"shipping_address\":null,\"payment_method_id\":null,\"payment_instruction\":null,\"payment_status\":null,\"order_status_id\":null,\"fulfilment_type\":null,\"is_digital\":null,\"currency_id\":null}}','2023-12-23 05:28:44','2023-12-23 05:28:44'),
	(798,'order','updated',40,'App\\Models\\Order',NULL,NULL,'{\"attributes\":{\"order_number\":\"#653446\",\"shop_id\":2,\"customer_id\":1,\"ship_to\":16,\"shipping_zone_id\":3,\"item_count\":2,\"quantity\":2,\"shipping_weight\":\"2064.000000\",\"taxrate\":\"0.000000\",\"total\":\"671.909884\",\"discount\":\"0.000000\",\"handling\":\"0.000000\",\"taxes\":\"0.000000\",\"grand_total\":\"671.909884\",\"billing_address\":\"<address>90437 Gusikowski Islands<br\\/>Alfonso Wall<br\\/>Lake Darleneton, <br\\/> 15093-8389<br\\/>Guatemala<br\\/><abbr title=\\\"Phone\\\">P:<\\/abbr> +1 (682) 370-6344<\\/address>\",\"shipping_address\":\"<address>90437 Gusikowski Islands<br\\/>Alfonso Wall<br\\/>Lake Darleneton, <br\\/> 15093-8389<br\\/>Guatemala<br\\/><abbr title=\\\"Phone\\\">P:<\\/abbr> +1 (682) 370-6344<\\/address>\",\"payment_method_id\":3,\"payment_instruction\":\"Payment instructions for COD\",\"payment_status\":1,\"order_status_id\":3,\"fulfilment_type\":\"deliver\",\"is_digital\":false,\"currency_id\":325},\"old\":{\"order_number\":null,\"shop_id\":null,\"customer_id\":null,\"ship_to\":null,\"shipping_zone_id\":null,\"item_count\":null,\"quantity\":null,\"shipping_weight\":null,\"taxrate\":null,\"total\":null,\"discount\":null,\"handling\":null,\"taxes\":null,\"grand_total\":null,\"billing_address\":null,\"shipping_address\":null,\"payment_method_id\":null,\"payment_instruction\":null,\"payment_status\":null,\"order_status_id\":null,\"fulfilment_type\":null,\"is_digital\":null,\"currency_id\":null}}','2023-12-23 05:28:44','2023-12-23 05:28:44'),
	(799,'order','updated',41,'App\\Models\\Order',NULL,NULL,'{\"attributes\":{\"order_number\":\"#281812\",\"shop_id\":2,\"ship_to\":840,\"shipping_zone_id\":3,\"shipping_rate_id\":15,\"item_count\":1,\"quantity\":1,\"shipping_weight\":\"1609.000000\",\"taxrate\":\"0.000000\",\"total\":\"143.000000\",\"discount\":\"0.000000\",\"shipping\":\"0.000000\",\"handling\":\"2.000000\",\"taxes\":\"0.000000\",\"grand_total\":\"145.000000\",\"billing_address\":\"<address>,<br\\/>ddwdwd dwdwd,<br\\/>dewdewdewd,<br\\/>dwdqwdqwd,<br\\/>ddwd,<br\\/>Connecticut 1212,<br\\/>United States,<br\\/>Phone: dwdwd,<br\\/><\\/address>\",\"shipping_address\":\"<address>,<br\\/>ddwdwd dwdwd,<br\\/>dewdewdewd,<br\\/>dwdqwdqwd,<br\\/>ddwd,<br\\/>Connecticut 1212,<br\\/>United States,<br\\/>Phone: dwdwd,<br\\/><\\/address>\",\"carrier_id\":5,\"buyer_note\":\"\",\"payment_method_id\":3,\"payment_instruction\":\"Manual payment instructions. Edit in wallet settings section.\",\"payment_status\":1,\"order_status_id\":3,\"email\":\"dwdwd@dwdw.cc\",\"customer_phone_number\":\"dwdwd\",\"fulfilment_type\":\"deliver\",\"is_digital\":false,\"currency_id\":247},\"old\":{\"order_number\":null,\"shop_id\":null,\"ship_to\":null,\"shipping_zone_id\":null,\"shipping_rate_id\":null,\"item_count\":null,\"quantity\":null,\"shipping_weight\":null,\"taxrate\":null,\"total\":null,\"discount\":null,\"shipping\":null,\"handling\":null,\"taxes\":null,\"grand_total\":null,\"billing_address\":null,\"shipping_address\":null,\"carrier_id\":null,\"buyer_note\":null,\"payment_method_id\":null,\"payment_instruction\":null,\"payment_status\":null,\"order_status_id\":null,\"email\":null,\"customer_phone_number\":null,\"fulfilment_type\":null,\"is_digital\":null,\"currency_id\":null}}','2023-12-23 05:28:44','2023-12-23 05:28:44'),
	(800,'order','updated',43,'App\\Models\\Order',NULL,NULL,'{\"attributes\":{\"order_number\":\"#802992\",\"shop_id\":2,\"ship_to\":840,\"shipping_zone_id\":3,\"shipping_rate_id\":15,\"item_count\":2,\"quantity\":2,\"shipping_weight\":\"1720.000000\",\"taxrate\":\"0.000000\",\"total\":\"490.465489\",\"discount\":\"0.000000\",\"shipping\":\"0.000000\",\"handling\":\"2.000000\",\"taxes\":\"0.000000\",\"grand_total\":\"492.465489\",\"billing_address\":\"<address>,<br\\/>Munna khan,<br\\/>kdsdd,<br\\/>dhaka,<br\\/>Connecticut 112,<br\\/>United States,<br\\/><\\/address>\",\"shipping_address\":\"<address>,<br\\/>Munna khan,<br\\/>kdsdd,<br\\/>dhaka,<br\\/>Connecticut 112,<br\\/>United States,<br\\/><\\/address>\",\"carrier_id\":5,\"buyer_note\":\"\",\"payment_method_id\":20,\"payment_status\":3,\"order_status_id\":3,\"email\":\"deded@ded.cc\",\"customer_phone_number\":\"\",\"fulfilment_type\":\"deliver\",\"is_digital\":false,\"currency_id\":325},\"old\":{\"order_number\":null,\"shop_id\":null,\"ship_to\":null,\"shipping_zone_id\":null,\"shipping_rate_id\":null,\"item_count\":null,\"quantity\":null,\"shipping_weight\":null,\"taxrate\":null,\"total\":null,\"discount\":null,\"shipping\":null,\"handling\":null,\"taxes\":null,\"grand_total\":null,\"billing_address\":null,\"shipping_address\":null,\"carrier_id\":null,\"buyer_note\":null,\"payment_method_id\":null,\"payment_status\":null,\"order_status_id\":null,\"email\":null,\"customer_phone_number\":null,\"fulfilment_type\":null,\"is_digital\":null,\"currency_id\":null}}','2023-12-23 05:28:44','2023-12-23 05:28:44'),
	(819,'order','created',62,'App\\Models\\Order',1,'App\\Models\\User','{\"attributes\":{\"order_number\":\"#576402\",\"shop_id\":5,\"customer_id\":null,\"ship_to\":50,\"shipping_zone_id\":9,\"shipping_rate_id\":44,\"packaging_id\":null,\"item_count\":1,\"quantity\":1,\"shipping_weight\":\"1860.000000\",\"taxrate\":\"0.000000\",\"total\":\"287.685300\",\"discount\":\"0.000000\",\"shipping\":\"2.000000\",\"packaging\":null,\"handling\":\"2.000000\",\"taxes\":\"0.000000\",\"grand_total\":\"291.685300\",\"billing_address\":\"<address>,<br\\/>dadasda kd,<br\\/>dsdadad,<br\\/>wdwd,<br\\/>Dhaka 32323,<br\\/>Bangladesh,<br\\/><\\/address>\",\"shipping_address\":\"<address>,<br\\/>dadasda kd,<br\\/>dsdadad,<br\\/>wdwd,<br\\/>Dhaka 32323,<br\\/>Bangladesh,<br\\/><\\/address>\",\"shipping_date\":null,\"delivery_date\":null,\"tracking_id\":null,\"coupon_id\":null,\"carrier_id\":1,\"message_to_customer\":null,\"send_invoice_to_customer\":null,\"admin_note\":null,\"buyer_note\":\"\",\"payment_method_id\":22,\"payment_instruction\":null,\"payment_ref_id\":null,\"payment_date\":null,\"payment_status\":1,\"order_status_id\":1,\"goods_received\":null,\"approved\":null,\"feedback_id\":null,\"disputed\":null,\"email\":\"dwdwd@ded.cc\",\"customer_phone_number\":\"\",\"fulfilment_type\":\"deliver\",\"device_id\":null,\"razorpay_order_id\":null,\"razorpay_payment_id\":null,\"razorpay_signature\":null,\"is_digital\":false,\"exchange_rate\":null,\"currency_id\":325,\"delivery_boy_feedback_id\":null}}','2023-12-23 06:17:20','2023-12-23 06:17:20');



# Dump of table address_types
# ------------------------------------------------------------


CREATE TABLE `address_types` (
  `id` int(10) unsigned NOT NULL AUTO_INCREMENT,
  `type` varchar(255) COLLATE utf8mb3_unicode_ci NOT NULL,
  PRIMARY KEY (`id`),
  UNIQUE KEY `address_types_type_unique` (`type`)
) ENGINE=InnoDB DEFAULT CHARSET=utf8mb3 COLLATE=utf8mb3_unicode_ci;


INSERT INTO `address_types` (`id`, `type`)
VALUES
	(2,'Billing'),
	(1,'Primary'),
	(3,'Shipping');



# Dump of table addresses
# ------------------------------------------------------------


CREATE TABLE `addresses` (
  `id` bigint(20) unsigned NOT NULL AUTO_INCREMENT,
  `address_type` varchar(255) COLLATE utf8mb3_unicode_ci DEFAULT 'Primary',
  `address_title` varchar(255) COLLATE utf8mb3_unicode_ci DEFAULT NULL,
  `address_line_1` varchar(255) COLLATE utf8mb3_unicode_ci DEFAULT NULL,
  `address_line_2` varchar(255) COLLATE utf8mb3_unicode_ci DEFAULT NULL,
  `city` varchar(255) COLLATE utf8mb3_unicode_ci DEFAULT NULL,
  `state_id` int(10) unsigned DEFAULT NULL,
  `zip_code` varchar(255) COLLATE utf8mb3_unicode_ci DEFAULT NULL,
  `country_id` int(10) unsigned DEFAULT NULL,
  `phone` varchar(255) COLLATE utf8mb3_unicode_ci DEFAULT NULL,
  `latitude` double(8,2) DEFAULT NULL,
  `longitude` double(8,2) DEFAULT NULL,
  `addressable_id` bigint(20) unsigned NOT NULL,
  `addressable_type` varchar(255) COLLATE utf8mb3_unicode_ci NOT NULL,
  `created_at` timestamp NULL DEFAULT NULL,
  `updated_at` timestamp NULL DEFAULT NULL,
  PRIMARY KEY (`id`),
  KEY `addresses_country_id_foreign` (`country_id`),
  CONSTRAINT `addresses_country_id_foreign` FOREIGN KEY (`country_id`) REFERENCES `countries` (`id`)
) ENGINE=InnoDB DEFAULT CHARSET=utf8mb3 COLLATE=utf8mb3_unicode_ci;


INSERT INTO `addresses` (`id`, `address_type`, `address_title`, `address_line_1`, `address_line_2`, `city`, `state_id`, `zip_code`, `country_id`, `phone`, `latitude`, `longitude`, `addressable_id`, `addressable_type`, `created_at`, `updated_at`)
VALUES
	(1,'Primary',NULL,'Platform Address',NULL,'Hollywood',453,'63585',840,NULL,NULL,NULL,1,'App\\Models\\System','2022-08-02 21:57:42','2022-08-02 21:57:42'),
	(2,'Primary','Primary Address',NULL,NULL,NULL,523,NULL,840,NULL,NULL,NULL,1,'App\\Models\\User','2022-08-02 21:57:42','2022-08-02 21:57:42'),
	(3,'Primary','Admin User','336 Bailey Circles','Allene Inlet','Henrifurt',NULL,'55593',258,'1-828-416-8043',-85.85,89.91,2,'App\\Models\\User','2022-08-02 21:57:43','2022-08-02 21:57:43'),
	(4,'Primary','Tate Kertzmann','965 Christa Mews','Schuster Square','Talonburgh',147,'68056',124,'469.461.4622',-29.52,45.65,3,'App\\Models\\Merchant','2022-08-02 21:57:43','2022-08-02 21:57:43'),
	(5,'Primary','Darrel Berge I','9105 Kunde Falls Apt. 184','Waelchi Ridge','Lake Lessie',NULL,'47192-2811',598,'+17756304107',58.86,-43.26,4,'App\\Models\\Merchant','2022-08-02 21:57:43','2022-08-02 21:57:43'),
	(6,'Primary','Prof. Abbigail Nader MD','2057 Blick Estates Apt. 244','Effertz Course','Kayliemouth',339,'85022-2900',826,'1-956-578-8180',-22.97,-40.93,5,'App\\Models\\Merchant','2022-08-02 21:57:43','2022-08-02 21:57:43'),
	(7,'Primary','Ladarius Wunsch','73589 Rosalind Mountains','Alisha Well','Toychester',NULL,'13424',440,'+1-310-750-6514',-21.93,-83.49,6,'App\\Models\\Merchant','2022-08-02 21:57:43','2022-08-02 21:57:43'),
	(8,'Primary','Dr. Sid Tillman','636 Zieme Harbor Suite 267','Keeling Corners','New Dangelo',NULL,'54736-4888',748,'443-900-5943',-50.74,-29.56,7,'App\\Models\\Merchant','2022-08-02 21:57:43','2022-08-02 21:57:43'),
	(9,'Primary',NULL,'Demo Platform Address',NULL,'Demo City',380,'63585',604,'+1.431.253.0341',NULL,NULL,1,'App\\Models\\Shop','2022-08-15 21:57:43','2022-08-15 21:57:43'),
	(10,'Primary',NULL,'Demo Platform Address',NULL,'Demo City',380,'63585',604,'+1.431.253.0341',NULL,NULL,2,'App\\Models\\Shop','2022-08-15 21:57:43','2022-08-15 21:57:43'),
	(11,'Primary',NULL,'Demo Platform Address',NULL,'Demo City',380,'63585',604,'+1.431.253.0341',NULL,NULL,3,'App\\Models\\Shop','2022-08-15 21:57:43','2022-08-15 21:57:43'),
	(12,'Primary',NULL,'Demo Platform Address',NULL,'Demo City',380,'63585',604,'+1.431.253.0341',NULL,NULL,4,'App\\Models\\Shop','2022-08-15 21:57:43','2022-08-15 21:57:43'),
	(13,'Primary',NULL,'Demo Platform Address',NULL,'Demo City',380,'63585',604,'+1.431.253.0341',NULL,NULL,5,'App\\Models\\Shop','2022-08-15 21:57:43','2022-08-15 21:57:43'),
	(14,'Primary','Cornell Parker','1537 Tremblay Wells','Brandt Cliffs','South Eusebio',NULL,'64251-3760',232,'412-933-3397',-42.62,23.73,1,'App\\Models\\Customer','2022-08-02 21:57:44','2022-08-02 21:57:44'),
	(15,'Billing','Office Address','254 Raheem Lane Apt. 309','Paige Valleys','Hicklemouth',NULL,'91737-4028',258,'+1-843-540-9724',42.54,117.31,1,'App\\Models\\Customer','2022-08-02 21:57:44','2022-08-02 21:57:44'),
	(16,'Shipping','Dorm Address','90437 Gusikowski Islands','Alfonso Wall','Lake Darleneton',NULL,'15093-8389',320,'+1 (682) 370-6344',65.97,103.49,1,'App\\Models\\Customer','2022-08-02 21:57:44','2022-08-02 21:57:44'),
	(17,'Primary','Miss Daphnee Rau','48077 Augustine Green','Auer Falls','East Kira',NULL,'57434',86,'(360) 570-5606',-5.83,-96.51,2,'App\\Models\\Customer','2022-08-02 21:57:45','2022-08-02 21:57:45'),
	(18,'Billing','Office Address','7810 Andres Lake Suite 306','Mayer Fields','South Billie',NULL,'83535',184,'(650) 241-9779',-76.65,-134.27,2,'App\\Models\\Customer','2022-08-02 21:57:45','2022-08-02 21:57:45'),
	(19,'Shipping','Dorm Address','92464 Charlie Ports','Vicente Fall','East Riley',NULL,'07591-4229',100,'+1-281-907-7639',-52.79,-29.04,2,'App\\Models\\Customer','2022-08-02 21:57:45','2022-08-02 21:57:45'),
	(20,'Primary','Paris Braun','77275 Asa Throughway','McGlynn Plaza','West Fletahaven',NULL,'61103',344,'1-341-968-1989',18.33,49.17,3,'App\\Models\\Customer','2022-08-02 21:57:45','2022-08-02 21:57:45'),
	(21,'Billing','Office Address','4430 Johnston Centers','Toy Radial','Joelleberg',NULL,'93636-2162',300,'+1-559-280-4600',87.82,-132.06,3,'App\\Models\\Customer','2022-08-02 21:57:45','2022-08-02 21:57:45'),
	(22,'Shipping','Hotel Address','20987 Langworth Isle','Miller Mission','Port Marge',NULL,'17739-7240',20,'1-283-691-0563',-72.67,-131.02,3,'App\\Models\\Customer','2022-08-02 21:57:45','2022-08-02 21:57:45'),
	(23,'Primary','Dr. Rosendo Heathcote MD','5606 Ida Radial Apt. 734','Lueilwitz Coves','South Edna',NULL,'90806-6337',674,'385-338-8251',20.50,37.81,4,'App\\Models\\Customer','2022-08-02 21:57:45','2022-08-02 21:57:45'),
	(24,'Billing','Office Address','248 Willis Parks Apt. 970','Little Gateway','South Hildegard',NULL,'69530-9039',231,'1-469-398-6965',7.72,-35.71,4,'App\\Models\\Customer','2022-08-02 21:57:45','2022-08-02 21:57:45'),
	(25,'Shipping','Office Address','290 White Way Apt. 066','Russel Run','New Ebonyton',154,'96055',152,'1-541-873-9347',10.33,-125.07,4,'App\\Models\\Customer','2022-08-02 21:57:45','2022-08-02 21:57:45'),
	(26,'Primary','Kitty Mills','69481 Quitzon Trail','Parker Drives','Rosenbaumview',NULL,'51056-6386',470,'+19474510747',12.61,157.66,5,'App\\Models\\Customer','2022-08-02 21:57:45','2022-08-02 21:57:45'),
	(27,'Billing','Home Address','941 Doyle Cliff Suite 406','Rippin Forge','Hudsonfurt',NULL,'14505',584,'+17184373018',79.00,36.91,5,'App\\Models\\Customer','2022-08-02 21:57:45','2022-08-02 21:57:45'),
	(28,'Shipping','Dorm Address','233 Kathryn Glen','Simonis Walks','Daisystad',NULL,'34414-9838',710,'(754) 909-0034',-85.86,109.51,5,'App\\Models\\Customer','2022-08-02 21:57:45','2022-08-02 21:57:45'),
	(29,'Primary','Trystan Jaskolski','4296 Kenyatta Mount Apt. 269','Zieme Grove','Lydaborough',314,'98689-6543',250,'806.690.8834',-51.98,-91.54,6,'App\\Models\\Customer','2022-08-02 21:57:45','2022-08-02 21:57:45'),
	(30,'Billing','Dorm Address','70569 Mathias Mountains Suite 618','O\'Hara Isle','Gabemouth',NULL,'87509',729,'1-616-423-8415',86.21,86.64,6,'App\\Models\\Customer','2022-08-02 21:57:45','2022-08-02 21:57:45'),
	(31,'Shipping','Hotel Address','8332 Domingo Plaza Apt. 895','Mueller Green','North Onaberg',NULL,'86682-1273',324,'689.339.3012',-20.37,73.00,6,'App\\Models\\Customer','2022-08-02 21:57:45','2022-08-02 21:57:45'),
	(32,'Primary','Eileen Treutel','98879 Bud Groves Apt. 375','Geraldine Port','Rowehaven',749,'79605-3218',116,'+1-631-513-2222',71.74,151.56,7,'App\\Models\\Customer','2022-08-02 21:57:45','2022-08-02 21:57:45'),
	(33,'Billing','Hotel Address','9595 Tillman Turnpike Suite 364','Favian Stream','East Chaddstad',NULL,'99373',728,'540-873-3207',-76.93,-149.51,7,'App\\Models\\Customer','2022-08-02 21:57:45','2022-08-02 21:57:45'),
	(34,'Shipping','Home Address','484 Emard Pine Suite 168','Hazle Mountain','Port Jocelynborough',NULL,'77398',581,'(531) 578-0465',-80.31,80.40,7,'App\\Models\\Customer','2022-08-02 21:57:45','2022-08-02 21:57:45'),
	(35,'Primary','Kelley Brown','88972 Schowalter Branch','Precious Streets','Trantowside',NULL,'16607-2322',368,'(469) 408-1777',-65.58,-170.96,8,'App\\Models\\Customer','2022-08-02 21:57:45','2022-08-02 21:57:45'),
	(36,'Billing','Hotel Address','5480 Greg Harbor','Joanie Pike','Lake Raoul',NULL,'41311',12,'1-934-383-5753',-88.23,98.97,8,'App\\Models\\Customer','2022-08-02 21:57:45','2022-08-02 21:57:45'),
	(37,'Shipping','Home Address','9864 Hackett Port Suite 009','Hegmann Glen','Lakintown',1104,'66327-9826',690,'786.498.0889',36.95,165.53,8,'App\\Models\\Customer','2022-08-02 21:57:45','2022-08-02 21:57:45'),
	(38,'Primary','Kelley Herman','159 Caden Mountain Suite 367','Felipa Spurs','Lake Aidan',NULL,'13150',574,'240.641.1285',-56.02,-73.24,9,'App\\Models\\Customer','2022-08-02 21:57:45','2022-08-02 21:57:45'),
	(39,'Billing','Home Address','20258 O\'Kon Islands','Amaya Burgs','North Rebachester',769,'90047-4635',414,'1-364-246-8822',12.89,-119.99,9,'App\\Models\\Customer','2022-08-02 21:57:45','2022-08-02 21:57:45'),
	(40,'Shipping','Office Address','2365 Stanford Pike Suite 173','Anderson Glens','Stokeshaven',NULL,'98241',90,'820-348-9854',59.15,-133.54,9,'App\\Models\\Customer','2022-08-02 21:57:45','2022-08-02 21:57:45'),
	(41,'Primary','Sigrid Wintheiser Jr.','51889 Kole Mission','Wisoky Springs','Spencerview',NULL,'48088',654,'1-657-445-1455',46.13,-94.40,10,'App\\Models\\Customer','2022-08-02 21:57:45','2022-08-02 21:57:45'),
	(42,'Billing','Office Address','30082 Erling Extension Apt. 447','Kenyon Heights','Mayerview',NULL,'68869',8,'(434) 658-5738',73.01,32.56,10,'App\\Models\\Customer','2022-08-02 21:57:45','2022-08-02 21:57:45'),
	(43,'Shipping','Hotel Address','4207 Arnulfo Prairie','Reichert Gateway','East Citlalli',NULL,'61519-4302',140,'(636) 480-2264',-72.81,157.57,10,'App\\Models\\Customer','2022-08-02 21:57:45','2022-08-02 21:57:45'),
	(44,'Primary','Alfreda King III','5876 Zulauf Well','Morris Ways','Sisterside',NULL,'18766-8046',90,'+1.283.389.4871',-15.09,45.11,11,'App\\Models\\Customer','2022-08-02 21:57:45','2022-08-02 21:57:45'),
	(45,'Billing','Hotel Address','28418 Juanita Cliff Suite 664','Simonis Mountains','Elnaburgh',NULL,'17395-9362',270,'+16507582436',-86.03,-84.53,11,'App\\Models\\Customer','2022-08-02 21:57:45','2022-08-02 21:57:45'),
	(46,'Shipping','Dorm Address','118 Langworth Spurs Suite 869','Bartoletti Summit','West Sage',NULL,'68168',578,'(803) 317-6773',-56.76,-155.74,11,'App\\Models\\Customer','2022-08-02 21:57:45','2022-08-02 21:57:45'),
	(47,'Primary','Ms. Bianka Pfannerstill DDS','2268 Ludie Burg Suite 046','Pfeffer Mall','Kayceeberg',NULL,'56126',100,'763-615-3061',-75.09,-171.62,12,'App\\Models\\Customer','2022-08-02 21:57:45','2022-08-02 21:57:45'),
	(48,'Billing','Home Address','5291 Jeromy Mission Suite 838','Maudie Tunnel','Keelyport',NULL,'41900-1114',678,'+1.540.502.6192',-17.86,154.13,12,'App\\Models\\Customer','2022-08-02 21:57:45','2022-08-02 21:57:45'),
	(49,'Shipping','Home Address','48808 Mason Lodge Apt. 341','Damon Courts','Port Busterview',618,'96028',376,'1-458-805-6954',12.60,-64.83,12,'App\\Models\\Customer','2022-08-02 21:57:45','2022-08-02 21:57:45'),
	(50,'Primary','Mrs. Audrey Greenholt','79160 Addison Views Suite 003','Stevie Mountain','North Chloe',NULL,'52366-7864',646,'+1-410-235-7104',-83.01,56.10,13,'App\\Models\\Customer','2022-08-02 21:57:45','2022-08-02 21:57:45'),
	(51,'Billing','Office Address','88489 Lila Plaza Suite 416','Andreanne Ports','Abshireberg',NULL,'61786',400,'774.614.3843',-7.32,139.40,13,'App\\Models\\Customer','2022-08-02 21:57:45','2022-08-02 21:57:45'),
	(52,'Shipping','Office Address','213 Connelly Shoals','DuBuque Trail','Port Hipolitofort',NULL,'83612',304,'1-858-801-7444',-69.39,6.90,13,'App\\Models\\Customer','2022-08-02 21:57:45','2022-08-02 21:57:45'),
	(53,'Primary','Palma Gusikowski','146 Freddie Light Apt. 641','Violet Ville','Lake Pamelafurt',NULL,'66483-9624',408,'+1-747-686-9217',27.68,-77.79,14,'App\\Models\\Customer','2022-08-02 21:57:45','2022-08-02 21:57:45'),
	(54,'Billing','Hotel Address','178 Dicki Ranch','Koepp Village','Windlerside',123,'58487',76,'689.981.0346',49.09,46.15,14,'App\\Models\\Customer','2022-08-02 21:57:45','2022-08-02 21:57:45'),
	(55,'Shipping','Home Address','6935 Eugenia Rest','Ryley Spring','Serenityville',NULL,'07981',646,'+1-657-916-7279',-4.40,-26.47,14,'App\\Models\\Customer','2022-08-02 21:57:45','2022-08-02 21:57:45'),
	(56,'Primary','Miss Keara Stroman','33046 John Lodge Suite 156','Davis Heights','West Justus',1010,'50560',608,'+1-870-291-4210',16.47,-131.31,15,'App\\Models\\Customer','2022-08-02 21:57:45','2022-08-02 21:57:45'),
	(57,'Billing','Office Address','663 Schowalter Village Apt. 579','Esteban Greens','Lake Russell',NULL,'32447-3574',332,'+1-574-710-4016',17.38,-19.38,15,'App\\Models\\Customer','2022-08-02 21:57:45','2022-08-02 21:57:45'),
	(58,'Shipping','Office Address','39020 Rowe Fort','Grady Street','North Kevinfort',NULL,'01364',496,'+13259193618',-74.97,152.71,15,'App\\Models\\Customer','2022-08-02 21:57:45','2022-08-02 21:57:45'),
	(59,'Primary','Bridie Leffler','6695 Langosh Wells','Renner Gateway','Lehnertown',100,'90094-5327',68,'1-541-201-4197',-54.11,-158.29,16,'App\\Models\\Customer','2022-08-02 21:57:45','2022-08-02 21:57:45'),
	(60,'Billing','Office Address','64367 Eryn Inlet Suite 709','Nader Drive','New Lucianochester',1236,'37124',792,'+19287131615',16.26,-117.95,16,'App\\Models\\Customer','2022-08-02 21:57:45','2022-08-02 21:57:45'),
	(61,'Shipping','Hotel Address','6105 Hardy Highway Apt. 156','Spinka Parkway','Port Raeganburgh',NULL,'49869-3685',662,'1-458-480-3678',-56.67,3.20,16,'App\\Models\\Customer','2022-08-02 21:57:45','2022-08-02 21:57:45'),
	(62,'Primary','Leuschke Ltd','214 Hyatt Stravenue Suite 375','Weimann Port','Pfannerstillland',NULL,'91222-7272',788,'+1.248.846.5151',21.18,-144.30,1,'App\\Models\\Supplier','2022-08-02 21:57:45','2022-08-02 21:57:45'),
	(63,'Primary','Towne-Jacobi','56775 Ferry Road Apt. 037','Nicolas Shoal','South Buddyland',1179,'46740-5635',764,'(908) 615-4698',-34.33,124.03,2,'App\\Models\\Supplier','2022-08-02 21:57:45','2022-08-02 21:57:45'),
	(64,'Primary','Lesch-Schaden','16184 Pagac Fort','Lesch Lakes','North Henriton',NULL,'26999-9778',158,'+1-986-485-8858',12.25,-128.55,3,'App\\Models\\Supplier','2022-08-02 21:57:45','2022-08-02 21:57:45'),
	(65,'Primary','Goldner Ltd','41218 Matilda Key','Ewell Glen','Hermannshire',NULL,'96894',175,'+1-463-873-5451',-36.23,3.56,4,'App\\Models\\Supplier','2022-08-02 21:57:45','2022-08-02 21:57:45'),
	(66,'Primary','Koss-Orn','952 Price Center','Gilbert Wells','Port Casey',NULL,'51930-4276',688,'+1 (585) 673-7260',-54.20,-56.04,5,'App\\Models\\Supplier','2022-08-02 21:57:45','2022-08-02 21:57:45'),
	(67,'Primary','Labadie, Wilkinson and Robel','2007 Garret Garden','Hessel Islands','Murielview',944,'18346',524,'951.321.0333',-69.54,-32.37,1,'App\\Models\\Warehouse','2022-08-02 21:57:47','2022-08-02 21:57:47'),
	(68,'Primary','Jhon Mack','Gp-Ka 32/1 , South Sahazadpur, Gulshan',NULL,'Sydney',61,'1212',36,'01638574281',NULL,NULL,17,'App\\Models\\Customer','2022-12-12 10:56:53','2022-12-12 10:56:53'),
	(69,'Primary','Jhon Doe','32/58, south sted park',NULL,'Florida',1358,'1212',840,'01638574281',NULL,NULL,18,'App\\Models\\Customer','2022-12-12 11:10:54','2022-12-12 11:10:54'),
	(70,'Primary',NULL,'Gp-Ka 32/1 , South Sahazadpur, Gulshan ,',NULL,'New-York',NULL,'1212',112,'01638574281',NULL,NULL,2,'App\\Models\\Warehouse','2022-12-12 12:03:22','2022-12-12 12:03:22'),
	(71,'Primary',NULL,'Gp-Ka 32/1',NULL,'Belaurs',72,'1212',56,'453438574281',NULL,NULL,3,'App\\Models\\Warehouse','2022-12-12 12:04:39','2022-12-12 12:04:39'),
	(72,'Billing','Jhon doe','New York City,','32-5845 A','Ohio',1362,'1212',840,'01638574281',NULL,NULL,18,'App\\Models\\Customer','2022-12-12 12:08:39','2022-12-12 12:08:39'),
	(73,'Shipping','Jhon Devid','978/aF','5th','London',447,'3234',826,'01638574281',NULL,NULL,18,'App\\Models\\Customer','2022-12-12 12:09:38','2022-12-12 12:09:38'),
	(74,'Primary',NULL,'Gp-Ka 32/1 , South Sahazadpur,',NULL,'Dhaka',329,'1212',826,'01638574281',NULL,NULL,4,'App\\Models\\Warehouse','2022-12-12 12:23:14','2022-12-12 12:23:14'),
	(75,'Primary','Jhon Doe','New York city',NULL,'New York',1358,'25125',840,'1254889236',NULL,NULL,20,'App\\Models\\Customer','2022-12-13 13:23:14','2022-12-13 13:23:14'),
	(76,'Primary',NULL,NULL,NULL,NULL,64,'1212',50,NULL,NULL,NULL,8,'App\\Models\\User','2022-12-13 14:25:59','2022-12-13 14:25:59'),
	(77,'Primary',NULL,'6372 Blossom Hill Rd',NULL,NULL,72,'1212',56,'(526) 518-6939',NULL,NULL,9,'App\\Models\\User','2022-12-14 09:00:50','2022-12-14 09:00:50'),
	(78,'Primary',NULL,'3420 Spring St',NULL,'New York',NULL,'25896',840,'(611) 931-1228',NULL,NULL,10,'App\\Models\\User','2022-12-14 09:03:03','2022-12-14 09:03:03'),
	(79,'Shipping','Jeffy Way','9291 Northaven Rd',NULL,'New York',1358,'25152',840,'+25478398236',NULL,NULL,21,'App\\Models\\Customer','2022-12-14 12:39:33','2022-12-14 12:39:33'),
	(80,'Shipping','shipping','226 Kimberly Way',NULL,'Lowell',1358,'49331',840,'616-897-4387',NULL,NULL,19,'App\\Models\\Customer','2022-12-14 12:48:05','2022-12-14 12:48:05'),
	(81,'Shipping','Becky Flores','1128 W 6th St',NULL,'New York',1358,'963366',840,NULL,NULL,NULL,22,'App\\Models\\Customer','2022-12-14 13:28:26','2022-12-14 13:28:26'),
	(84,'Primary',NULL,'Zip: Midland, (LN),',NULL,'London',447,'79701',826,NULL,NULL,NULL,12,'App\\Models\\User','2022-12-14 13:58:22','2022-12-14 13:58:22');



# Dump of table announcements
# ------------------------------------------------------------


CREATE TABLE `announcements` (
  `id` varchar(255) COLLATE utf8mb3_unicode_ci NOT NULL,
  `user_id` int(11) NOT NULL,
  `body` text COLLATE utf8mb3_unicode_ci NOT NULL,
  `action_text` varchar(255) COLLATE utf8mb3_unicode_ci DEFAULT NULL,
  `action_url` text COLLATE utf8mb3_unicode_ci DEFAULT NULL,
  `public` tinyint(1) DEFAULT 0,
  `expire_at` date DEFAULT NULL,
  `created_at` timestamp NULL DEFAULT NULL,
  `updated_at` timestamp NULL DEFAULT NULL,
  PRIMARY KEY (`id`)
) ENGINE=InnoDB DEFAULT CHARSET=utf8mb3 COLLATE=utf8mb3_unicode_ci;


INSERT INTO `announcements` (`id`, `user_id`, `body`, `action_text`, `action_url`, `public`, `expire_at`, `created_at`, `updated_at`)
VALUES
	('072f71d0-9536-46f4-8c4a-bee982eeb99b',1,'Get a huge discount of up to 80% on all items',NULL,NULL,1,'2023-12-28','2022-12-14 15:00:24','2023-12-23 05:28:44'),
	('461abd92-dd7b-468e-9b73-ff2ff0804183',1,'Mega Deals Upto 80%',NULL,NULL,0,'2023-12-27','2022-12-13 14:34:40','2023-12-23 05:28:44'),
	('8490cb29-cdda-4b13-8470-231ba46c59cb',1,'Flat Sell at Big Shops Upto 85%',NULL,NULL,1,'2023-12-28','2022-12-13 14:35:32','2023-12-23 05:28:44');



# Dump of table attachments
# ------------------------------------------------------------


CREATE TABLE `attachments` (
  `id` bigint(20) unsigned NOT NULL AUTO_INCREMENT,
  `path` text COLLATE utf8mb3_unicode_ci NOT NULL,
  `name` text COLLATE utf8mb3_unicode_ci DEFAULT NULL,
  `extension` varchar(255) COLLATE utf8mb3_unicode_ci DEFAULT NULL,
  `size` varchar(255) COLLATE utf8mb3_unicode_ci DEFAULT NULL,
  `attachable_id` int(10) unsigned NOT NULL,
  `attachable_type` varchar(255) COLLATE utf8mb3_unicode_ci NOT NULL,
  `ownable_id` bigint(20) DEFAULT NULL,
  `ownable_type` varchar(255) COLLATE utf8mb3_unicode_ci DEFAULT NULL,
  `created_at` timestamp NULL DEFAULT NULL,
  `updated_at` timestamp NULL DEFAULT NULL,
  PRIMARY KEY (`id`)
) ENGINE=InnoDB DEFAULT CHARSET=utf8mb3 COLLATE=utf8mb3_unicode_ci;


INSERT INTO `attachments` (`id`, `path`, `name`, `extension`, `size`, `attachable_id`, `attachable_type`, `ownable_id`, `ownable_type`, `created_at`, `updated_at`)
VALUES
	(1,'attachments/rO30ArWfyR9sUXr4pcRUWUCPH9kAFeDYJWJPYVPE.png','images.png','png','3159',16,'App\\Models\\Message',7,'App\\Models\\User','2022-12-12 12:12:22','2022-12-12 12:12:22'),
	(2,'attachments/21LhJIiInNPgtfyMY6OZxOcCxb9f4viriP4RFfU1.png','images.png','png','3159',32,'App\\Models\\Reply',3,'App\\Models\\User','2022-12-12 12:18:46','2022-12-12 12:18:46'),
	(3,'attachments/rX6MBH9WuZoUd7D9FxwthUWpIlwWfaRH1LMQ6Mjs.jpg','988e215aea1e1e73955ae2460227bbd8.jpg','jpg','73412',6,'App\\Models\\Config',11,'App\\Models\\User','2022-12-14 13:44:48','2022-12-14 13:44:48'),
	(4,'attachments/ckneU1st95KsVOBJuJzqfZrJg82CNPeeEoWahQil.jpg','988e215aea1e1e73955ae2460227bbd8.jpg','jpg','73412',7,'App\\Models\\Config',12,'App\\Models\\User','2022-12-14 13:55:34','2022-12-14 13:55:34'),
	(5,'attachments/Femsmx3kSV1hjwd9ZWleAFjzGpLbSM4ZUGGbV00E.png','Purple Yellow Creative Photography Class Facebook Post.png','png','332814',109,'App\\Models\\Inventory',3,'App\\Models\\User','2023-10-10 18:27:21','2023-10-10 18:27:21'),
	(6,'attachments/MZmFymUNJr3sY7MmFF3CZruCs72FzjzbB9nMnmEC.png','Purple Yellow Creative Photography Class Facebook Post (1).png','png','131887',110,'App\\Models\\Inventory',3,'App\\Models\\User','2023-10-10 18:33:58','2023-10-10 18:33:58'),
	(8,'attachments/Vax3QHWshAnEH6rHdxSZozrotxbUB27lWj7DDSC7.jpg','OIP (1).jpg','jpg','32567',111,'App\\Models\\Inventory',3,'App\\Models\\User','2023-12-18 11:58:13','2023-12-18 11:58:13'),
	(9,'attachments/9SaH160RZ7hnDFm9kbTMdgGHaVcUk9MdDAs8qIP5.jpg','th.jpg','jpg','19575',113,'App\\Models\\Inventory',3,'App\\Models\\User','2023-12-18 12:03:27','2023-12-18 12:03:27'),
	(10,'attachments/Txy7QKow6t38xF9SnHuFF5sCUm5GS8QTcXoeSZ0L.jpg','OIP.jpg','jpg','20147',114,'App\\Models\\Inventory',4,'App\\Models\\User','2023-12-18 12:05:49','2023-12-18 12:05:49'),
	(11,'attachments/AjojnfvEIf5PV5IIpwhg611PZT0lr6SqeEt36SNS.jpg','R.jpg','jpg','230668',115,'App\\Models\\Inventory',4,'App\\Models\\User','2023-12-18 12:09:28','2023-12-18 12:09:28'),
	(12,'attachments/ppi1Z4CwTl0gb1iuI80i5YfDIrOZgqg8McQZ82ko.jpg','OIP (2).jpg','jpg','13260',117,'App\\Models\\Inventory',7,'App\\Models\\User','2023-12-18 12:50:04','2023-12-18 12:50:04'),
	(13,'attachments/d6t3HXSf9xcjVkml3uwXdBfzhTh5eS1zNUfw3SW0.jpg','OIP (2).jpg','jpg','13260',118,'App\\Models\\Inventory',7,'App\\Models\\User','2023-12-18 12:54:38','2023-12-18 12:54:38'),
	(14,'attachments/VXlGrGJGqbYFTc4qgG5tXqjvCSFjscYcuihO4QhP.webp','a1f280f2-059b-48c4-8840-1b28f13d6d5c.webp','webp','168544',119,'App\\Models\\Inventory',7,'App\\Models\\User','2023-12-18 13:00:13','2023-12-18 13:00:13'),
	(15,'attachments/mw73ILHQVPpnoAAb7uDMfB2eAYv9U6wjv3dpbFCL.webp','confluence-1693602-1442643.webp','webp','10596',120,'App\\Models\\Inventory',5,'App\\Models\\User','2023-12-18 13:25:59','2023-12-18 13:25:59'),
	(16,'attachments/cACbvZH7c9v6yWpZ79a2NlpmRS802lpwiDoe5Uto.jpg','OIP (4).jpg','jpg','23046',121,'App\\Models\\Inventory',5,'App\\Models\\User','2023-12-18 13:29:58','2023-12-18 13:29:58'),
	(17,'attachments/YsNNhoA24027bNTFQADO5r5QnTlv70wtyN5irvjL.jpg','Paylocity2.jpg','jpg','50436',122,'App\\Models\\Inventory',4,'App\\Models\\User','2023-12-19 05:18:43','2023-12-19 05:18:43'),
	(18,'attachments/pn6OfzG7W62PN7sAIQnuBJlx23amwOcs8a20G9Rc.jpg','Paylocity2.jpg','jpg','32739',123,'App\\Models\\Inventory',6,'App\\Models\\User','2023-12-19 11:14:50','2023-12-19 11:14:50'),
	(19,'attachments/WujiFVJfTX6abfNmttZTH8CVU12vYwMbml4TUR6H.jpg','Paylocity2.jpg','jpg','32739',124,'App\\Models\\Inventory',6,'App\\Models\\User','2023-12-19 11:18:17','2023-12-19 11:18:17');



# Dump of table attribute_categories
# ------------------------------------------------------------


CREATE TABLE `attribute_categories` (
  `id` bigint(20) unsigned NOT NULL AUTO_INCREMENT,
  `category_id` int(10) unsigned DEFAULT NULL,
  `attribute_id` int(10) unsigned DEFAULT NULL,
  `created_at` timestamp NULL DEFAULT NULL,
  `updated_at` timestamp NULL DEFAULT NULL,
  PRIMARY KEY (`id`),
  KEY `attribute_categories_attribute_id_foreign` (`attribute_id`),
  KEY `attribute_categories_category_id_foreign` (`category_id`),
  CONSTRAINT `attribute_categories_attribute_id_foreign` FOREIGN KEY (`attribute_id`) REFERENCES `attributes` (`id`) ON DELETE CASCADE,
  CONSTRAINT `attribute_categories_category_id_foreign` FOREIGN KEY (`category_id`) REFERENCES `categories` (`id`) ON DELETE CASCADE
) ENGINE=InnoDB DEFAULT CHARSET=utf8mb3 COLLATE=utf8mb3_unicode_ci;


INSERT INTO `attribute_categories` (`id`, `category_id`, `attribute_id`, `created_at`, `updated_at`)
VALUES
	(1,18,1,'2022-08-02 21:57:43','2022-08-02 21:57:43'),
	(2,18,2,'2022-08-02 21:57:43','2022-08-02 21:57:43'),
	(3,18,3,'2022-08-02 21:57:43','2022-08-02 21:57:43'),
	(4,18,4,'2022-08-02 21:57:43','2022-08-02 21:57:43'),
	(5,18,6,'2022-08-02 21:57:43','2022-08-02 21:57:43'),
	(6,27,1,'2022-08-02 21:57:43','2022-08-02 21:57:43'),
	(7,27,2,'2022-08-02 21:57:43','2022-08-02 21:57:43'),
	(8,27,4,'2022-08-02 21:57:43','2022-08-02 21:57:43'),
	(9,9,1,'2022-08-02 21:57:43','2022-08-02 21:57:43'),
	(10,9,2,'2022-08-02 21:57:43','2022-08-02 21:57:43'),
	(11,9,3,'2022-08-02 21:57:43','2022-08-02 21:57:43'),
	(12,9,4,'2022-08-02 21:57:43','2022-08-02 21:57:43'),
	(13,9,6,'2022-08-02 21:57:43','2022-08-02 21:57:43'),
	(14,38,2,'2022-08-02 21:57:43','2022-08-02 21:57:43'),
	(15,38,3,'2022-08-02 21:57:43','2022-08-02 21:57:43'),
	(16,19,1,'2022-08-02 21:57:43','2022-08-02 21:57:43'),
	(17,19,2,'2022-08-02 21:57:43','2022-08-02 21:57:43'),
	(18,24,2,'2022-08-02 21:57:43','2022-08-02 21:57:43'),
	(19,24,5,'2022-08-02 21:57:43','2022-08-02 21:57:43'),
	(20,24,3,'2022-08-02 21:57:43','2022-08-02 21:57:43'),
	(21,24,6,'2022-08-02 21:57:43','2022-08-02 21:57:43'),
	(22,34,4,'2022-08-02 21:57:43','2022-08-02 21:57:43'),
	(23,34,6,'2022-08-02 21:57:43','2022-08-02 21:57:43'),
	(24,39,2,'2022-08-02 21:57:43','2022-08-02 21:57:43'),
	(25,39,5,'2022-08-02 21:57:43','2022-08-02 21:57:43'),
	(26,39,3,'2022-08-02 21:57:43','2022-08-02 21:57:43'),
	(27,39,4,'2022-08-02 21:57:43','2022-08-02 21:57:43'),
	(28,39,6,'2022-08-02 21:57:43','2022-08-02 21:57:43'),
	(29,8,1,'2022-08-02 21:57:43','2022-08-02 21:57:43'),
	(30,8,5,'2022-08-02 21:57:43','2022-08-02 21:57:43'),
	(31,8,4,'2022-08-02 21:57:43','2022-08-02 21:57:43'),
	(32,8,6,'2022-08-02 21:57:43','2022-08-02 21:57:43'),
	(33,2,5,'2022-08-02 21:57:43','2022-08-02 21:57:43'),
	(34,2,4,'2022-08-02 21:57:43','2022-08-02 21:57:43'),
	(35,2,6,'2022-08-02 21:57:43','2022-08-02 21:57:43'),
	(36,4,5,'2022-08-02 21:57:43','2022-08-02 21:57:43'),
	(37,4,3,'2022-08-02 21:57:43','2022-08-02 21:57:43'),
	(38,4,4,'2022-08-02 21:57:43','2022-08-02 21:57:43'),
	(39,4,6,'2022-08-02 21:57:43','2022-08-02 21:57:43'),
	(40,7,1,'2022-08-02 21:57:43','2022-08-02 21:57:43'),
	(41,7,2,'2022-08-02 21:57:43','2022-08-02 21:57:43'),
	(42,7,5,'2022-08-02 21:57:43','2022-08-02 21:57:43'),
	(43,7,4,'2022-08-02 21:57:43','2022-08-02 21:57:43'),
	(44,7,6,'2022-08-02 21:57:43','2022-08-02 21:57:43'),
	(45,12,2,'2022-08-02 21:57:43','2022-08-02 21:57:43'),
	(46,12,4,'2022-08-02 21:57:43','2022-08-02 21:57:43'),
	(47,12,6,'2022-08-02 21:57:43','2022-08-02 21:57:43'),
	(48,3,1,'2022-08-02 21:57:43','2022-08-02 21:57:43'),
	(49,3,2,'2022-08-02 21:57:43','2022-08-02 21:57:43'),
	(50,16,1,'2022-08-02 21:57:43','2022-08-02 21:57:43'),
	(51,16,2,'2022-08-02 21:57:43','2022-08-02 21:57:43'),
	(52,16,5,'2022-08-02 21:57:43','2022-08-02 21:57:43'),
	(53,16,4,'2022-08-02 21:57:43','2022-08-02 21:57:43'),
	(54,16,6,'2022-08-02 21:57:43','2022-08-02 21:57:43'),
	(55,25,5,'2022-08-02 21:57:43','2022-08-02 21:57:43'),
	(56,25,3,'2022-08-02 21:57:43','2022-08-02 21:57:43'),
	(57,25,4,'2022-08-02 21:57:43','2022-08-02 21:57:43'),
	(58,25,6,'2022-08-02 21:57:43','2022-08-02 21:57:43'),
	(59,26,1,'2022-08-02 21:57:43','2022-08-02 21:57:43'),
	(60,26,2,'2022-08-02 21:57:43','2022-08-02 21:57:43'),
	(61,26,5,'2022-08-02 21:57:43','2022-08-02 21:57:43'),
	(62,26,4,'2022-08-02 21:57:43','2022-08-02 21:57:43'),
	(63,26,6,'2022-08-02 21:57:43','2022-08-02 21:57:43'),
	(64,29,1,'2022-08-02 21:57:43','2022-08-02 21:57:43'),
	(65,29,2,'2022-08-02 21:57:43','2022-08-02 21:57:43'),
	(66,29,4,'2022-08-02 21:57:43','2022-08-02 21:57:43'),
	(67,29,6,'2022-08-02 21:57:43','2022-08-02 21:57:43'),
	(68,14,1,'2022-08-02 21:57:43','2022-08-02 21:57:43'),
	(69,14,2,'2022-08-02 21:57:43','2022-08-02 21:57:43'),
	(70,14,5,'2022-08-02 21:57:43','2022-08-02 21:57:43'),
	(71,15,2,'2022-08-02 21:57:43','2022-08-02 21:57:43'),
	(72,15,5,'2022-08-02 21:57:43','2022-08-02 21:57:43'),
	(73,15,3,'2022-08-02 21:57:43','2022-08-02 21:57:43'),
	(74,15,6,'2022-08-02 21:57:43','2022-08-02 21:57:43'),
	(75,22,1,'2022-08-02 21:57:43','2022-08-02 21:57:43'),
	(76,22,2,'2022-08-02 21:57:43','2022-08-02 21:57:43'),
	(77,22,4,'2022-08-02 21:57:43','2022-08-02 21:57:43'),
	(78,22,6,'2022-08-02 21:57:43','2022-08-02 21:57:43'),
	(79,32,1,'2022-08-02 21:57:43','2022-08-02 21:57:43'),
	(80,32,2,'2022-08-02 21:57:43','2022-08-02 21:57:43'),
	(81,32,5,'2022-08-02 21:57:43','2022-08-02 21:57:43'),
	(82,32,6,'2022-08-02 21:57:43','2022-08-02 21:57:43'),
	(83,35,2,'2022-08-02 21:57:43','2022-08-02 21:57:43'),
	(84,35,5,'2022-08-02 21:57:43','2022-08-02 21:57:43'),
	(85,35,3,'2022-08-02 21:57:43','2022-08-02 21:57:43'),
	(86,35,4,'2022-08-02 21:57:43','2022-08-02 21:57:43'),
	(87,1,1,'2022-08-02 21:57:43','2022-08-02 21:57:43'),
	(88,1,2,'2022-08-02 21:57:43','2022-08-02 21:57:43'),
	(89,1,5,'2022-08-02 21:57:43','2022-08-02 21:57:43'),
	(90,1,3,'2022-08-02 21:57:43','2022-08-02 21:57:43'),
	(91,1,6,'2022-08-02 21:57:43','2022-08-02 21:57:43'),
	(92,20,2,'2022-08-02 21:57:43','2022-08-02 21:57:43'),
	(93,20,3,'2022-08-02 21:57:43','2022-08-02 21:57:43'),
	(94,30,1,'2022-08-02 21:57:43','2022-08-02 21:57:43'),
	(95,30,2,'2022-08-02 21:57:43','2022-08-02 21:57:43'),
	(96,30,3,'2022-08-02 21:57:43','2022-08-02 21:57:43'),
	(97,30,4,'2022-08-02 21:57:43','2022-08-02 21:57:43'),
	(98,30,6,'2022-08-02 21:57:43','2022-08-02 21:57:43'),
	(99,28,1,'2022-08-02 21:57:43','2022-08-02 21:57:43'),
	(100,28,3,'2022-08-02 21:57:43','2022-08-02 21:57:43'),
	(101,36,2,'2022-08-02 21:57:43','2022-08-02 21:57:43'),
	(102,36,5,'2022-08-02 21:57:43','2022-08-02 21:57:43'),
	(103,36,3,'2022-08-02 21:57:43','2022-08-02 21:57:43'),
	(104,36,4,'2022-08-02 21:57:43','2022-08-02 21:57:43'),
	(105,5,1,'2022-08-02 21:57:43','2022-08-02 21:57:43'),
	(106,5,2,'2022-08-02 21:57:43','2022-08-02 21:57:43'),
	(107,5,3,'2022-08-02 21:57:43','2022-08-02 21:57:43'),
	(108,5,6,'2022-08-02 21:57:43','2022-08-02 21:57:43'),
	(109,17,3,'2022-08-02 21:57:43','2022-08-02 21:57:43'),
	(110,17,4,'2022-08-02 21:57:43','2022-08-02 21:57:43'),
	(111,17,6,'2022-08-02 21:57:43','2022-08-02 21:57:43'),
	(112,40,1,'2022-08-02 21:57:43','2022-08-02 21:57:43'),
	(113,40,5,'2022-08-02 21:57:43','2022-08-02 21:57:43'),
	(114,40,4,'2022-08-02 21:57:43','2022-08-02 21:57:43'),
	(117,10,3,'2022-08-02 21:57:43','2022-08-02 21:57:43'),
	(120,31,3,'2022-08-02 21:57:43','2022-08-02 21:57:43'),
	(121,31,6,'2022-08-02 21:57:43','2022-08-02 21:57:43'),
	(122,21,1,'2022-08-02 21:57:43','2022-08-02 21:57:43'),
	(123,21,2,'2022-08-02 21:57:43','2022-08-02 21:57:43'),
	(124,21,3,'2022-08-02 21:57:43','2022-08-02 21:57:43'),
	(125,33,2,'2022-08-02 21:57:43','2022-08-02 21:57:43'),
	(126,33,5,'2022-08-02 21:57:43','2022-08-02 21:57:43'),
	(127,33,3,'2022-08-02 21:57:43','2022-08-02 21:57:43'),
	(128,33,4,'2022-08-02 21:57:43','2022-08-02 21:57:43'),
	(129,33,6,'2022-08-02 21:57:43','2022-08-02 21:57:43'),
	(130,37,5,'2022-08-02 21:57:43','2022-08-02 21:57:43'),
	(131,37,4,'2022-08-02 21:57:43','2022-08-02 21:57:43'),
	(132,13,1,'2022-08-02 21:57:43','2022-08-02 21:57:43'),
	(133,13,5,'2022-08-02 21:57:43','2022-08-02 21:57:43'),
	(134,13,3,'2022-08-02 21:57:43','2022-08-02 21:57:43'),
	(135,13,4,'2022-08-02 21:57:43','2022-08-02 21:57:43'),
	(136,13,6,'2022-08-02 21:57:43','2022-08-02 21:57:43'),
	(137,11,1,'2022-08-02 21:57:43','2022-08-02 21:57:43'),
	(138,11,5,'2022-08-02 21:57:43','2022-08-02 21:57:43'),
	(139,11,3,'2022-08-02 21:57:43','2022-08-02 21:57:43'),
	(140,11,4,'2022-08-02 21:57:43','2022-08-02 21:57:43'),
	(141,23,1,'2022-08-02 21:57:43','2022-08-02 21:57:43'),
	(142,23,3,'2022-08-02 21:57:43','2022-08-02 21:57:43'),
	(143,23,4,'2022-08-02 21:57:43','2022-08-02 21:57:43'),
	(144,6,2,'2022-08-02 21:57:43','2022-08-02 21:57:43'),
	(145,6,3,'2022-08-02 21:57:43','2022-08-02 21:57:43'),
	(146,6,6,'2022-08-02 21:57:43','2022-08-02 21:57:43');



# Dump of table attribute_inventory
# ------------------------------------------------------------


CREATE TABLE `attribute_inventory` (
  `attribute_id` int(10) unsigned NOT NULL,
  `inventory_id` bigint(20) unsigned NOT NULL,
  `attribute_value_id` int(10) unsigned NOT NULL,
  `created_at` timestamp NULL DEFAULT NULL,
  `updated_at` timestamp NULL DEFAULT NULL,
  KEY `attribute_inventory_attribute_id_index` (`attribute_id`),
  KEY `attribute_inventory_inventory_id_index` (`inventory_id`),
  KEY `attribute_inventory_attribute_value_id_index` (`attribute_value_id`),
  CONSTRAINT `attribute_inventory_attribute_id_foreign` FOREIGN KEY (`attribute_id`) REFERENCES `attributes` (`id`) ON DELETE CASCADE,
  CONSTRAINT `attribute_inventory_attribute_value_id_foreign` FOREIGN KEY (`attribute_value_id`) REFERENCES `attribute_values` (`id`) ON DELETE CASCADE,
  CONSTRAINT `attribute_inventory_inventory_id_foreign` FOREIGN KEY (`inventory_id`) REFERENCES `inventories` (`id`) ON DELETE CASCADE
) ENGINE=InnoDB DEFAULT CHARSET=utf8mb3 COLLATE=utf8mb3_unicode_ci;


INSERT INTO `attribute_inventory` (`attribute_id`, `inventory_id`, `attribute_value_id`, `created_at`, `updated_at`)
VALUES
	(1,78,4,'2022-08-02 21:57:43','2022-08-02 21:57:43'),
	(2,101,30,'2022-08-02 21:57:43','2022-08-02 21:57:43'),
	(3,40,25,'2022-08-02 21:57:43','2022-08-02 21:57:43'),
	(4,69,15,'2022-08-02 21:57:43','2022-08-02 21:57:43'),
	(6,99,10,'2022-08-02 21:57:43','2022-08-02 21:57:43'),
	(1,57,12,'2022-08-02 21:57:43','2022-08-02 21:57:43'),
	(2,85,9,'2022-08-02 21:57:43','2022-08-02 21:57:43'),
	(4,22,23,'2022-08-02 21:57:43','2023-09-12 21:44:32'),
	(1,66,20,'2022-08-02 21:57:43','2022-08-02 21:57:43'),
	(2,28,9,'2022-08-02 21:57:43','2022-08-02 21:57:43'),
	(3,18,25,'2022-08-02 21:57:43','2022-08-02 21:57:43'),
	(4,97,1,'2022-08-02 21:57:43','2022-08-02 21:57:43'),
	(6,30,16,'2022-08-02 21:57:43','2023-09-17 13:00:42'),
	(2,28,9,'2022-08-02 21:57:43','2022-08-02 21:57:43'),
	(3,45,18,'2022-08-02 21:57:43','2022-08-02 21:57:43'),
	(1,2,20,'2022-08-02 21:57:43','2022-08-02 21:57:43'),
	(2,51,3,'2022-08-02 21:57:43','2022-08-02 21:57:43'),
	(2,65,3,'2022-08-02 21:57:43','2022-08-02 21:57:43'),
	(5,13,17,'2022-08-02 21:57:43','2022-08-02 21:57:43'),
	(3,79,19,'2022-08-02 21:57:43','2023-09-12 16:57:51'),
	(6,44,10,'2022-08-02 21:57:43','2022-08-02 21:57:43'),
	(4,9,22,'2022-08-02 21:57:43','2023-09-17 13:15:54'),
	(6,63,10,'2022-08-02 21:57:43','2022-08-02 21:57:43'),
	(2,19,3,'2022-08-02 21:57:43','2022-12-13 13:55:32'),
	(5,49,11,'2022-08-02 21:57:43','2023-09-17 13:18:07'),
	(3,24,25,'2022-08-02 21:57:43','2022-08-02 21:57:43'),
	(4,36,6,'2022-08-02 21:57:43','2023-09-17 13:17:11'),
	(6,58,13,'2022-08-02 21:57:43','2022-08-02 21:57:43'),
	(1,6,4,'2022-08-02 21:57:43','2022-08-02 21:57:43'),
	(5,88,7,'2022-08-02 21:57:43','2022-08-02 21:57:43'),
	(4,107,6,'2022-08-02 21:57:43','2022-08-02 21:57:43'),
	(6,14,10,'2022-08-02 21:57:43','2023-09-17 13:12:31'),
	(5,16,7,'2022-08-02 21:57:43','2022-08-02 21:57:43'),
	(4,96,1,'2022-08-02 21:57:43','2022-08-02 21:57:43'),
	(6,90,10,'2022-08-02 21:57:43','2022-08-02 21:57:43'),
	(3,44,8,'2022-08-02 21:57:43','2022-08-02 21:57:43'),
	(4,61,22,'2022-08-02 21:57:43','2023-09-17 13:20:22'),
	(6,24,24,'2022-08-02 21:57:43','2022-08-02 21:57:43'),
	(1,38,12,'2022-08-02 21:57:43','2022-08-02 21:57:43'),
	(2,34,3,'2022-08-02 21:57:43','2022-08-02 21:57:43'),
	(5,48,5,'2022-08-02 21:57:43','2022-08-02 21:57:43'),
	(4,90,1,'2022-08-02 21:57:43','2022-08-02 21:57:43'),
	(6,56,13,'2022-08-02 21:57:43','2022-08-02 21:57:43'),
	(2,35,28,'2022-08-02 21:57:43','2022-08-02 21:57:43'),
	(4,33,6,'2022-08-02 21:57:43','2023-09-30 10:04:59'),
	(6,82,13,'2022-08-02 21:57:43','2023-09-12 21:55:27'),
	(1,85,12,'2022-08-02 21:57:43','2022-08-02 21:57:43'),
	(2,47,9,'2022-08-02 21:57:43','2022-08-02 21:57:43'),
	(1,48,12,'2022-08-02 21:57:43','2022-08-02 21:57:43'),
	(2,104,28,'2022-08-02 21:57:43','2023-03-29 16:33:59'),
	(5,40,29,'2022-08-02 21:57:43','2022-08-02 21:57:43'),
	(4,90,6,'2022-08-02 21:57:43','2022-08-02 21:57:43'),
	(6,78,24,'2022-08-02 21:57:43','2022-08-02 21:57:43'),
	(5,75,7,'2022-08-02 21:57:43','2022-08-02 21:57:43'),
	(3,83,18,'2022-08-02 21:57:43','2022-08-02 21:57:43'),
	(4,38,15,'2022-08-02 21:57:43','2022-08-02 21:57:43'),
	(6,97,16,'2022-08-02 21:57:43','2022-08-02 21:57:43'),
	(1,91,4,'2022-08-02 21:57:43','2022-08-02 21:57:43'),
	(2,74,30,'2022-08-02 21:57:43','2023-09-12 13:53:28'),
	(5,104,29,'2022-08-02 21:57:43','2023-03-29 16:33:59'),
	(4,29,15,'2022-08-02 21:57:43','2022-08-02 21:57:43'),
	(6,3,13,'2022-08-02 21:57:43','2022-08-02 21:57:43'),
	(1,63,4,'2022-08-02 21:57:43','2022-08-02 21:57:43'),
	(2,5,9,'2022-08-02 21:57:43','2023-09-13 10:22:30'),
	(4,35,23,'2022-08-02 21:57:43','2022-08-02 21:57:43'),
	(6,14,10,'2022-08-02 21:57:43','2023-09-17 13:12:31'),
	(1,47,20,'2022-08-02 21:57:43','2022-08-02 21:57:43'),
	(2,36,3,'2022-08-02 21:57:43','2023-09-17 13:17:11'),
	(5,91,26,'2022-08-02 21:57:43','2022-08-02 21:57:43'),
	(2,23,21,'2022-08-02 21:57:43','2022-08-02 21:57:43'),
	(5,48,14,'2022-08-02 21:57:43','2022-08-02 21:57:43'),
	(3,28,25,'2022-08-02 21:57:43','2022-08-02 21:57:43'),
	(6,35,24,'2022-08-02 21:57:43','2022-08-02 21:57:43'),
	(1,107,12,'2022-08-02 21:57:43','2022-08-02 21:57:43'),
	(2,105,9,'2022-08-02 21:57:43','2023-09-17 13:14:19'),
	(4,37,22,'2022-08-02 21:57:43','2022-08-02 21:57:43'),
	(6,31,2,'2022-08-02 21:57:43','2022-08-02 21:57:43'),
	(1,32,4,'2022-08-02 21:57:43','2022-08-02 21:57:43'),
	(2,31,9,'2022-08-02 21:57:43','2022-08-02 21:57:43'),
	(5,40,5,'2022-08-02 21:57:43','2022-08-02 21:57:43'),
	(6,107,27,'2022-08-02 21:57:43','2022-08-02 21:57:43'),
	(2,22,3,'2022-08-02 21:57:43','2023-09-12 21:44:32'),
	(5,76,5,'2022-08-02 21:57:43','2022-08-02 21:57:43'),
	(3,90,8,'2022-08-02 21:57:43','2022-08-02 21:57:43'),
	(4,65,23,'2022-08-02 21:57:43','2022-08-02 21:57:43'),
	(1,87,4,'2022-08-02 21:57:43','2022-08-02 21:57:43'),
	(2,50,3,'2022-08-02 21:57:43','2022-08-02 21:57:43'),
	(3,95,8,'2022-08-02 21:57:43','2022-08-02 21:57:43'),
	(6,35,10,'2022-08-02 21:57:43','2022-08-02 21:57:43'),
	(2,66,28,'2022-08-02 21:57:43','2022-08-02 21:57:43'),
	(3,37,19,'2022-08-02 21:57:43','2022-08-02 21:57:43'),
	(1,17,4,'2022-08-02 21:57:43','2022-08-02 21:57:43'),
	(2,67,28,'2022-08-02 21:57:43','2022-08-02 21:57:43'),
	(3,13,25,'2022-08-02 21:57:43','2022-08-02 21:57:43'),
	(4,3,6,'2022-08-02 21:57:43','2022-08-02 21:57:43'),
	(6,7,2,'2022-08-02 21:57:43','2023-09-30 10:04:15'),
	(1,46,20,'2022-08-02 21:57:43','2022-08-02 21:57:43'),
	(3,54,19,'2022-08-02 21:57:43','2022-12-13 13:56:31'),
	(2,48,21,'2022-08-02 21:57:43','2022-08-02 21:57:43'),
	(5,13,14,'2022-08-02 21:57:43','2022-08-02 21:57:43'),
	(3,80,25,'2022-08-02 21:57:43','2022-08-02 21:57:43'),
	(4,15,6,'2022-08-02 21:57:43','2022-08-02 21:57:43'),
	(1,83,20,'2022-08-02 21:57:43','2022-08-02 21:57:43'),
	(2,36,3,'2022-08-02 21:57:43','2023-09-17 13:17:11'),
	(3,58,18,'2022-08-02 21:57:43','2022-08-02 21:57:43'),
	(6,107,27,'2022-08-02 21:57:43','2022-08-02 21:57:43'),
	(3,29,18,'2022-08-02 21:57:43','2022-08-02 21:57:43'),
	(4,106,1,'2022-08-02 21:57:43','2022-08-02 21:57:43'),
	(6,39,27,'2022-08-02 21:57:43','2022-08-02 21:57:43'),
	(1,83,4,'2022-08-02 21:57:43','2022-08-02 21:57:43'),
	(5,11,26,'2022-08-02 21:57:43','2022-08-02 21:57:43'),
	(4,83,6,'2022-08-02 21:57:43','2022-08-02 21:57:43'),
	(1,102,12,'2022-08-02 21:57:43','2023-09-12 22:09:47'),
	(5,81,14,'2022-08-02 21:57:43','2022-08-02 21:57:43'),
	(3,82,19,'2022-08-02 21:57:43','2023-09-12 21:55:27'),
	(4,43,23,'2022-08-02 21:57:43','2022-08-02 21:57:43'),
	(6,14,10,'2022-08-02 21:57:43','2023-09-17 13:12:31'),
	(3,29,18,'2022-08-02 21:57:43','2022-08-02 21:57:43'),
	(6,77,27,'2022-08-02 21:57:43','2022-08-02 21:57:43'),
	(1,86,12,'2022-08-02 21:57:43','2022-08-02 21:57:43'),
	(2,8,9,'2022-08-02 21:57:43','2022-08-02 21:57:43'),
	(3,90,8,'2022-08-02 21:57:43','2022-08-02 21:57:43'),
	(2,57,28,'2022-08-02 21:57:43','2022-08-02 21:57:43'),
	(5,10,29,'2022-08-02 21:57:43','2022-08-02 21:57:43'),
	(3,94,8,'2022-08-02 21:57:43','2022-08-02 21:57:43'),
	(4,44,15,'2022-08-02 21:57:43','2022-08-02 21:57:43'),
	(6,11,27,'2022-08-02 21:57:43','2022-08-02 21:57:43'),
	(5,24,5,'2022-08-02 21:57:43','2022-08-02 21:57:43'),
	(4,48,22,'2022-08-02 21:57:43','2022-08-02 21:57:43'),
	(1,100,20,'2022-08-02 21:57:43','2022-08-02 21:57:43'),
	(5,68,14,'2022-08-02 21:57:43','2022-08-02 21:57:43'),
	(3,24,8,'2022-08-02 21:57:43','2022-08-02 21:57:43'),
	(4,60,23,'2022-08-02 21:57:43','2022-08-02 21:57:43'),
	(6,69,27,'2022-08-02 21:57:43','2022-08-02 21:57:43'),
	(1,35,4,'2022-08-02 21:57:43','2022-08-02 21:57:43'),
	(3,3,25,'2022-08-02 21:57:43','2022-08-02 21:57:43'),
	(4,90,6,'2022-08-02 21:57:43','2022-08-02 21:57:43'),
	(1,2,4,'2022-08-02 21:57:43','2022-08-02 21:57:43'),
	(3,39,25,'2022-08-02 21:57:43','2022-08-02 21:57:43'),
	(4,105,23,'2022-08-02 21:57:43','2023-09-17 13:14:19'),
	(2,45,9,'2022-08-02 21:57:43','2022-08-02 21:57:43'),
	(3,78,25,'2022-08-02 21:57:43','2022-08-02 21:57:43'),
	(6,18,2,'2022-08-02 21:57:43','2022-08-02 21:57:43'),
	(2,108,3,'2022-12-14 09:42:56','2022-12-14 09:50:31'),
	(1,108,4,'2022-12-14 09:42:56','2022-12-14 09:50:31'),
	(6,108,16,'2022-12-14 09:42:56','2022-12-14 09:50:31'),
	(1,78,4,'2022-08-02 21:57:43','2022-08-02 21:57:43'),
	(2,101,30,'2022-08-02 21:57:43','2022-08-02 21:57:43'),
	(3,40,25,'2022-08-02 21:57:43','2022-08-02 21:57:43'),
	(4,69,15,'2022-08-02 21:57:43','2022-08-02 21:57:43'),
	(6,99,10,'2022-08-02 21:57:43','2022-08-02 21:57:43'),
	(1,57,12,'2022-08-02 21:57:43','2022-08-02 21:57:43'),
	(2,85,9,'2022-08-02 21:57:43','2022-08-02 21:57:43'),
	(4,22,23,'2022-08-02 21:57:43','2023-09-12 21:44:32'),
	(1,66,20,'2022-08-02 21:57:43','2022-08-02 21:57:43'),
	(2,28,9,'2022-08-02 21:57:43','2022-08-02 21:57:43'),
	(3,18,25,'2022-08-02 21:57:43','2022-08-02 21:57:43'),
	(4,97,1,'2022-08-02 21:57:43','2022-08-02 21:57:43'),
	(6,30,16,'2022-08-02 21:57:43','2023-09-17 13:00:42'),
	(2,28,9,'2022-08-02 21:57:43','2022-08-02 21:57:43'),
	(3,45,18,'2022-08-02 21:57:43','2022-08-02 21:57:43'),
	(1,2,20,'2022-08-02 21:57:43','2022-08-02 21:57:43'),
	(2,51,3,'2022-08-02 21:57:43','2022-08-02 21:57:43'),
	(2,65,3,'2022-08-02 21:57:43','2022-08-02 21:57:43'),
	(5,13,17,'2022-08-02 21:57:43','2022-08-02 21:57:43'),
	(3,79,19,'2022-08-02 21:57:43','2023-09-12 16:57:51'),
	(6,44,10,'2022-08-02 21:57:43','2022-08-02 21:57:43'),
	(4,9,22,'2022-08-02 21:57:43','2023-09-17 13:15:54'),
	(6,63,10,'2022-08-02 21:57:43','2022-08-02 21:57:43'),
	(2,19,3,'2022-08-02 21:57:43','2022-12-13 13:55:32'),
	(5,49,11,'2022-08-02 21:57:43','2023-09-17 13:18:07'),
	(3,24,25,'2022-08-02 21:57:43','2022-08-02 21:57:43'),
	(4,36,6,'2022-08-02 21:57:43','2023-09-17 13:17:11'),
	(6,58,13,'2022-08-02 21:57:43','2022-08-02 21:57:43'),
	(1,6,4,'2022-08-02 21:57:43','2022-08-02 21:57:43'),
	(5,88,7,'2022-08-02 21:57:43','2022-08-02 21:57:43'),
	(4,107,6,'2022-08-02 21:57:43','2022-08-02 21:57:43'),
	(6,14,10,'2022-08-02 21:57:43','2023-09-17 13:12:31'),
	(5,16,7,'2022-08-02 21:57:43','2022-08-02 21:57:43'),
	(4,96,1,'2022-08-02 21:57:43','2022-08-02 21:57:43'),
	(6,90,10,'2022-08-02 21:57:43','2022-08-02 21:57:43'),
	(3,44,8,'2022-08-02 21:57:43','2022-08-02 21:57:43'),
	(4,61,22,'2022-08-02 21:57:43','2023-09-17 13:20:22'),
	(6,24,24,'2022-08-02 21:57:43','2022-08-02 21:57:43'),
	(1,38,12,'2022-08-02 21:57:43','2022-08-02 21:57:43'),
	(2,34,3,'2022-08-02 21:57:43','2022-08-02 21:57:43'),
	(5,48,5,'2022-08-02 21:57:43','2022-08-02 21:57:43'),
	(4,90,1,'2022-08-02 21:57:43','2022-08-02 21:57:43'),
	(6,56,13,'2022-08-02 21:57:43','2022-08-02 21:57:43'),
	(2,35,28,'2022-08-02 21:57:43','2022-08-02 21:57:43'),
	(4,33,6,'2022-08-02 21:57:43','2023-09-30 10:04:59'),
	(6,82,13,'2022-08-02 21:57:43','2023-09-12 21:55:27'),
	(1,85,12,'2022-08-02 21:57:43','2022-08-02 21:57:43'),
	(2,47,9,'2022-08-02 21:57:43','2022-08-02 21:57:43'),
	(1,48,12,'2022-08-02 21:57:43','2022-08-02 21:57:43'),
	(2,104,28,'2022-08-02 21:57:43','2023-03-29 16:33:59'),
	(5,40,29,'2022-08-02 21:57:43','2022-08-02 21:57:43'),
	(4,90,6,'2022-08-02 21:57:43','2022-08-02 21:57:43'),
	(6,78,24,'2022-08-02 21:57:43','2022-08-02 21:57:43'),
	(5,75,7,'2022-08-02 21:57:43','2022-08-02 21:57:43'),
	(3,83,18,'2022-08-02 21:57:43','2022-08-02 21:57:43'),
	(4,38,15,'2022-08-02 21:57:43','2022-08-02 21:57:43'),
	(6,97,16,'2022-08-02 21:57:43','2022-08-02 21:57:43'),
	(1,91,4,'2022-08-02 21:57:43','2022-08-02 21:57:43'),
	(2,74,30,'2022-08-02 21:57:43','2023-09-12 13:53:28'),
	(5,104,29,'2022-08-02 21:57:43','2023-03-29 16:33:59'),
	(4,29,15,'2022-08-02 21:57:43','2022-08-02 21:57:43'),
	(6,3,13,'2022-08-02 21:57:43','2022-08-02 21:57:43'),
	(1,63,4,'2022-08-02 21:57:43','2022-08-02 21:57:43'),
	(2,5,9,'2022-08-02 21:57:43','2023-09-13 10:22:30'),
	(4,35,23,'2022-08-02 21:57:43','2022-08-02 21:57:43'),
	(6,14,10,'2022-08-02 21:57:43','2023-09-17 13:12:31'),
	(1,47,20,'2022-08-02 21:57:43','2022-08-02 21:57:43'),
	(2,36,3,'2022-08-02 21:57:43','2023-09-17 13:17:11'),
	(5,91,26,'2022-08-02 21:57:43','2022-08-02 21:57:43'),
	(2,23,21,'2022-08-02 21:57:43','2022-08-02 21:57:43'),
	(5,48,14,'2022-08-02 21:57:43','2022-08-02 21:57:43'),
	(3,28,25,'2022-08-02 21:57:43','2022-08-02 21:57:43'),
	(6,35,24,'2022-08-02 21:57:43','2022-08-02 21:57:43'),
	(1,107,12,'2022-08-02 21:57:43','2022-08-02 21:57:43'),
	(2,105,9,'2022-08-02 21:57:43','2023-09-17 13:14:19'),
	(4,37,22,'2022-08-02 21:57:43','2022-08-02 21:57:43'),
	(6,31,2,'2022-08-02 21:57:43','2022-08-02 21:57:43'),
	(1,32,4,'2022-08-02 21:57:43','2022-08-02 21:57:43'),
	(2,31,9,'2022-08-02 21:57:43','2022-08-02 21:57:43'),
	(5,40,5,'2022-08-02 21:57:43','2022-08-02 21:57:43'),
	(6,107,27,'2022-08-02 21:57:43','2022-08-02 21:57:43'),
	(2,22,3,'2022-08-02 21:57:43','2023-09-12 21:44:32'),
	(5,76,5,'2022-08-02 21:57:43','2022-08-02 21:57:43'),
	(3,90,8,'2022-08-02 21:57:43','2022-08-02 21:57:43'),
	(4,65,23,'2022-08-02 21:57:43','2022-08-02 21:57:43'),
	(1,87,4,'2022-08-02 21:57:43','2022-08-02 21:57:43'),
	(2,50,3,'2022-08-02 21:57:43','2022-08-02 21:57:43'),
	(3,95,8,'2022-08-02 21:57:43','2022-08-02 21:57:43'),
	(6,35,10,'2022-08-02 21:57:43','2022-08-02 21:57:43'),
	(2,66,28,'2022-08-02 21:57:43','2022-08-02 21:57:43'),
	(3,37,19,'2022-08-02 21:57:43','2022-08-02 21:57:43'),
	(1,17,4,'2022-08-02 21:57:43','2022-08-02 21:57:43'),
	(2,67,28,'2022-08-02 21:57:43','2022-08-02 21:57:43'),
	(3,13,25,'2022-08-02 21:57:43','2022-08-02 21:57:43'),
	(4,3,6,'2022-08-02 21:57:43','2022-08-02 21:57:43'),
	(6,7,2,'2022-08-02 21:57:43','2023-09-30 10:04:15'),
	(1,46,20,'2022-08-02 21:57:43','2022-08-02 21:57:43'),
	(3,54,19,'2022-08-02 21:57:43','2022-12-13 13:56:31'),
	(2,48,21,'2022-08-02 21:57:43','2022-08-02 21:57:43'),
	(5,13,14,'2022-08-02 21:57:43','2022-08-02 21:57:43'),
	(3,80,25,'2022-08-02 21:57:43','2022-08-02 21:57:43'),
	(4,15,6,'2022-08-02 21:57:43','2022-08-02 21:57:43'),
	(1,83,20,'2022-08-02 21:57:43','2022-08-02 21:57:43'),
	(2,36,3,'2022-08-02 21:57:43','2023-09-17 13:17:11'),
	(3,58,18,'2022-08-02 21:57:43','2022-08-02 21:57:43'),
	(6,107,27,'2022-08-02 21:57:43','2022-08-02 21:57:43'),
	(3,29,18,'2022-08-02 21:57:43','2022-08-02 21:57:43'),
	(4,106,1,'2022-08-02 21:57:43','2022-08-02 21:57:43'),
	(6,39,27,'2022-08-02 21:57:43','2022-08-02 21:57:43'),
	(1,83,4,'2022-08-02 21:57:43','2022-08-02 21:57:43'),
	(5,11,26,'2022-08-02 21:57:43','2022-08-02 21:57:43'),
	(4,83,6,'2022-08-02 21:57:43','2022-08-02 21:57:43'),
	(1,102,12,'2022-08-02 21:57:43','2023-09-12 22:09:47'),
	(5,81,14,'2022-08-02 21:57:43','2022-08-02 21:57:43'),
	(3,82,19,'2022-08-02 21:57:43','2023-09-12 21:55:27'),
	(4,43,23,'2022-08-02 21:57:43','2022-08-02 21:57:43'),
	(6,14,10,'2022-08-02 21:57:43','2023-09-17 13:12:31'),
	(3,29,18,'2022-08-02 21:57:43','2022-08-02 21:57:43'),
	(6,77,27,'2022-08-02 21:57:43','2022-08-02 21:57:43'),
	(1,86,12,'2022-08-02 21:57:43','2022-08-02 21:57:43'),
	(2,8,9,'2022-08-02 21:57:43','2022-08-02 21:57:43'),
	(3,90,8,'2022-08-02 21:57:43','2022-08-02 21:57:43'),
	(2,57,28,'2022-08-02 21:57:43','2022-08-02 21:57:43'),
	(5,10,29,'2022-08-02 21:57:43','2022-08-02 21:57:43'),
	(3,94,8,'2022-08-02 21:57:43','2022-08-02 21:57:43'),
	(4,44,15,'2022-08-02 21:57:43','2022-08-02 21:57:43'),
	(6,11,27,'2022-08-02 21:57:43','2022-08-02 21:57:43'),
	(5,24,5,'2022-08-02 21:57:43','2022-08-02 21:57:43'),
	(4,48,22,'2022-08-02 21:57:43','2022-08-02 21:57:43'),
	(1,100,20,'2022-08-02 21:57:43','2022-08-02 21:57:43'),
	(5,68,14,'2022-08-02 21:57:43','2022-08-02 21:57:43'),
	(3,24,8,'2022-08-02 21:57:43','2022-08-02 21:57:43'),
	(4,60,23,'2022-08-02 21:57:43','2022-08-02 21:57:43'),
	(6,69,27,'2022-08-02 21:57:43','2022-08-02 21:57:43'),
	(1,35,4,'2022-08-02 21:57:43','2022-08-02 21:57:43'),
	(3,3,25,'2022-08-02 21:57:43','2022-08-02 21:57:43'),
	(4,90,6,'2022-08-02 21:57:43','2022-08-02 21:57:43'),
	(1,2,4,'2022-08-02 21:57:43','2022-08-02 21:57:43'),
	(3,39,25,'2022-08-02 21:57:43','2022-08-02 21:57:43'),
	(4,105,23,'2022-08-02 21:57:43','2023-09-17 13:14:19'),
	(2,45,9,'2022-08-02 21:57:43','2022-08-02 21:57:43'),
	(3,78,25,'2022-08-02 21:57:43','2022-08-02 21:57:43'),
	(6,18,2,'2022-08-02 21:57:43','2022-08-02 21:57:43'),
	(2,108,3,'2022-12-14 09:42:56','2022-12-14 09:50:31'),
	(1,108,4,'2022-12-14 09:42:56','2022-12-14 09:50:31'),
	(6,108,16,'2022-12-14 09:42:56','2022-12-14 09:50:31');



# Dump of table attribute_types
# ------------------------------------------------------------


CREATE TABLE `attribute_types` (
  `id` int(10) unsigned NOT NULL AUTO_INCREMENT,
  `type` varchar(100) COLLATE utf8mb3_unicode_ci NOT NULL,
  PRIMARY KEY (`id`),
  UNIQUE KEY `attribute_types_type_unique` (`type`)
) ENGINE=InnoDB DEFAULT CHARSET=utf8mb3 COLLATE=utf8mb3_unicode_ci;


INSERT INTO `attribute_types` (`id`, `type`)
VALUES
	(1,'Color/Pattern'),
	(2,'Radio'),
	(3,'Select');



# Dump of table attribute_values
# ------------------------------------------------------------


CREATE TABLE `attribute_values` (
  `id` int(10) unsigned NOT NULL AUTO_INCREMENT,
  `shop_id` int(10) unsigned DEFAULT NULL,
  `value` varchar(100) COLLATE utf8mb3_unicode_ci DEFAULT NULL,
  `color` varchar(20) COLLATE utf8mb3_unicode_ci DEFAULT NULL,
  `attribute_id` int(10) unsigned NOT NULL,
  `order` int(11) DEFAULT NULL,
  `deleted_at` timestamp NULL DEFAULT NULL,
  `created_at` timestamp NULL DEFAULT NULL,
  `updated_at` timestamp NULL DEFAULT NULL,
  PRIMARY KEY (`id`),
  KEY `attribute_values_attribute_id_foreign` (`attribute_id`),
  CONSTRAINT `attribute_values_attribute_id_foreign` FOREIGN KEY (`attribute_id`) REFERENCES `attributes` (`id`) ON DELETE CASCADE
) ENGINE=InnoDB DEFAULT CHARSET=utf8mb3 COLLATE=utf8mb3_unicode_ci;


INSERT INTO `attribute_values` (`id`, `shop_id`, `value`, `color`, `attribute_id`, `order`, `deleted_at`, `created_at`, `updated_at`)
VALUES
	(1,NULL,'nisi','#a18280',4,1,NULL,'2022-08-02 21:57:47','2022-08-02 21:57:47'),
	(2,4,'quisquam','#d23841',6,6,NULL,'2022-08-02 21:57:47','2022-08-02 21:57:47'),
	(3,5,'eius','#8a1909',2,4,NULL,'2022-08-02 21:57:47','2022-08-02 21:57:47'),
	(4,NULL,'quisquam','#ba6ed5',1,3,NULL,'2022-08-02 21:57:47','2022-08-02 21:57:47'),
	(5,2,'iste','#5cd553',5,6,NULL,'2022-08-02 21:57:47','2022-08-02 21:57:47'),
	(6,5,'ut','#756b28',4,1,NULL,'2022-08-02 21:57:47','2022-08-02 21:57:47'),
	(7,NULL,'eos','#948080',5,0,NULL,'2022-08-02 21:57:47','2022-08-02 21:57:47'),
	(8,3,'est','#c03a11',3,2,NULL,'2022-08-02 21:57:47','2022-08-02 21:57:47'),
	(9,2,'hic','#84fb0f',2,9,NULL,'2022-08-02 21:57:47','2022-08-02 21:57:47'),
	(10,NULL,'quo','#e423ea',6,9,NULL,'2022-08-02 21:57:47','2022-08-02 21:57:47'),
	(11,NULL,'id','#880b38',5,0,NULL,'2022-08-02 21:57:47','2022-08-02 21:57:47'),
	(12,2,'repudiandae','#701799',1,7,NULL,'2022-08-02 21:57:47','2022-08-02 21:57:47'),
	(13,3,'sint','#0c3a96',6,8,NULL,'2022-08-02 21:57:47','2022-08-02 21:57:47'),
	(14,NULL,'totam','#e118a4',5,5,NULL,'2022-08-02 21:57:47','2022-08-02 21:57:47'),
	(15,5,'sint','#a33d9d',4,8,NULL,'2022-08-02 21:57:47','2022-08-02 21:57:47'),
	(16,2,'qui','#9ac904',6,2,NULL,'2022-08-02 21:57:47','2022-08-02 21:57:47'),
	(17,4,'optio','#c847b8',5,4,NULL,'2022-08-02 21:57:47','2022-08-02 21:57:47'),
	(18,3,'atque','#d37abb',3,5,NULL,'2022-08-02 21:57:47','2022-08-02 21:57:47'),
	(19,NULL,'aperiam','#f48730',3,1,NULL,'2022-08-02 21:57:47','2022-08-02 21:57:47'),
	(20,NULL,'id','#9c222a',1,9,NULL,'2022-08-02 21:57:47','2022-08-02 21:57:47'),
	(21,4,'fuga','#ae6ffe',2,0,NULL,'2022-08-02 21:57:47','2022-08-02 21:57:47'),
	(22,2,'aut','#ced7e6',4,5,NULL,'2022-08-02 21:57:47','2022-08-02 21:57:47'),
	(23,3,'omnis','#22dcca',4,5,NULL,'2022-08-02 21:57:47','2022-08-02 21:57:47'),
	(24,2,'est','#e1dd74',6,1,NULL,'2022-08-02 21:57:47','2022-08-02 21:57:47'),
	(25,NULL,'rem','#57cf6c',3,2,NULL,'2022-08-02 21:57:47','2022-08-02 21:57:47'),
	(26,5,'neque','#194ef7',5,4,NULL,'2022-08-02 21:57:47','2022-08-02 21:57:47'),
	(27,NULL,'asperiores','#b6eaa4',6,6,NULL,'2022-08-02 21:57:47','2022-08-02 21:57:47'),
	(28,5,'explicabo','#8fc8e7',2,3,NULL,'2022-08-02 21:57:47','2022-08-02 21:57:47'),
	(29,5,'atque','#5e51eb',5,4,NULL,'2022-08-02 21:57:47','2022-08-02 21:57:47'),
	(30,NULL,'quaerat','#15dea8',2,6,NULL,'2022-08-02 21:57:47','2022-08-02 21:57:47');



# Dump of table attributes
# ------------------------------------------------------------


CREATE TABLE `attributes` (
  `id` int(10) unsigned NOT NULL AUTO_INCREMENT,
  `shop_id` int(10) unsigned DEFAULT NULL,
  `name` varchar(100) COLLATE utf8mb3_unicode_ci DEFAULT NULL,
  `attribute_type_id` int(10) unsigned DEFAULT NULL,
  `order` int(11) DEFAULT NULL,
  `deleted_at` timestamp NULL DEFAULT NULL,
  `created_at` timestamp NULL DEFAULT NULL,
  `updated_at` timestamp NULL DEFAULT NULL,
  PRIMARY KEY (`id`),
  KEY `attributes_attribute_type_id_foreign` (`attribute_type_id`),
  CONSTRAINT `attributes_attribute_type_id_foreign` FOREIGN KEY (`attribute_type_id`) REFERENCES `attribute_types` (`id`) ON DELETE SET NULL
) ENGINE=InnoDB DEFAULT CHARSET=utf8mb3 COLLATE=utf8mb3_unicode_ci;


INSERT INTO `attributes` (`id`, `shop_id`, `name`, `attribute_type_id`, `order`, `deleted_at`, `created_at`, `updated_at`)
VALUES
	(1,NULL,'Color',1,0,NULL,'2022-08-02 21:57:43','2022-08-02 21:57:43'),
	(2,NULL,'Pattern',1,1,NULL,'2022-08-02 21:57:43','2022-08-02 21:57:43'),
	(3,NULL,'Size',3,2,NULL,'2022-08-02 21:57:43','2022-08-02 21:57:43'),
	(4,NULL,'Style',3,3,NULL,'2022-08-02 21:57:43','2022-08-02 21:57:43'),
	(5,NULL,'Gender',2,4,NULL,'2022-08-02 21:57:43','2022-08-02 21:57:43'),
	(6,NULL,'Format',3,5,NULL,'2022-08-02 21:57:43','2022-08-02 21:57:43');



# Dump of table avg_feedback
# ------------------------------------------------------------


CREATE TABLE `avg_feedback` (
  `id` bigint(20) unsigned NOT NULL AUTO_INCREMENT,
  `rating` tinyint(4) DEFAULT NULL,
  `count` bigint(20) unsigned DEFAULT NULL,
  `feedbackable_id` bigint(20) unsigned NOT NULL,
  `feedbackable_type` varchar(255) COLLATE utf8mb3_unicode_ci NOT NULL,
  `created_at` timestamp NULL DEFAULT NULL,
  `updated_at` timestamp NULL DEFAULT NULL,
  PRIMARY KEY (`id`)
) ENGINE=InnoDB DEFAULT CHARSET=utf8mb3 COLLATE=utf8mb3_unicode_ci;


INSERT INTO `avg_feedback` (`id`, `rating`, `count`, `feedbackable_id`, `feedbackable_type`, `created_at`, `updated_at`)
VALUES
	(1,2,1,1,'App\\Models\\Inventory','2022-08-02 21:57:52','2022-08-02 21:57:52'),
	(2,4,2,2,'App\\Models\\Inventory','2022-08-02 21:57:52','2022-08-02 21:57:52'),
	(3,4,1,4,'App\\Models\\Inventory','2022-08-02 21:57:52','2022-08-02 21:57:52'),
	(4,1,1,7,'App\\Models\\Inventory','2022-08-02 21:57:52','2022-08-02 21:57:52'),
	(5,1,1,11,'App\\Models\\Inventory','2022-08-02 21:57:52','2022-08-02 21:57:52'),
	(6,3,2,13,'App\\Models\\Inventory','2022-08-02 21:57:52','2022-08-02 21:57:52'),
	(7,1,2,14,'App\\Models\\Inventory','2022-08-02 21:57:52','2022-08-02 21:57:52'),
	(8,3,1,16,'App\\Models\\Inventory','2022-08-02 21:57:52','2022-08-02 21:57:52'),
	(9,4,4,17,'App\\Models\\Inventory','2022-08-02 21:57:52','2022-08-02 21:57:52'),
	(10,4,1,19,'App\\Models\\Inventory','2022-08-02 21:57:52','2022-08-02 21:57:52'),
	(11,1,1,21,'App\\Models\\Inventory','2022-08-02 21:57:52','2022-08-02 21:57:52'),
	(12,2,1,22,'App\\Models\\Inventory','2022-08-02 21:57:52','2022-08-02 21:57:52'),
	(13,5,1,26,'App\\Models\\Inventory','2022-08-02 21:57:52','2022-08-02 21:57:52'),
	(14,2,2,30,'App\\Models\\Inventory','2022-08-02 21:57:52','2022-08-02 21:57:52'),
	(15,2,1,32,'App\\Models\\Inventory','2022-08-02 21:57:52','2022-08-02 21:57:52'),
	(16,4,1,33,'App\\Models\\Inventory','2022-08-02 21:57:52','2022-08-02 21:57:52'),
	(17,3,1,34,'App\\Models\\Inventory','2022-08-02 21:57:52','2022-08-02 21:57:52'),
	(18,2,2,35,'App\\Models\\Inventory','2022-08-02 21:57:52','2022-08-02 21:57:52'),
	(19,5,1,39,'App\\Models\\Inventory','2022-08-02 21:57:52','2022-08-02 21:57:52'),
	(20,4,1,40,'App\\Models\\Inventory','2022-08-02 21:57:52','2022-08-02 21:57:52'),
	(21,3,1,41,'App\\Models\\Inventory','2022-08-02 21:57:52','2022-08-02 21:57:52'),
	(22,4,1,45,'App\\Models\\Inventory','2022-08-02 21:57:52','2022-08-02 21:57:52'),
	(23,1,3,47,'App\\Models\\Inventory','2022-08-02 21:57:52','2022-08-02 21:57:52'),
	(24,3,3,48,'App\\Models\\Inventory','2022-08-02 21:57:52','2022-08-02 21:57:52'),
	(25,3,2,51,'App\\Models\\Inventory','2022-08-02 21:57:52','2022-08-02 21:57:52'),
	(26,3,2,53,'App\\Models\\Inventory','2022-08-02 21:57:52','2022-08-02 21:57:52'),
	(27,2,3,55,'App\\Models\\Inventory','2022-08-02 21:57:52','2022-08-02 21:57:52'),
	(28,1,1,56,'App\\Models\\Inventory','2022-08-02 21:57:52','2022-08-02 21:57:52'),
	(29,1,1,61,'App\\Models\\Inventory','2022-08-02 21:57:52','2022-08-02 21:57:52'),
	(30,4,1,63,'App\\Models\\Inventory','2022-08-02 21:57:52','2022-08-02 21:57:52'),
	(31,5,1,65,'App\\Models\\Inventory','2022-08-02 21:57:52','2022-08-02 21:57:52'),
	(32,5,1,67,'App\\Models\\Inventory','2022-08-02 21:57:52','2022-08-02 21:57:52'),
	(33,3,1,70,'App\\Models\\Inventory','2022-08-02 21:57:52','2022-08-02 21:57:52'),
	(34,2,1,71,'App\\Models\\Inventory','2022-08-02 21:57:52','2022-08-02 21:57:52'),
	(35,1,1,72,'App\\Models\\Inventory','2022-08-02 21:57:52','2022-08-02 21:57:52'),
	(36,4,2,73,'App\\Models\\Inventory','2022-08-02 21:57:52','2022-08-02 21:57:52'),
	(37,1,1,74,'App\\Models\\Inventory','2022-08-02 21:57:52','2022-08-02 21:57:52'),
	(38,5,2,75,'App\\Models\\Inventory','2022-08-02 21:57:52','2022-08-02 21:57:52'),
	(39,5,1,77,'App\\Models\\Inventory','2022-08-02 21:57:52','2022-08-02 21:57:52'),
	(40,5,2,81,'App\\Models\\Inventory','2022-08-02 21:57:52','2022-08-02 21:57:52'),
	(41,4,1,83,'App\\Models\\Inventory','2022-08-02 21:57:52','2022-08-02 21:57:52'),
	(42,1,1,84,'App\\Models\\Inventory','2022-08-02 21:57:52','2022-08-02 21:57:52'),
	(43,3,2,86,'App\\Models\\Inventory','2022-08-02 21:57:52','2022-08-02 21:57:52'),
	(44,5,1,87,'App\\Models\\Inventory','2022-08-02 21:57:52','2022-08-02 21:57:52'),
	(45,5,1,89,'App\\Models\\Inventory','2022-08-02 21:57:52','2022-08-02 21:57:52'),
	(46,2,2,90,'App\\Models\\Inventory','2022-08-02 21:57:52','2022-08-02 21:57:52'),
	(47,2,2,91,'App\\Models\\Inventory','2022-08-02 21:57:52','2022-08-02 21:57:52'),
	(48,2,1,92,'App\\Models\\Inventory','2022-08-02 21:57:52','2022-08-02 21:57:52'),
	(49,5,1,93,'App\\Models\\Inventory','2022-08-02 21:57:52','2022-08-02 21:57:52'),
	(50,4,1,94,'App\\Models\\Inventory','2022-08-02 21:57:52','2022-08-02 21:57:52'),
	(51,5,1,99,'App\\Models\\Inventory','2022-08-02 21:57:52','2022-08-02 21:57:52'),
	(52,4,3,104,'App\\Models\\Inventory','2022-08-02 21:57:52','2022-08-02 21:57:52'),
	(53,4,3,105,'App\\Models\\Inventory','2022-08-02 21:57:52','2022-08-02 21:57:52'),
	(54,4,1,106,'App\\Models\\Inventory','2022-08-02 21:57:52','2022-08-02 21:57:52'),
	(55,4,10,1,'App\\Models\\Shop','2022-08-02 21:57:52','2022-08-02 21:57:52'),
	(56,3,19,2,'App\\Models\\Shop','2022-08-02 21:57:52','2022-08-02 21:57:52'),
	(57,3,14,3,'App\\Models\\Shop','2022-08-02 21:57:52','2022-08-02 21:57:52'),
	(58,4,14,4,'App\\Models\\Shop','2022-08-02 21:57:52','2022-08-02 21:57:52'),
	(59,2,13,5,'App\\Models\\Shop','2022-08-02 21:57:52','2022-08-02 21:57:52');



# Dump of table banner_groups
# ------------------------------------------------------------


CREATE TABLE `banner_groups` (
  `id` varchar(255) COLLATE utf8mb3_unicode_ci NOT NULL,
  `name` varchar(255) COLLATE utf8mb3_unicode_ci NOT NULL,
  UNIQUE KEY `banner_groups_id_unique` (`id`),
  UNIQUE KEY `banner_groups_name_unique` (`name`)
) ENGINE=InnoDB DEFAULT CHARSET=utf8mb3 COLLATE=utf8mb3_unicode_ci;


INSERT INTO `banner_groups` (`id`, `name`)
VALUES
	('group_1','Group 1'),
	('group_2','Group 2'),
	('group_3','Group 3'),
	('group_4','Group 4'),
	('group_5','Group 5'),
	('group_6','Group 6');



# Dump of table banners
# ------------------------------------------------------------


CREATE TABLE `banners` (
  `id` int(10) unsigned NOT NULL AUTO_INCREMENT,
  `title` varchar(255) COLLATE utf8mb3_unicode_ci DEFAULT NULL,
  `description` varchar(255) COLLATE utf8mb3_unicode_ci DEFAULT NULL,
  `link` text COLLATE utf8mb3_unicode_ci DEFAULT NULL,
  `link_label` varchar(100) COLLATE utf8mb3_unicode_ci DEFAULT NULL,
  `bg_color` varchar(20) COLLATE utf8mb3_unicode_ci DEFAULT NULL,
  `group_id` varchar(255) COLLATE utf8mb3_unicode_ci DEFAULT NULL,
  `columns` int(11) DEFAULT 12,
  `shop_id` int(10) unsigned DEFAULT NULL,
  `order` int(11) DEFAULT 100,
  `effect` tinyint(4) NOT NULL DEFAULT 0,
  `created_at` timestamp NULL DEFAULT NULL,
  `updated_at` timestamp NULL DEFAULT NULL,
  PRIMARY KEY (`id`)
) ENGINE=InnoDB DEFAULT CHARSET=utf8mb3 COLLATE=utf8mb3_unicode_ci;


INSERT INTO `banners` (`id`, `title`, `description`, `link`, `link_label`, `bg_color`, `group_id`, `columns`, `shop_id`, `order`, `effect`, `created_at`, `updated_at`)
VALUES
	(1,NULL,NULL,'/category/laboriosam-ratione-necessitatibus-voluptates',NULL,'#07381c','group_1',3,NULL,100,0,'2022-08-02 21:57:51','2023-09-11 21:13:57'),
	(2,NULL,NULL,'/category/officia-quia-numquam-dicta-qui-qui-sit-consequatur',NULL,'#006702','group_1',3,NULL,100,0,'2022-08-02 21:57:51','2023-09-11 21:14:04'),
	(3,NULL,NULL,'/category/mobile',NULL,'#0c5d83','group_1',3,NULL,100,0,'2022-08-02 21:57:51','2023-09-11 21:15:26'),
	(4,NULL,NULL,'/category/necessitatibus-rerum-architecto-aut',NULL,'#e70fe1','group_2',6,NULL,100,0,'2022-08-02 21:57:51','2023-09-11 21:24:40'),
	(5,NULL,NULL,'/category/saepe-ipsam-id-consectetur-accusantium',NULL,'#784935','group_2',6,NULL,100,0,'2022-08-02 21:57:51','2023-03-29 12:54:30'),
	(6,NULL,NULL,'/category/iusto-omnis-aperiam-numquam-laboriosam-cupiditate',NULL,'#3f28e1','group_4',4,NULL,100,0,'2022-08-02 21:57:51','2023-09-12 07:53:12'),
	(7,NULL,NULL,'/category/quibusdam-omnis-rerum-animi-velit-eveniet-sint-in',NULL,'#044819','group_4',4,NULL,100,0,'2022-08-02 21:57:51','2023-09-12 07:53:23'),
	(8,NULL,NULL,'/category/mobile',NULL,'#299f00','group_5',12,NULL,100,0,'2022-08-02 21:57:51','2023-03-29 13:00:38'),
	(9,NULL,NULL,'/category/et-molestias-non-odio-repudiandae-ullam-tempora',NULL,'#8f1508','group_6',6,NULL,100,1,'2022-08-02 21:57:51','2023-09-12 10:39:43'),
	(10,NULL,NULL,'/category/mobile',NULL,'#a8df8a','group_6',6,NULL,100,1,'2022-08-02 21:57:51','2023-09-12 10:39:57'),
	(11,NULL,NULL,NULL,NULL,'#ab7353','group_1',6,1,100,0,'2023-08-24 13:22:52','2023-08-24 13:35:23'),
	(12,NULL,NULL,NULL,NULL,'#ab7353','group_2',6,1,100,0,'2023-08-24 13:23:09','2023-08-24 13:35:35'),
	(13,NULL,NULL,NULL,NULL,'#ab7353','group_1',6,1,100,0,'2023-08-24 13:30:13','2023-08-24 13:35:29'),
	(14,NULL,NULL,NULL,NULL,'#ab7353','group_2',6,1,100,0,'2023-08-24 13:33:30','2023-08-24 13:35:41'),
	(15,NULL,NULL,NULL,NULL,'#ab7453','group_1',6,2,100,0,'2023-08-24 13:40:07','2023-08-24 13:40:07'),
	(16,NULL,NULL,NULL,NULL,'#ab7453','group_1',6,2,100,0,'2023-08-24 13:40:17','2023-08-24 13:40:17'),
	(17,NULL,NULL,NULL,NULL,'#ab7453','group_2',6,2,100,0,'2023-08-24 13:40:27','2023-08-24 13:40:27'),
	(18,NULL,NULL,NULL,NULL,'#ab7453','group_2',6,2,100,0,'2023-08-24 13:40:39','2023-08-24 13:40:39'),
	(19,NULL,NULL,NULL,NULL,'#ab7353','group_1',6,3,100,0,'2023-08-24 13:53:55','2023-09-27 21:52:57'),
	(20,NULL,NULL,NULL,NULL,'#ab7353','group_1',6,3,100,0,'2023-08-24 13:54:06','2023-09-27 21:53:47'),
	(21,NULL,NULL,NULL,NULL,'#ab7353','group_2',6,3,100,0,'2023-08-24 13:54:20','2023-09-27 21:52:18'),
	(22,NULL,NULL,NULL,NULL,'#ab7353','group_2',6,3,100,0,'2023-08-24 13:54:31','2023-09-27 22:05:11'),
	(23,NULL,NULL,NULL,NULL,'#ab7353','group_1',6,5,100,0,'2023-08-24 14:50:34','2023-09-25 17:55:49'),
	(24,NULL,NULL,NULL,NULL,'#ab7353','group_1',6,5,100,0,'2023-08-24 14:50:47','2023-09-22 16:17:02'),
	(25,NULL,NULL,NULL,NULL,'#ab7353','group_2',6,5,100,0,'2023-08-24 14:50:59','2023-09-22 16:23:13'),
	(26,NULL,NULL,NULL,NULL,'#ab7353','group_2',6,5,100,0,'2023-08-24 14:51:12','2023-09-26 20:56:53'),
	(27,NULL,NULL,NULL,NULL,'#ab7453','group_1',6,4,100,0,'2023-08-24 15:02:17','2023-08-24 15:02:17'),
	(28,NULL,NULL,NULL,NULL,'#ab7453','group_1',6,4,100,0,'2023-08-24 15:02:27','2023-08-24 15:02:27'),
	(29,NULL,NULL,NULL,NULL,'#ab7353','group_2',6,4,100,0,'2023-08-24 15:02:40','2023-09-26 13:47:12'),
	(30,NULL,NULL,NULL,NULL,'#ab7453','group_2',6,4,100,0,'2023-08-24 15:02:51','2023-08-24 15:02:51'),
	(31,NULL,NULL,NULL,NULL,'#ab7353','group_1',3,NULL,3,0,'2023-09-11 21:14:58','2023-09-11 21:19:56'),
	(32,NULL,NULL,NULL,NULL,'#ab7353','group_4',4,NULL,100,0,'2023-09-12 08:55:58','2023-09-12 09:31:09'),
	(33,NULL,NULL,NULL,NULL,'#ab7353','group_3',12,NULL,100,0,'2023-09-12 11:04:45','2023-09-12 11:09:34');



# Dump of table blog_comments
# ------------------------------------------------------------


CREATE TABLE `blog_comments` (
  `id` int(10) unsigned NOT NULL AUTO_INCREMENT,
  `content` longtext COLLATE utf8mb3_unicode_ci NOT NULL,
  `blog_id` int(10) unsigned NOT NULL,
  `user_id` bigint(20) unsigned NOT NULL,
  `parent` int(10) unsigned DEFAULT NULL,
  `approved` tinyint(1) NOT NULL DEFAULT 1,
  `likes` int(10) unsigned NOT NULL DEFAULT 0,
  `dislikes` int(10) unsigned NOT NULL DEFAULT 0,
  `deleted_at` timestamp NULL DEFAULT NULL,
  `created_at` timestamp NULL DEFAULT NULL,
  `updated_at` timestamp NULL DEFAULT NULL,
  PRIMARY KEY (`id`),
  KEY `blog_comments_blog_id_foreign` (`blog_id`),
  KEY `blog_comments_user_id_foreign` (`user_id`),
  CONSTRAINT `blog_comments_blog_id_foreign` FOREIGN KEY (`blog_id`) REFERENCES `blogs` (`id`) ON DELETE CASCADE,
  CONSTRAINT `blog_comments_user_id_foreign` FOREIGN KEY (`user_id`) REFERENCES `users` (`id`) ON DELETE CASCADE
) ENGINE=InnoDB DEFAULT CHARSET=utf8mb3 COLLATE=utf8mb3_unicode_ci;


INSERT INTO `blog_comments` (`id`, `content`, `blog_id`, `user_id`, `parent`, `approved`, `likes`, `dislikes`, `deleted_at`, `created_at`, `updated_at`)
VALUES
	(1,'Esse molestiae ipsam eius eos sit maiores quidem. Aut exercitationem porro molestiae sit. Ut quis et voluptatem labore et et dignissimos quas.',3,1,NULL,0,0,0,NULL,'2022-07-26 21:57:50','2022-07-29 21:57:50'),
	(2,'Repellendus nihil eaque velit itaque maiores magni voluptas. Repellendus in numquam officia qui deserunt quia. Maxime quibusdam aut consequuntur expedita numquam. Vel sed iste maiores excepturi earum autem.',1,7,NULL,1,0,0,NULL,'2022-07-24 21:57:50','2022-07-22 21:57:50'),
	(3,'Illum voluptas ratione et rerum hic. Corporis provident est molestiae nostrum neque iure animi. Quos maiores magni dolorem.',6,7,NULL,0,0,0,NULL,'2022-07-27 21:57:50','2022-07-21 21:57:50'),
	(4,'Fugiat officiis molestiae consequatur aperiam. Labore architecto nesciunt velit odit. Molestiae libero consequuntur aut dolorum modi. Nisi et rem saepe voluptas earum veritatis esse.',5,5,NULL,1,0,0,NULL,'2022-07-31 21:57:50','2022-07-24 21:57:50'),
	(5,'Et delectus dolorem qui veritatis. Nam eos est eligendi repellendus ut. Voluptatem aut illum ratione velit quia voluptas repellendus nisi. Maiores doloremque qui laudantium ducimus praesentium ipsa enim debitis.',1,1,NULL,1,0,0,NULL,'2022-07-21 21:57:50','2022-07-22 21:57:50'),
	(6,'Eius et illum rem qui nisi. Veritatis quisquam deserunt maxime. Esse exercitationem distinctio ipsum delectus. Aut voluptates accusamus est sed perspiciatis est sed.',5,3,NULL,1,0,0,NULL,'2022-07-21 21:57:50','2022-07-30 21:57:50'),
	(7,'Accusamus nostrum molestiae magni reiciendis tenetur perferendis quasi. Error laudantium saepe eligendi enim. Alias ipsa at consectetur omnis aspernatur nulla vitae vitae. Id mollitia nihil et est id dolor totam optio.',5,2,NULL,1,0,0,NULL,'2022-07-26 21:57:50','2022-07-26 21:57:50'),
	(8,'Et et labore facere consequatur. Iusto repellendus a enim laboriosam nemo omnis deserunt. Voluptas similique quo voluptates minus libero cum. Dolores sunt consequatur quisquam eum a.',5,2,NULL,1,0,0,NULL,'2022-07-21 21:57:50','2022-07-25 21:57:50'),
	(9,'Ullam assumenda ullam qui. Exercitationem dignissimos est reiciendis earum temporibus. Vel quae in sed reprehenderit cumque.',4,1,NULL,1,0,0,NULL,'2022-07-18 21:57:50','2022-07-23 21:57:50'),
	(10,'Aut qui quae nisi odio omnis aut ullam enim. Perspiciatis modi consequatur dicta modi impedit beatae ducimus pariatur. Veniam quidem ratione dolor ut.',3,1,NULL,1,0,0,NULL,'2022-07-18 21:57:50','2022-07-31 21:57:50'),
	(11,'Doloribus ipsam nihil vel. Dolorum et quam magni sed ipsa facere ut ratione. Vitae consequatur fuga non voluptatem nobis.',3,5,NULL,1,0,0,NULL,'2022-07-26 21:57:50','2022-07-23 21:57:50'),
	(12,'A cupiditate perferendis totam repellat soluta dolores. Hic molestiae quasi rerum facilis quo sapiente molestiae. Tenetur et consequatur corporis neque quo eaque atque similique.',5,4,NULL,1,0,0,NULL,'2022-08-02 21:57:50','2022-07-24 21:57:50'),
	(13,'Quos voluptatibus mollitia hic et accusamus accusamus. Autem impedit nostrum atque dolor ullam dolore corporis. Ad velit reiciendis molestiae debitis.',3,1,NULL,0,0,0,NULL,'2022-07-19 21:57:50','2022-07-28 21:57:50'),
	(14,'Vitae doloremque quo quisquam eos. Voluptates est eos qui delectus. Ipsum animi eum dicta.',4,7,NULL,1,0,0,NULL,'2022-07-25 21:57:50','2022-07-25 21:57:50'),
	(15,'Natus maxime architecto quo qui dolore. Sunt aut animi molestiae ducimus aut accusantium. Voluptate eos labore libero. Corporis atque ut cum dolorem rerum.',4,5,NULL,0,0,0,NULL,'2022-07-29 21:57:50','2022-07-20 21:57:50'),
	(16,'Quod et deserunt porro velit nihil laudantium et et. Enim vel inventore dolores cum. Veritatis suscipit dolorem deleniti rerum asperiores. Ratione qui qui quis ipsam perspiciatis voluptatum quibusdam.',6,7,NULL,0,0,0,NULL,'2022-07-19 21:57:50','2022-07-27 21:57:50'),
	(17,'Aliquid at nam et sint odio molestiae corporis. Qui dolor tenetur est numquam.',4,5,NULL,0,0,0,NULL,'2022-07-27 21:57:50','2022-08-01 21:57:50'),
	(18,'Omnis dicta est quis deserunt vel. Natus exercitationem et itaque unde nostrum voluptatum. Non possimus et nobis. Non qui enim sunt tempore.',2,3,NULL,1,0,0,NULL,'2022-07-23 21:57:50','2022-08-02 21:57:50'),
	(19,'Modi ipsum omnis veniam sunt perferendis asperiores est. Rerum rem et et laborum vitae. Reiciendis vel voluptate minima vero facere rerum. Odit voluptas omnis sint natus iste.',5,2,NULL,0,0,0,NULL,'2022-08-02 21:57:50','2022-07-28 21:57:50'),
	(20,'Id rerum non repellat. Consequuntur labore tempore in. Non dolor facere iste totam ut hic ad. Autem quia quo ratione quas ullam quo pariatur ducimus.',3,3,NULL,0,0,0,NULL,'2022-07-20 21:57:50','2022-07-28 21:57:50'),
	(21,'Sit quia iure expedita eaque aperiam eaque. Voluptas aspernatur repellendus id natus voluptates. Sed asperiores dolores veniam labore nostrum non occaecati. Occaecati optio hic omnis quisquam numquam.',6,7,NULL,0,0,0,NULL,'2022-07-19 21:57:50','2022-07-27 21:57:50'),
	(22,'Nisi illum optio fugit eveniet molestias officiis accusamus dolore. Repellat repudiandae possimus animi blanditiis. Saepe aut enim a impedit sunt voluptatem.',5,7,NULL,1,0,0,NULL,'2022-07-20 21:57:50','2022-07-24 21:57:50'),
	(23,'Earum vero sequi officiis. Facilis cumque commodi alias esse tempore. Rerum ut aut in molestias sed vero. Commodi vel dolores excepturi. Non omnis mollitia modi debitis facilis.',2,5,NULL,1,0,0,NULL,'2022-07-24 21:57:50','2022-07-23 21:57:50'),
	(24,'Quia recusandae error aliquam veritatis dolore. Unde repellat omnis dolor laborum. Aliquid et beatae rem et quisquam.',3,1,NULL,1,0,0,NULL,'2022-07-25 21:57:50','2022-07-24 21:57:50'),
	(25,'Illum dolores repudiandae asperiores ut. Ea quae odit voluptates ut cum id aut. Qui sed perferendis debitis impedit.',2,1,NULL,1,0,0,NULL,'2022-07-20 21:57:50','2022-07-30 21:57:50'),
	(26,'Omnis cumque et aut culpa quisquam autem tenetur. Recusandae enim voluptatum non asperiores cupiditate odio qui. Dignissimos neque occaecati atque porro vero autem qui nisi.',5,2,NULL,1,0,0,NULL,'2022-07-31 21:57:50','2022-07-18 21:57:50'),
	(27,'Corporis deleniti deserunt ipsam voluptas. Et expedita iure velit fugit. Quia nostrum dolores animi.',2,2,NULL,1,0,0,NULL,'2022-07-18 21:57:50','2022-07-20 21:57:50'),
	(28,'Aspernatur est aut id aut nisi. Quisquam impedit ut quibusdam aut est est. Repellat enim error temporibus aut ipsa.',6,7,NULL,0,0,0,NULL,'2022-07-30 21:57:50','2022-07-24 21:57:50'),
	(29,'Occaecati aut eos iste dicta rerum. Saepe nihil et nobis consequatur dolores asperiores voluptas. Et molestiae pariatur esse ipsum. Explicabo culpa optio voluptatem quod possimus consectetur aliquid.',5,5,NULL,0,0,0,NULL,'2022-07-20 21:57:50','2022-08-02 21:57:50'),
	(30,'Ratione repellendus officia impedit perspiciatis eos harum. Esse fugiat ipsam tenetur pariatur impedit dolorem. Asperiores ducimus error accusamus delectus temporibus porro.',4,3,NULL,1,0,0,NULL,'2022-07-27 21:57:50','2022-07-31 21:57:50');



# Dump of table blogs
# ------------------------------------------------------------


CREATE TABLE `blogs` (
  `id` int(10) unsigned NOT NULL AUTO_INCREMENT,
  `title` text COLLATE utf8mb3_unicode_ci NOT NULL,
  `slug` varchar(200) COLLATE utf8mb3_unicode_ci NOT NULL,
  `excerpt` varchar(255) COLLATE utf8mb3_unicode_ci DEFAULT NULL,
  `content` longtext COLLATE utf8mb3_unicode_ci DEFAULT NULL,
  `user_id` bigint(20) unsigned NOT NULL,
  `status` tinyint(1) NOT NULL DEFAULT 1,
  `approved` tinyint(1) NOT NULL DEFAULT 1,
  `published_at` timestamp NULL DEFAULT NULL,
  `likes` int(10) unsigned NOT NULL DEFAULT 0,
  `dislikes` int(10) unsigned NOT NULL DEFAULT 0,
  `deleted_at` timestamp NULL DEFAULT NULL,
  `created_at` timestamp NULL DEFAULT NULL,
  `updated_at` timestamp NULL DEFAULT NULL,
  PRIMARY KEY (`id`),
  UNIQUE KEY `blogs_slug_unique` (`slug`),
  KEY `blogs_user_id_foreign` (`user_id`),
  CONSTRAINT `blogs_user_id_foreign` FOREIGN KEY (`user_id`) REFERENCES `users` (`id`) ON DELETE CASCADE
) ENGINE=InnoDB DEFAULT CHARSET=utf8mb3 COLLATE=utf8mb3_unicode_ci;


INSERT INTO `blogs` (`id`, `title`, `slug`, `excerpt`, `content`, `user_id`, `status`, `approved`, `published_at`, `likes`, `dislikes`, `deleted_at`, `created_at`, `updated_at`)
VALUES
	(1,'Quo odit porro quo a.','abc-zcart-blog-post','Debitis inventore cum voluptas. Numquam laudantium eum tempora ut ipsa consectetur. Quidem incidunt qui totam deleniti quaerat ratione.','<p>Aut voluptatem ratione sit blanditiis quasi non. Sequi beatae cupiditate provident eveniet. Voluptas voluptatem ut et dolor quidem similique. Voluptatem qui illum neque harum.</p><p>Eum illum hic fugit blanditiis. Qui veritatis neque quos consequatur. Quod cupiditate expedita aperiam facilis recusandae magnam deserunt. Et quos repellendus eveniet dicta qui.</p><p>Corrupti facere consequatur soluta distinctio maiores eius. A sit aperiam dolore dolorem molestias accusantium iure. Sed officiis voluptas voluptatem ut voluptate reiciendis ipsum. Mollitia sed quisquam dolor sapiente.</p><p>Quis fugit recusandae maxime vero. Nobis quisquam at nemo ab aut quae et. Et dolorem eligendi debitis quis. Ipsa id maxime minima eius laudantium facere occaecati.<iframe width=\"560\" height=\"315\" src=\"https://www.youtube.com/embed/A-rEb0KuopI\" frameborder=\"0\" allow=\"accelerometer; autoplay; encrypted-media; gyroscope; picture-in-picture\" allowfullscreen></iframe></p><p>Ut magnam facere et perspiciatis nemo. Consequatur voluptatem quidem ut fugiat. Omnis mollitia id aut perspiciatis deserunt quod quia.</p><p>Eos voluptatem nisi asperiores ex. Praesentium voluptatum quae repellat autem. Dolores quisquam voluptate beatae sit distinctio.</p><p>Et hic alias inventore et. Possimus molestias ut vero. Nesciunt mollitia reprehenderit hic provident occaecati corrupti. Quaerat corrupti dicta corporis officia corporis qui dolores eos. Dolor repellat dolorum et veritatis illo et.</p>',7,1,1,'2022-07-28 21:57:00',0,0,NULL,'2022-07-23 21:57:50','2022-07-23 21:57:50'),
	(2,'Corporis perferendis et voluptate quos reiciendis.','minima-exercitationem-placeat-assumenda','Quo aut maiores atque consequatur eveniet dolorem velit. Eos dolorum quod eaque eos officiis. Labore distinctio vel autem quo.','<p>Nostrum iusto itaque sequi dolor. Consectetur nam dolores delectus minus provident. Aperiam illo aut minus expedita voluptatibus consequatur.</p><p>Voluptas cum distinctio minima placeat non dignissimos. Assumenda eaque eius facilis et maxime ea. Aperiam et eligendi et natus quis nostrum minus. Temporibus ducimus recusandae error quo.</p><p>Adipisci error est officia eum et dolores. Molestiae sint eligendi delectus velit consequatur ut rerum. Ad dolorum tenetur minus.</p><p>Dicta sunt corrupti non voluptatem rem quam laborum. Expedita beatae sed similique ratione sed molestias quidem. Exercitationem qui dolores mollitia officiis magni. Tenetur voluptas ut praesentium.<img src=\"https://farm5.staticflickr.com/4489/37743618362_594eceff0b_b.jpg\" width=\"640\" height=\"424\" alt=\"Apple tree V1\"></p><p>Consectetur delectus eum unde eligendi et. Inventore vel voluptatem consequatur quas perspiciatis.</p><p>Aut hic error dolor quasi. Voluptas magni veniam repellat eligendi. Debitis facilis nisi quo non facere temporibus.</p><p>Ut et excepturi ut cumque labore iure. Qui voluptatem quibusdam veritatis non expedita quia. Quia sint ut excepturi sint.</p>',1,1,1,'2022-07-25 21:57:00',0,0,NULL,'2022-07-05 21:57:50','2022-07-05 21:57:50'),
	(3,'Dignissimos sint quia dolore numquam iusto.','ut-dolore-laboriosam-qui-esse-sit-nobis-quo-neque','Harum asperiores repellat iste eum. Quam quia eum delectus optio dolorum. Doloribus eaque molestiae distinctio ad voluptatum qui molestiae. Possimus occaecati et quae alias ut laudantium placeat rerum.','<p>Impedit id impedit dolorem omnis quia. Eos est repellendus expedita vel quae eveniet similique quia. Ut dolores eveniet natus et quia iste in.</p><p>Qui est dicta dolorum nisi voluptas nisi. Et quibusdam voluptate tenetur soluta quo molestiae eveniet. Corrupti sint exercitationem tempore sit et. Nisi nam aliquam dolorem omnis itaque quasi.</p><p>Voluptatum voluptatem pariatur sit error enim. Non et rerum ea quos accusamus est. Aut repellat doloribus ut eum est repudiandae. Eaque est possimus mollitia in ex magnam sapiente repellat.</p><p>Ullam deserunt tempore sit sit. Ad voluptas magnam et dolorem. Ad earum exercitationem et nulla aperiam necessitatibus et deleniti.<img src=\"https://farm5.staticflickr.com/4471/37699101012_7b2c5c2734_z.jpg\" width=\"640\" height=\"424\" alt=\"Dogs on beach V1\"></p><p>Ullam architecto enim nesciunt non quas. Est sequi enim ad vero nostrum eos eum. Ea dicta fugit nulla dolor ad ex rerum. Voluptas corrupti ullam sed et maiores blanditiis blanditiis maiores.</p><p>Earum eos dolore in fugit consequatur sed id suscipit. Officiis excepturi sunt quis maxime. In omnis in tempora illo ut.</p><p>Dolor expedita fugit modi. Itaque modi totam laudantium. Impedit nihil hic facilis quia quaerat quis sint et.</p>',6,1,1,'2022-07-23 21:57:00',0,0,NULL,'2022-07-16 21:57:50','2022-07-16 21:57:50'),
	(4,'Sequi temporibus repellendus consequatur sit quo mollitia.','iusto-et-sunt-quia-sed-sed-facere','Laboriosam dolorum perspiciatis sed et sint et provident. Neque quod aut quae libero quod eaque. Adipisci eos at autem rem mollitia.','<p>Molestiae alias nihil aliquam sed. Rerum voluptas saepe eum magni reprehenderit id. Quos alias perferendis vel cumque rerum. Qui et dolores explicabo harum quia. Et aut molestiae sequi autem numquam.</p><p>Corrupti eos qui vel delectus quis deserunt. Quo et laborum sed. Ducimus et id facere totam occaecati at corporis facere.</p><p>Dignissimos qui eos corrupti reprehenderit. Labore debitis nemo corporis suscipit quibusdam placeat. Quia sunt corporis eius quidem vitae rem animi. In a suscipit vero omnis.</p><p>Laborum amet laboriosam earum voluptatibus voluptatem fugit quia. Cumque sed voluptas quisquam sunt ullam. Quam consectetur repellendus quo est voluptatem unde veniam.<img src=\"https://farm5.staticflickr.com/4510/37699099812_bc4aa78c5a_z.jpg\" width=\"640\" height=\"424\" alt=\"Fishermen&#x27;s morning V1\"></p><p>Nihil aliquam asperiores in provident adipisci quos hic. Non et consectetur aperiam. Voluptatem in nobis atque. Et dolores aliquid eligendi ut quo ducimus est.</p><p>Temporibus ea rem nemo quibusdam nisi. Quia assumenda illo reiciendis ea in deserunt aut est. Quo ratione quae impedit consequatur dolorem modi occaecati.</p><p>Voluptatem illo fuga excepturi atque qui facilis. Voluptatem asperiores maxime aliquam et quos. Corporis aut aut aliquam nihil et qui enim. Aliquam magnam voluptatibus hic voluptas voluptates.</p>',4,1,1,'2022-07-18 21:57:00',0,0,NULL,'2022-06-29 21:57:50','2022-06-29 21:57:50'),
	(5,'Sed atque voluptatum eius non sit sunt est suscipit.','voluptates-est-doloribus-sit-autem-et-enim-tempora','Ut qui aut est. Aut blanditiis laudantium corporis fuga sequi. Non id autem quis debitis quasi voluptatibus voluptatem magni. Molestias laborum asperiores hic aut consectetur eveniet voluptate.','<p>Laborum saepe sit animi iure aperiam et animi. Sed sequi occaecati soluta iure ipsum autem dolores. Ab ut et soluta odit similique numquam pariatur. Accusantium similique sint eum eos placeat quisquam veritatis.</p><p>Alias repellendus et perspiciatis impedit voluptatem. Omnis omnis repudiandae quas laboriosam qui. Dolorem quis tempore voluptatem saepe.</p><p>Quasi ipsum dolorem voluptatum sit aliquam debitis fugiat sunt. Nobis fugiat voluptas dolorum est. Sit voluptatum dolor nihil vel praesentium architecto.</p><p>Sint voluptatem rerum voluptatum. Fuga blanditiis tenetur vitae et facere aliquid. Libero enim similique non odio mollitia.<img src=\"https://farm5.staticflickr.com/4494/37473356390_051bb9b747_z.jpg\" width=\"424\" height=\"640\" alt=\"Discrete wheel V1\"></p><p>Sunt eveniet qui odit quia qui iure. Alias sed tempora dolorem. Officia dicta consequuntur quia quas.</p><p>Velit voluptate qui rerum adipisci. Quia minus placeat et fugiat qui vitae. Excepturi omnis ipsam ullam a voluptas dolores. Sunt ex reiciendis rerum et quae nam tempora.</p><p>Cum et in dignissimos deserunt earum qui et. At dignissimos voluptatem voluptatibus nesciunt blanditiis odio harum. Et sequi ipsa voluptatum totam libero veritatis. Et ad blanditiis veritatis reiciendis saepe ducimus.</p>',5,1,1,'2022-07-21 21:57:00',0,0,NULL,'2022-07-07 21:57:50','2022-07-07 21:57:50'),
	(6,'Rerum et similique omnis optio id et.','blanditiis-vitae-autem-dolor','Aut qui nulla aliquid tempore consequatur. Nesciunt exercitationem voluptatibus cum sint doloremque voluptas fugiat consectetur. Non rerum fuga laborum praesentium ea iure.','<p>Ut inventore sequi eum id. Fuga corporis magnam et et explicabo aut. Quia amet impedit est. Dicta dolorem rem adipisci voluptatem dolore voluptas.</p><p>Placeat tempore voluptatem tenetur consequatur facilis. Et eos tempore quia voluptates. Et vel laborum quod sapiente sed.</p><p>Itaque ipsam commodi sit sed ullam et aperiam aliquid. Fugit dignissimos aperiam maiores natus enim dolorum. Architecto aperiam molestiae fugit magnam. Quo quia quia libero consequatur ad.</p><p>Sit consequuntur dignissimos odit illum excepturi qui. Necessitatibus impedit inventore incidunt voluptas tenetur saepe dolor. Facere tenetur quia nemo est nulla et dolorem. Deserunt nemo veritatis est doloribus pariatur et.<iframe width=\"560\" height=\"315\" src=\"https://www.youtube.com/embed/A-rEb0KuopI\" frameborder=\"0\" allow=\"accelerometer; autoplay; encrypted-media; gyroscope; picture-in-picture\" allowfullscreen></iframe></p><p>Ipsa et ut repellendus veritatis temporibus itaque rerum inventore. Est eaque ea sit harum. Animi ratione nemo voluptatem ea nesciunt enim. Soluta blanditiis ut consectetur voluptatibus molestiae non.</p><p>Soluta molestiae rem vel dolores eos et rerum beatae. Ut unde deleniti non. Est omnis saepe laudantium voluptatum qui vitae omnis.</p><p>Nihil omnis et quia illo quas distinctio et libero. Autem ex animi amet. Fugit et tempora nihil pariatur praesentium.</p>',3,1,1,'2022-07-23 21:57:00',0,0,NULL,'2022-07-07 21:57:50','2022-07-07 21:57:50');



# Dump of table cancellation_reasons
# ------------------------------------------------------------


CREATE TABLE `cancellation_reasons` (
  `id` int(10) unsigned NOT NULL AUTO_INCREMENT,
  `detail` varchar(255) COLLATE utf8mb3_unicode_ci NOT NULL,
  `office_use` tinyint(1) DEFAULT NULL,
  PRIMARY KEY (`id`),
  UNIQUE KEY `cancellation_reasons_detail_unique` (`detail`)
) ENGINE=InnoDB DEFAULT CHARSET=utf8mb3 COLLATE=utf8mb3_unicode_ci;


INSERT INTO `cancellation_reasons` (`id`, `detail`, `office_use`)
VALUES
	(1,'Order created by mistake',NULL),
	(2,'Delivery takes so long',NULL),
	(3,'High shipping cost',NULL),
	(4,'Wrong shipping address',NULL),
	(5,'Need some adjustment',NULL),
	(6,'Wrong billing address',NULL),
	(7,'Other reason',NULL),
	(8,'No inventory',1),
	(9,'Buyer cancelled',1),
	(10,'General adjustment',1),
	(11,'Shipping address undeliverable',1),
	(12,'Pricing issue',1),
	(13,'Customs problem',1);



# Dump of table cancellations
# ------------------------------------------------------------


CREATE TABLE `cancellations` (
  `id` bigint(20) unsigned NOT NULL AUTO_INCREMENT,
  `shop_id` int(10) unsigned DEFAULT NULL,
  `cancellation_reason_id` int(10) unsigned DEFAULT NULL,
  `customer_id` bigint(20) unsigned NOT NULL,
  `order_id` bigint(20) unsigned NOT NULL,
  `items` text COLLATE utf8mb3_unicode_ci DEFAULT NULL,
  `description` longtext COLLATE utf8mb3_unicode_ci DEFAULT NULL,
  `return_goods` tinyint(1) DEFAULT NULL,
  `status` int(10) unsigned NOT NULL DEFAULT 1,
  `created_at` timestamp NULL DEFAULT NULL,
  `updated_at` timestamp NULL DEFAULT NULL,
  PRIMARY KEY (`id`),
  KEY `cancellations_order_id_foreign` (`order_id`),
  KEY `cancellations_customer_id_foreign` (`customer_id`),
  KEY `cancellations_cancellation_reason_id_foreign` (`cancellation_reason_id`),
  CONSTRAINT `cancellations_cancellation_reason_id_foreign` FOREIGN KEY (`cancellation_reason_id`) REFERENCES `cancellation_reasons` (`id`) ON DELETE SET NULL,
  CONSTRAINT `cancellations_customer_id_foreign` FOREIGN KEY (`customer_id`) REFERENCES `customers` (`id`) ON DELETE CASCADE,
  CONSTRAINT `cancellations_order_id_foreign` FOREIGN KEY (`order_id`) REFERENCES `orders` (`id`) ON DELETE CASCADE
) ENGINE=InnoDB DEFAULT CHARSET=utf8mb3 COLLATE=utf8mb3_unicode_ci;


INSERT INTO `cancellations` (`id`, `shop_id`, `cancellation_reason_id`, `customer_id`, `order_id`, `items`, `description`, `return_goods`, `status`, `created_at`, `updated_at`)
VALUES
	(1,5,1,17,16,'a:1:{i:0;s:2:\"90\";}','Sorry,',NULL,4,'2022-12-12 10:57:52','2022-12-12 12:12:44'),
	(2,2,2,17,17,'a:1:{i:0;s:2:\"74\";}','Not a good service.',NULL,1,'2022-12-12 11:02:08','2022-12-12 11:02:08'),
	(3,2,6,17,18,NULL,'I will order again.',NULL,1,'2022-12-12 11:04:06','2022-12-12 11:04:06'),
	(4,5,5,18,19,NULL,'not worthy',NULL,3,'2022-12-12 11:11:33','2022-12-12 12:11:36'),
	(5,2,3,18,20,NULL,'cost is so higt',NULL,1,'2022-12-12 11:13:03','2022-12-12 11:13:03'),
	(6,1,2,18,21,NULL,'test',1,3,'2022-12-12 12:19:54','2022-12-12 12:26:30'),
	(7,3,1,1,12,NULL,'Sorry the order is created by the mistake.',NULL,1,'2022-12-14 10:25:17','2022-12-14 10:25:17'),
	(8,1,3,21,31,'a:1:{i:0;s:2:\"20\";}','I am cancelling this order coz the shipping cost is so high.',NULL,1,'2022-12-14 12:40:55','2022-12-14 12:40:55'),
	(9,1,5,21,32,'a:2:{i:0;s:1:\"7\";i:1;s:2:\"66\";}','I am sorry for this, I think I couldn\'t effort this at this time.',NULL,1,'2022-12-14 12:54:34','2022-12-14 12:54:34'),
	(10,1,1,1,34,NULL,'I couldn\'t effor.',NULL,1,'2022-12-14 13:13:45','2022-12-14 13:13:45'),
	(11,2,6,22,36,NULL,'I have to correct billing address. How do I can do that?',NULL,1,'2022-12-14 13:30:45','2022-12-14 13:30:45'),
	(12,1,1,22,37,NULL,'I beg apology for this.',NULL,1,'2022-12-14 13:32:31','2022-12-14 13:32:31');



# Dump of table carriers
# ------------------------------------------------------------


CREATE TABLE `carriers` (
  `id` int(10) unsigned NOT NULL AUTO_INCREMENT,
  `shop_id` int(10) unsigned DEFAULT NULL,
  `tax_id` int(10) unsigned DEFAULT NULL,
  `name` varchar(255) COLLATE utf8mb3_unicode_ci NOT NULL,
  `email` varchar(255) COLLATE utf8mb3_unicode_ci DEFAULT NULL,
  `phone` varchar(255) COLLATE utf8mb3_unicode_ci DEFAULT NULL,
  `tracking_url` varchar(255) COLLATE utf8mb3_unicode_ci DEFAULT NULL,
  `active` tinyint(1) NOT NULL DEFAULT 1,
  `deleted_at` timestamp NULL DEFAULT NULL,
  `created_at` timestamp NULL DEFAULT NULL,
  `updated_at` timestamp NULL DEFAULT NULL,
  PRIMARY KEY (`id`)
) ENGINE=InnoDB DEFAULT CHARSET=utf8mb3 COLLATE=utf8mb3_unicode_ci;


INSERT INTO `carriers` (`id`, `shop_id`, `tax_id`, `name`, `email`, `phone`, `tracking_url`, `active`, `deleted_at`, `created_at`, `updated_at`)
VALUES
	(1,5,4,'DTDC','marquardt.letha@schamberger.com','563-574-5408','http://www.rath.com/eligendi-praesentium-autem-animi-consequuntur-omnis-voluptatem-quo.html/@',1,NULL,'2022-08-02 21:57:47','2022-08-02 21:57:47'),
	(2,3,1,'USP','dbeer@rowe.net','(650) 339-6301','https://leuschke.com/a-consectetur-pariatur-rerum-minima-quisquam-mollitia-vitae.html/@',1,NULL,'2022-08-02 21:57:47','2022-08-02 21:57:47'),
	(3,3,5,'DHL','eleanora.ruecker@gmail.com','443.567.9840','http://leannon.com/in-dicta-itaque-est-minus/@',1,NULL,'2022-08-02 21:57:47','2022-08-02 21:57:47'),
	(4,5,6,'FedEx','jaeden.jast@kemmer.biz','+1.929.848.4394','https://west.info/nam-distinctio-libero-adipisci-aliquam.html/@',1,NULL,'2022-08-02 21:57:47','2022-08-02 21:57:47'),
	(5,4,2,'YRC','wlind@schroeder.com','(712) 556-6885','https://www.koelpin.biz/sed-sequi-libero-aspernatur-asperiores/@',1,NULL,'2022-08-02 21:57:47','2022-08-02 21:57:47'),
	(6,1,NULL,'DHL',NULL,NULL,NULL,1,NULL,'2022-12-13 15:04:35','2022-12-13 15:04:35'),
	(7,1,NULL,'UHL',NULL,NULL,NULL,1,NULL,'2022-12-13 15:05:00','2022-12-13 15:05:00'),
	(8,2,NULL,'DHL',NULL,NULL,NULL,1,NULL,'2022-12-13 15:09:47','2022-12-13 15:09:47'),
	(9,2,NULL,'UHL',NULL,NULL,NULL,0,NULL,'2022-12-13 15:10:02','2022-12-13 15:10:02'),
	(10,2,NULL,'Amazon',NULL,NULL,NULL,1,NULL,'2022-12-13 15:10:16','2022-12-13 15:10:16');



# Dump of table cart_items
# ------------------------------------------------------------


CREATE TABLE `cart_items` (
  `cart_id` bigint(20) unsigned NOT NULL,
  `inventory_id` bigint(20) unsigned NOT NULL,
  `item_description` longtext COLLATE utf8mb3_unicode_ci NOT NULL,
  `quantity` int(10) unsigned NOT NULL,
  `unit_price` decimal(20,6) NOT NULL,
  `created_at` timestamp NULL DEFAULT NULL,
  `updated_at` timestamp NULL DEFAULT NULL,
  KEY `cart_items_cart_id_index` (`cart_id`),
  KEY `cart_items_inventory_id_index` (`inventory_id`),
  CONSTRAINT `cart_items_cart_id_foreign` FOREIGN KEY (`cart_id`) REFERENCES `carts` (`id`) ON DELETE CASCADE,
  CONSTRAINT `cart_items_inventory_id_foreign` FOREIGN KEY (`inventory_id`) REFERENCES `inventories` (`id`) ON DELETE CASCADE
) ENGINE=InnoDB DEFAULT CHARSET=utf8mb3 COLLATE=utf8mb3_unicode_ci;


INSERT INTO `cart_items` (`cart_id`, `inventory_id`, `item_description`, `quantity`, `unit_price`, `created_at`, `updated_at`)
VALUES
	(1,74,'amet: Asperiores est sint quibusdam. - quaerat - Used',1,161.000000,'2023-09-15 21:24:03','2023-09-15 21:49:17'),
	(1,91,'molestiae: A autem dolorem sed dolores animi voluptas. - quisquam - neque - New',1,136.997022,'2023-09-15 21:24:04','2023-09-15 21:49:17'),
	(2,82,'alias: Architecto aut sit qui enim. - sint - aperiam - Used',1,315.188074,'2023-09-15 21:24:20','2023-09-15 21:59:57'),
	(3,105,'eum: Praesentium distinctio itaque esse voluptatem aliquam. - hic - omnis - Refurbished',1,6.000000,'2023-09-15 21:24:21','2023-09-15 21:59:57'),
	(4,64,'dsdvoluptatem: Ipsum aut commodi libero voluptatum. -  - Refurbished',1,164.979949,'2023-09-15 21:24:25','2023-09-15 21:59:57'),
	(5,74,'amet: Asperiores est sint quibusdam. - quaerat - Used',1,161.000000,'2023-09-16 04:54:58','2023-09-16 04:55:02'),
	(5,69,'est: Suscipit aut non necessitatibus soluta nostrum. - sint - asperiores - New',1,179.800000,'2023-09-16 04:54:59','2023-09-16 04:55:02'),
	(6,56,'dolor: Aut ut quia est ut quo molestiae voluptatem. - sint - New',1,370.800000,'2023-09-17 13:23:35','2023-09-17 13:23:35'),
	(6,29,'dolores: Sed dolorem dolor occaecati. - sint - atque - atque - New',1,254.774581,'2023-09-17 13:23:36','2023-09-17 13:23:36'),
	(1,74,'amet: Asperiores est sint quibusdam. - quaerat - Used',1,161.000000,'2023-09-15 21:24:03','2023-09-15 21:49:17'),
	(1,91,'molestiae: A autem dolorem sed dolores animi voluptas. - quisquam - neque - New',1,136.997022,'2023-09-15 21:24:04','2023-09-15 21:49:17'),
	(2,82,'alias: Architecto aut sit qui enim. - sint - aperiam - Used',1,315.188074,'2023-09-15 21:24:20','2023-09-15 21:59:57'),
	(3,105,'eum: Praesentium distinctio itaque esse voluptatem aliquam. - hic - omnis - Refurbished',1,6.000000,'2023-09-15 21:24:21','2023-09-15 21:59:57'),
	(4,64,'dsdvoluptatem: Ipsum aut commodi libero voluptatum. -  - Refurbished',1,164.979949,'2023-09-15 21:24:25','2023-09-15 21:59:57'),
	(5,74,'amet: Asperiores est sint quibusdam. - quaerat - Used',1,161.000000,'2023-09-16 04:54:58','2023-09-16 04:55:02'),
	(5,69,'est: Suscipit aut non necessitatibus soluta nostrum. - sint - asperiores - New',1,179.800000,'2023-09-16 04:54:59','2023-09-16 04:55:02'),
	(6,56,'dolor: Aut ut quia est ut quo molestiae voluptatem. - sint - New',1,370.800000,'2023-09-17 13:23:35','2023-09-17 13:23:35'),
	(6,29,'dolores: Sed dolorem dolor occaecati. - sint - atque - atque - New',1,254.774581,'2023-09-17 13:23:36','2023-09-17 13:23:36'),
	(8,20,'voluptatem: Maxime recusandae possimus neque error tempora ipsa. -  - Used',1,221.000000,'2023-12-21 17:16:35','2023-12-21 17:17:13'),
	(8,45,'quod: Sequi sint ut velit debitis quo nemo. - atque - hic - atque - hic - Used',1,418.567760,'2023-12-21 17:16:55','2023-12-21 17:17:13'),
	(9,25,'repellat: Voluptas nesciunt nostrum non voluptatem. -  - Used',1,161.686165,'2023-12-21 17:17:08','2023-12-21 17:36:32'),
	(10,41,'commodi: Voluptate explicabo qui sunt dolores ut. -  - Refurbished',1,324.363000,'2023-12-21 17:17:08','2023-12-21 17:17:08'),
	(12,7,'ut: Et assumenda animi fugiat recusandae reiciendis molestiae est. - quisquam - quisquam - Used',1,149.586812,'2023-12-23 05:38:23','2023-12-23 05:38:23'),
	(13,72,'quasi: Quia voluptatem magnam possimus est earum non enim. -  - Used',1,268.773000,'2023-12-23 05:38:23','2023-12-23 05:38:23');



# Dump of table carts
# ------------------------------------------------------------


CREATE TABLE `carts` (
  `id` bigint(20) unsigned NOT NULL AUTO_INCREMENT,
  `shop_id` int(10) unsigned DEFAULT NULL,
  `customer_id` bigint(20) unsigned DEFAULT NULL,
  `ip_address` varchar(45) COLLATE utf8mb3_unicode_ci DEFAULT NULL,
  `ship_to` int(10) unsigned DEFAULT NULL,
  `ship_to_country_id` int(10) unsigned DEFAULT NULL,
  `ship_to_state_id` int(10) unsigned DEFAULT NULL,
  `shipping_zone_id` int(10) unsigned DEFAULT NULL,
  `shipping_rate_id` int(10) unsigned DEFAULT NULL,
  `packaging_id` int(10) unsigned DEFAULT NULL,
  `is_digital` tinyint(1) NOT NULL DEFAULT 0,
  `item_count` int(10) unsigned NOT NULL,
  `quantity` int(10) unsigned NOT NULL,
  `total` decimal(20,6) DEFAULT NULL,
  `discount` decimal(20,6) DEFAULT NULL,
  `shipping` decimal(20,6) DEFAULT NULL,
  `packaging` decimal(20,6) DEFAULT NULL,
  `handling` decimal(20,6) DEFAULT NULL,
  `taxes` decimal(20,6) DEFAULT NULL,
  `grand_total` decimal(20,6) DEFAULT NULL,
  `taxrate` decimal(20,6) DEFAULT NULL,
  `shipping_weight` decimal(20,2) DEFAULT NULL,
  `billing_address` bigint(20) unsigned DEFAULT NULL,
  `shipping_address` bigint(20) unsigned DEFAULT NULL,
  `email` varchar(255) COLLATE utf8mb3_unicode_ci DEFAULT NULL,
  `coupon_id` bigint(20) unsigned DEFAULT NULL,
  `payment_status` int(11) NOT NULL DEFAULT 1,
  `payment_method_id` int(10) unsigned DEFAULT NULL,
  `message_to_customer` text COLLATE utf8mb3_unicode_ci DEFAULT NULL,
  `admin_note` text COLLATE utf8mb3_unicode_ci DEFAULT NULL,
  `deleted_at` timestamp NULL DEFAULT NULL,
  `created_at` timestamp NULL DEFAULT NULL,
  `updated_at` timestamp NULL DEFAULT NULL,
  `razorpay_order_id` text COLLATE utf8mb3_unicode_ci DEFAULT NULL,
  PRIMARY KEY (`id`),
  KEY `carts_shop_id_foreign` (`shop_id`),
  KEY `carts_customer_id_foreign` (`customer_id`),
  CONSTRAINT `carts_customer_id_foreign` FOREIGN KEY (`customer_id`) REFERENCES `customers` (`id`) ON DELETE SET NULL,
  CONSTRAINT `carts_shop_id_foreign` FOREIGN KEY (`shop_id`) REFERENCES `shops` (`id`) ON DELETE SET NULL
) ENGINE=InnoDB DEFAULT CHARSET=utf8mb3 COLLATE=utf8mb3_unicode_ci;


INSERT INTO `carts` (`id`, `shop_id`, `customer_id`, `ip_address`, `ship_to`, `ship_to_country_id`, `ship_to_state_id`, `shipping_zone_id`, `shipping_rate_id`, `packaging_id`, `is_digital`, `item_count`, `quantity`, `total`, `discount`, `shipping`, `packaging`, `handling`, `taxes`, `grand_total`, `taxrate`, `shipping_weight`, `billing_address`, `shipping_address`, `email`, `coupon_id`, `payment_status`, `payment_method_id`, `message_to_customer`, `admin_note`, `deleted_at`, `created_at`, `updated_at`, `razorpay_order_id`)
VALUES
	(1,2,NULL,NULL,NULL,840,1329,3,12,NULL,0,2,2,297.997022,0.000000,1.000000,NULL,2.000000,0.000000,300.997022,0.000000,2933.00,NULL,NULL,NULL,NULL,1,NULL,NULL,NULL,NULL,'2023-09-15 21:24:01','2023-09-15 21:59:56',NULL),
	(2,3,NULL,NULL,NULL,840,1329,5,NULL,NULL,0,1,1,315.188074,0.000000,NULL,NULL,0.000000,0.000000,315.188074,0.000000,418.00,NULL,NULL,NULL,NULL,1,NULL,NULL,NULL,NULL,'2023-09-15 21:24:20','2023-09-15 21:59:57',NULL),
	(3,5,NULL,NULL,NULL,840,1329,9,NULL,NULL,0,1,1,6.000000,0.000000,NULL,NULL,0.000000,0.000000,6.000000,0.000000,604.00,NULL,NULL,NULL,NULL,1,NULL,NULL,NULL,NULL,'2023-09-15 21:24:21','2023-09-15 21:59:57',NULL),
	(4,1,NULL,NULL,NULL,840,1329,1,NULL,NULL,0,1,1,164.979949,0.000000,NULL,NULL,0.000000,0.000000,164.979949,0.000000,1543.00,NULL,NULL,NULL,NULL,1,NULL,NULL,NULL,NULL,'2023-09-15 21:24:25','2023-09-15 21:59:57',NULL),
	(5,2,NULL,NULL,NULL,840,1329,3,12,NULL,0,2,2,340.800000,0.000000,1.000000,NULL,2.000000,0.000000,343.800000,0.000000,3083.00,NULL,NULL,NULL,NULL,1,NULL,NULL,NULL,NULL,'2023-09-16 04:54:58','2023-09-16 04:55:02',NULL),
	(6,2,NULL,NULL,NULL,NULL,NULL,NULL,NULL,NULL,0,2,2,625.574581,NULL,NULL,NULL,0.000000,NULL,625.574581,NULL,1473.00,NULL,NULL,NULL,NULL,1,NULL,NULL,NULL,NULL,'2023-09-17 13:23:35','2023-09-17 13:23:36',NULL),
	(8,1,NULL,NULL,NULL,840,1329,1,4,NULL,0,2,2,639.567760,0.000000,6.000000,NULL,2.000000,0.000000,647.567760,0.000000,2609.00,NULL,NULL,NULL,NULL,1,NULL,NULL,NULL,NULL,'2023-12-21 17:16:35','2023-12-21 17:36:31',NULL),
	(9,4,NULL,NULL,NULL,840,1329,7,NULL,NULL,0,1,1,161.686165,0.000000,NULL,NULL,0.000000,0.000000,161.686165,0.000000,1522.00,NULL,NULL,NULL,NULL,1,NULL,NULL,NULL,NULL,'2023-12-21 17:17:08','2023-12-21 17:36:32',NULL),
	(10,5,NULL,NULL,NULL,840,1329,9,44,NULL,0,1,1,324.363000,0.000000,2.000000,NULL,2.000000,0.000000,328.363000,0.000000,1413.00,NULL,NULL,NULL,NULL,1,NULL,NULL,NULL,NULL,'2023-12-21 17:17:08','2023-12-21 17:36:31',NULL),
	(12,1,NULL,NULL,NULL,840,1329,1,5,NULL,0,1,1,149.586812,0.000000,4.000000,NULL,2.000000,0.000000,155.586812,0.000000,1081.00,NULL,NULL,NULL,NULL,1,NULL,NULL,NULL,NULL,'2023-12-23 05:38:23','2023-12-23 05:38:48',NULL),
	(13,4,NULL,NULL,NULL,840,1329,7,35,NULL,0,1,1,268.773000,0.000000,11.000000,NULL,2.000000,0.000000,281.773000,0.000000,1147.00,NULL,NULL,NULL,NULL,1,NULL,NULL,NULL,NULL,'2023-12-23 05:38:23','2023-12-23 05:38:48',NULL);



# Dump of table categories
# ------------------------------------------------------------


CREATE TABLE `categories` (
  `id` int(10) unsigned NOT NULL AUTO_INCREMENT,
  `category_sub_group_id` int(10) unsigned NOT NULL,
  `name` varchar(200) COLLATE utf8mb3_unicode_ci NOT NULL,
  `slug` varchar(200) COLLATE utf8mb3_unicode_ci NOT NULL,
  `description` text COLLATE utf8mb3_unicode_ci DEFAULT NULL,
  `active` tinyint(1) NOT NULL DEFAULT 1,
  `featured` tinyint(1) DEFAULT NULL,
  `order` int(11) DEFAULT 100,
  `meta_title` text COLLATE utf8mb3_unicode_ci DEFAULT NULL,
  `meta_description` longtext COLLATE utf8mb3_unicode_ci DEFAULT NULL,
  `deleted_at` timestamp NULL DEFAULT NULL,
  `created_at` timestamp NULL DEFAULT NULL,
  `updated_at` timestamp NULL DEFAULT NULL,
  PRIMARY KEY (`id`),
  UNIQUE KEY `categories_slug_unique` (`slug`),
  KEY `categories_category_sub_group_id_foreign` (`category_sub_group_id`),
  CONSTRAINT `categories_category_sub_group_id_foreign` FOREIGN KEY (`category_sub_group_id`) REFERENCES `category_sub_groups` (`id`) ON DELETE CASCADE
) ENGINE=InnoDB DEFAULT CHARSET=utf8mb3 COLLATE=utf8mb3_unicode_ci;


INSERT INTO `categories` (`id`, `category_sub_group_id`, `name`, `slug`, `description`, `active`, `featured`, `order`, `meta_title`, `meta_description`, `deleted_at`, `created_at`, `updated_at`)
VALUES
	(1,12,'Sunglasses','sunglasses','Mobile Phones',1,1,100,NULL,NULL,NULL,'2022-08-02 21:57:45','2023-09-16 09:11:26'),
	(2,7,'Jewelleries','jewelleries','Headphone, Adapter, Casing etc',1,1,100,NULL,NULL,NULL,'2022-08-02 21:57:45','2023-09-16 08:41:57'),
	(3,9,'Watches','watches','Laptop',1,1,100,NULL,NULL,NULL,'2022-08-02 21:57:45','2023-09-16 08:39:42'),
	(4,7,'Shoes','shoes','Desktop',1,1,100,NULL,NULL,NULL,'2022-08-02 21:57:45','2023-09-16 09:11:41'),
	(5,17,'Furnitures','furnitures','Tablet Computer and Accessories',1,1,100,NULL,NULL,NULL,'2022-08-02 21:57:45','2023-09-16 08:41:40'),
	(6,24,'TVs','tvs','TVs and Accessories',1,NULL,100,NULL,NULL,'2023-09-30 20:22:16','2022-08-02 21:57:45','2023-09-30 20:22:16'),
	(7,8,'Indoor Plants','indoor-plants','Home Theater Sound System and Accessories',1,1,100,NULL,NULL,NULL,'2022-08-02 21:57:45','2023-09-16 08:40:49'),
	(8,6,'Sports','sports','PnS Camera and Accessories',1,1,100,NULL,NULL,NULL,'2022-08-02 21:57:45','2023-09-16 09:12:08'),
	(9,3,'DSLR','dslr','DSLR Camera and Accessories',1,NULL,100,NULL,NULL,NULL,'2022-08-02 21:57:45','2022-08-02 21:57:45'),
	(10,19,'Auto Parts','auto-parts','Video Camera and Accessories',1,1,100,NULL,NULL,NULL,'2022-08-02 21:57:45','2023-09-16 08:37:47'),
	(11,23,'Conroy-Wunsch','et-molestias-non-odio-repudiandae-ullam-tempora','Et optio dolorem nisi sed ut velit necessitatibus.',1,NULL,100,NULL,NULL,NULL,'2022-08-02 21:57:45','2022-08-02 21:57:45'),
	(12,8,'Roberts-Spinka','dolorem-non-non-doloremque-explicabo','Quia autem sed natus.',1,NULL,100,NULL,NULL,NULL,'2022-08-02 21:57:45','2022-08-02 21:57:45'),
	(13,22,'Rodriguez-Marquardt','fugit-perspiciatis-illum-illo-et-tempore-fugiat','Eos iure ut quidem velit omnis deserunt tempora.',1,NULL,100,NULL,NULL,NULL,'2022-08-02 21:57:45','2022-08-02 21:57:45'),
	(14,11,'Hammes Ltd','quia-dolor-eveniet-nobis-dolorem-soluta-qui-aut','Qui qui voluptatem eius eligendi labore hic dignissimos.',1,NULL,100,NULL,NULL,NULL,'2022-08-02 21:57:45','2022-08-02 21:57:45'),
	(15,11,'Kertzmann Ltd','et-aut-quae-et-quia-molestias-ratione','Magni minima cum iusto voluptatem.',1,NULL,100,NULL,NULL,NULL,'2022-08-02 21:57:45','2022-08-02 21:57:45'),
	(16,9,'Bogan, Ullrich and Runte','officia-quia-numquam-dicta-qui-qui-sit-consequatur','Consequatur vitae vel et facilis dolorem libero quis et.',1,NULL,100,NULL,NULL,NULL,'2022-08-02 21:57:45','2022-08-02 21:57:45'),
	(17,18,'Nitzsche, Schimmel and Tillman','saepe-ipsam-id-consectetur-accusantium','Dolor quo nesciunt ipsa. Est debitis repudiandae ab deserunt dolorem.',1,NULL,100,NULL,NULL,'2023-09-30 20:22:52','2022-08-02 21:57:45','2023-09-30 20:22:52'),
	(18,1,'Lind, Hammes and O\'Reilly','et-numquam-eum-impedit-totam-quis-natus-laboriosam','Aut sit ad blanditiis fugiat doloribus qui voluptate.',1,NULL,100,NULL,NULL,NULL,'2022-08-02 21:57:45','2022-08-02 21:57:45'),
	(19,5,'Mueller-Shields','vel-ut-tempore-voluptate-facere','Id quam omnis suscipit rem est tempora praesentium accusamus.',1,NULL,100,NULL,NULL,NULL,'2022-08-02 21:57:45','2022-08-02 21:57:45'),
	(20,12,'Bechtelar, Powlowski and Koelpin','assumenda-accusantium-voluptas-ullam-similique-velit-iure','Veniam qui nisi corporis aut vel.',1,NULL,100,NULL,NULL,NULL,'2022-08-02 21:57:45','2022-08-02 21:57:45'),
	(21,20,'Ferry, Bins and Prohaska','occaecati-quis-ullam-nihil-sint','Ducimus quo pariatur minima velit placeat ullam est. Minus enim autem dolore.',1,NULL,100,NULL,NULL,NULL,'2022-08-02 21:57:45','2022-08-02 21:57:45'),
	(22,11,'Green PLC','praesentium-minima-nemo-sed-eaque-maxime-iure-et-iste','Eius sed aut autem earum aut tenetur. Nihil quaerat et sunt et.',1,NULL,100,NULL,NULL,NULL,'2022-08-02 21:57:45','2022-08-02 21:57:45'),
	(23,23,'Barton-Stoltenberg','nihil-impedit-sapiente-autem-blanditiis','Fuga et qui optio laborum dignissimos. Nostrum ipsum rem qui velit.',1,NULL,100,NULL,NULL,NULL,'2022-08-02 21:57:45','2022-08-02 21:57:45'),
	(24,5,'Roob-Russel','laboriosam-ratione-necessitatibus-voluptates','Consequatur qui rerum provident rerum.',1,NULL,100,NULL,NULL,NULL,'2022-08-02 21:57:45','2022-08-02 21:57:45'),
	(25,10,'Hammes Ltd','quaerat-aut-cumque-rem-sunt-veritatis-omnis','Fugit distinctio velit omnis rem consequatur velit reiciendis.',1,NULL,100,NULL,NULL,NULL,'2022-08-02 21:57:45','2022-08-02 21:57:45'),
	(26,10,'Howe Ltd','necessitatibus-rerum-architecto-aut','Et saepe minima vel suscipit quia eveniet et.',1,NULL,100,NULL,NULL,NULL,'2022-08-02 21:57:45','2022-08-02 21:57:45'),
	(27,1,'Luettgen Inc','et-omnis-ea-at-in-recusandae-fugiat','Veniam dolorem laudantium eius voluptatem amet pariatur.',1,NULL,100,NULL,NULL,NULL,'2022-08-02 21:57:45','2022-08-02 21:57:45'),
	(28,14,'Rippin-Farrell','et-quidem-consequatur-modi-blanditiis-odit-aliquam-sequi-est','Cum iste nobis sit ea et ut. Doloribus temporibus labore ut.',1,NULL,100,NULL,NULL,NULL,'2022-08-02 21:57:45','2022-08-02 21:57:45'),
	(29,10,'Runolfsson-Trantow','neque-atque-commodi-eaque-illo-quia-aspernatur-eius','Saepe voluptas quia modi et molestiae eveniet.',1,NULL,100,NULL,NULL,NULL,'2022-08-02 21:57:45','2022-08-02 21:57:45'),
	(30,13,'Kassulke Ltd','porro-quas-placeat-aperiam-deserunt-ipsum-molestiae','Voluptas aut et hic repellendus in autem.',1,NULL,100,NULL,NULL,NULL,'2022-08-02 21:57:45','2022-08-02 21:57:45'),
	(31,19,'Wisozk Group','voluptatibus-rem-omnis-explicabo-aliquid','Iste ex fugit similique voluptatem. Molestiae qui maxime nulla illum veniam.',1,NULL,100,NULL,NULL,NULL,'2022-08-02 21:57:45','2022-08-02 21:57:45'),
	(32,11,'Keebler, Braun and Pouros','cumque-porro-voluptas-et-quo-mollitia','Ut ipsum ipsam harum quis ducimus omnis. Aut minima consequatur occaecati.',1,NULL,100,NULL,NULL,NULL,'2022-08-02 21:57:45','2022-08-02 21:57:45'),
	(33,21,'Turner, Lemke and Wintheiser','reiciendis-qui-voluptatem-numquam-quia-aliquid-laudantium-autem','Corrupti quidem nesciunt sed veritatis omnis sed pariatur ducimus.',1,NULL,100,NULL,NULL,NULL,'2022-08-02 21:57:45','2022-08-02 21:57:45'),
	(34,5,'Fisher, Brakus and Keeling','architecto-consequatur-est-aut-ducimus-velit-nostrum','Aut omnis dolores modi quo dolorem adipisci maxime.',1,NULL,100,NULL,NULL,NULL,'2022-08-02 21:57:45','2022-08-02 21:57:45'),
	(35,7,'McKenzie-Ernser','quos-aperiam-ratione-veniam-omnis-assumenda-vel-ratione','Id velit reprehenderit labore possimus nihil quasi voluptas.',1,NULL,100,NULL,NULL,NULL,'2022-08-02 21:57:45','2023-09-30 20:11:32'),
	(36,16,'DuBuque and Sons','iusto-omnis-aperiam-numquam-laboriosam-cupiditate','Ut maxime at quae quaerat quasi.',1,NULL,100,NULL,NULL,NULL,'2022-08-02 21:57:45','2022-08-02 21:57:45'),
	(37,21,'Swaniawski-Klocko','quibusdam-omnis-rerum-animi-velit-eveniet-sint-in','Temporibus neque optio autem.',1,NULL,100,NULL,NULL,NULL,'2022-08-02 21:57:45','2022-08-02 21:57:45'),
	(38,4,'Dietrich-Breitenberg','nam-sint-modi-blanditiis-similique-maiores-in','Voluptas voluptatibus temporibus vero rem voluptatem non.',1,NULL,100,NULL,NULL,NULL,'2022-08-02 21:57:45','2022-08-02 21:57:45'),
	(39,5,'Parisian-Williamson','consectetur-qui-aut-eum-aut','Nihil itaque deleniti dolorum voluptates modi sequi quia.',1,NULL,100,NULL,NULL,NULL,'2022-08-02 21:57:45','2022-08-02 21:57:45'),
	(40,18,'Considine Group','fuga-blanditiis-nesciunt-eius-in-occaecati-unde','Odit pariatur dolorem quia omnis ea. Suscipit est voluptatem amet ipsam.',1,NULL,100,NULL,NULL,'2023-09-30 20:22:52','2022-08-02 21:57:45','2023-09-30 20:22:52'),
	(41,26,'Artistic Fusion','artistic-fusion',NULL,1,NULL,3,NULL,NULL,NULL,'2023-09-30 15:46:24','2023-09-30 15:46:24'),
	(42,22,'Artistic Fusion','artistic-fusionm',NULL,1,NULL,4,NULL,NULL,NULL,'2023-09-30 15:48:35','2023-09-30 15:48:35'),
	(43,28,'Artistic Fusion','artistic-fusionn',NULL,1,NULL,5,NULL,NULL,NULL,'2023-09-30 18:34:10','2023-09-30 18:34:10'),
	(44,149,'Leuschke Inc','illo-consequatur-consequatur-sint-quae-dolores','Esse nihil explicabo dolorem labore harum.',1,NULL,100,NULL,NULL,NULL,'2023-09-30 18:22:56','2023-09-30 18:22:56'),
	(45,19,'Schumm, Mosciski and Sporer','incidunt-quis-corporis-accusamus-sequi-repellat-est-quo','Debitis quas velit nam ipsum corrupti ducimus voluptas.',1,NULL,100,NULL,NULL,NULL,'2023-09-30 18:22:56','2023-09-30 18:22:56'),
	(46,95,'Doyle-Gaylord','ducimus-quibusdam-et-consequatur-recusandae-labore','Aspernatur totam totam vel ducimus itaque aut ut consequuntur.',1,NULL,100,NULL,NULL,NULL,'2023-09-30 18:22:56','2023-09-30 18:22:56'),
	(47,93,'Thompson Ltd','autem-quos-molestias-cum-nesciunt','Voluptate aspernatur molestiae expedita beatae consequatur.',1,NULL,100,NULL,NULL,NULL,'2023-09-30 18:22:56','2023-09-30 18:22:56'),
	(48,90,'McKenzie LLC','ut-veritatis-voluptatum-et-iste','Ad eligendi qui dolor voluptatem rerum.',1,NULL,100,NULL,NULL,NULL,'2023-09-30 18:22:56','2023-09-30 18:22:56'),
	(49,85,'Wisozk Group','sit-vel-nihil-quo-ipsam-aut-exercitationem-fugit','Neque iusto repellendus praesentium sunt.',1,NULL,100,NULL,NULL,NULL,'2023-09-30 18:22:56','2023-09-30 18:22:56'),
	(50,75,'Mitchell-Beatty','doloribus-repudiandae-voluptatum-sapiente-omnis-et-dolore-dolores','Vero et provident doloribus et non. Quisquam est labore illum.',1,NULL,100,NULL,NULL,NULL,'2023-09-30 18:22:56','2023-09-30 18:22:56'),
	(51,7,'Hansen, Hane and Kozey','fuga-molestias-eaque-architecto-magni-consequatur-magnam','Dignissimos totam dolore numquam voluptatum et dolores sequi.',1,NULL,100,NULL,NULL,NULL,'2023-09-30 18:22:56','2023-09-30 18:22:56'),
	(52,70,'Gutmann-Stehr','consectetur-eos-nisi-accusantium-saepe-vero-omnis','Aspernatur occaecati quo sit a atque voluptatem.',1,NULL,100,NULL,NULL,NULL,'2023-09-30 18:22:56','2023-09-30 18:22:56'),
	(53,59,'Stehr Ltd','recusandae-reprehenderit-laborum-beatae-repellendus-illum-hic-dolores','Quis est rerum et incidunt. Asperiores blanditiis a et tenetur.',1,NULL,100,NULL,NULL,NULL,'2023-09-30 18:22:56','2023-09-30 18:22:56'),
	(54,72,'Jerde LLC','animi-expedita-ex-a-sapiente-molestiae','Minima voluptas aut ad et in. Minima ut dolor qui quia.',1,NULL,100,NULL,NULL,NULL,'2023-09-30 18:22:56','2023-09-30 18:22:56'),
	(55,116,'Medhurst-Bayer','ut-laudantium-autem-adipisci-in-quos-et-ut-laboriosam','Sit numquam rerum odio harum. Non provident nihil placeat ut.',1,NULL,100,NULL,NULL,NULL,'2023-09-30 18:22:56','2023-09-30 18:22:56'),
	(56,81,'Ondricka, Mosciski and Cruickshank','non-iusto-occaecati-porro-quaerat-molestiae','Impedit laboriosam debitis aperiam hic molestias tempora.',1,NULL,100,NULL,NULL,NULL,'2023-09-30 18:22:56','2023-09-30 18:22:56'),
	(57,130,'Pfeffer, Kovacek and Frami','voluptas-delectus-magni-sit-quia-quis','Placeat nulla ducimus molestias repudiandae sit vitae id.',1,NULL,100,NULL,NULL,NULL,'2023-09-30 18:22:56','2023-09-30 18:22:56'),
	(58,136,'Rippin-Mayer','iste-expedita-in-vel-dolores-eius-vel','Qui quia odio sit itaque eaque.',1,NULL,100,NULL,NULL,NULL,'2023-09-30 18:22:56','2023-09-30 18:22:56'),
	(59,114,'Hermiston-Senger','in-quis-velit-illum-at-hic-pariatur-architecto','Voluptatibus autem dicta sunt quaerat. Ut qui explicabo voluptatem vitae unde.',1,NULL,100,NULL,NULL,NULL,'2023-09-30 18:22:56','2023-09-30 18:22:56'),
	(60,59,'Rolfson LLC','aut-id-incidunt-nesciunt-ut-dolorum','Doloribus ut nisi odio delectus molestiae placeat rerum.',1,NULL,100,NULL,NULL,NULL,'2023-09-30 18:22:56','2023-09-30 18:22:56'),
	(61,125,'Legros-Rau','velit-sapiente-totam-saepe-tempora','Qui asperiores ab blanditiis suscipit voluptates libero aut.',1,NULL,100,NULL,NULL,NULL,'2023-09-30 18:22:56','2023-09-30 18:22:56'),
	(62,54,'Weber PLC','eum-nulla-non-eos-et-unde-voluptatem','Quia corporis qui voluptates.',1,NULL,100,NULL,NULL,NULL,'2023-09-30 18:22:56','2023-09-30 18:22:56'),
	(63,41,'Kirlin, Jones and Collier','omnis-quod-aperiam-dolorem-rerum-molestiae','Est quis assumenda adipisci earum voluptatem fuga et rerum.',1,NULL,100,NULL,NULL,NULL,'2023-09-30 18:22:56','2023-09-30 18:22:56'),
	(64,98,'Kulas-Torphy','quisquam-vitae-quia-eaque-delectus-laborum-iste-dignissimos-hic','Sit aspernatur perferendis sed ratione. Harum quas quia at laudantium.',1,NULL,100,NULL,NULL,NULL,'2023-09-30 18:22:56','2023-09-30 18:22:56'),
	(65,3,'Hettinger-Bergnaum','itaque-quis-laudantium-itaque-iste','Nam tempore sunt molestiae soluta adipisci aperiam.',1,NULL,100,NULL,NULL,NULL,'2023-09-30 18:22:56','2023-09-30 18:22:56'),
	(66,89,'Lind-Davis','eum-qui-exercitationem-doloremque-laboriosam','Velit eveniet est optio quis illum nobis sunt nesciunt.',1,NULL,100,NULL,NULL,NULL,'2023-09-30 18:22:56','2023-09-30 18:22:56'),
	(67,45,'Connelly Ltd','cum-quaerat-iusto-incidunt-id','Et consequatur eos provident deserunt in deleniti.',1,NULL,100,NULL,NULL,NULL,'2023-09-30 18:22:56','2023-09-30 18:22:56'),
	(68,151,'Stamm Ltd','soluta-et-sed-non-illum-et-voluptas','Eveniet error eveniet nostrum. Sit sint et culpa assumenda rerum consectetur.',1,NULL,100,NULL,NULL,NULL,'2023-09-30 18:22:56','2023-09-30 18:22:56'),
	(69,124,'Lehner, Zboncak and Little','deserunt-voluptatem-beatae-excepturi-doloremque','Eos recusandae odit repellendus harum. Sunt voluptas sunt illum voluptatibus.',1,NULL,100,NULL,NULL,NULL,'2023-09-30 18:22:56','2023-09-30 18:22:56'),
	(70,22,'Ledner and Sons','ut-eveniet-aliquid-consequatur-error-vitae-ea','Impedit voluptatem est eum doloremque expedita quia.',1,NULL,100,NULL,NULL,NULL,'2023-09-30 18:22:56','2023-09-30 18:22:56'),
	(71,84,'Hessel Group','et-debitis-harum-reprehenderit-eum','Modi quo quis rerum qui sunt rerum rerum.',1,NULL,100,NULL,NULL,NULL,'2023-09-30 18:22:56','2023-09-30 18:22:56'),
	(72,14,'Weissnat Group','voluptate-odio-culpa-non-dolorum-deleniti-tempore-excepturi-mollitia','Et provident iusto iusto eos qui eaque. Et exercitationem veniam aut autem.',1,NULL,100,NULL,NULL,NULL,'2023-09-30 18:22:56','2023-09-30 18:22:56'),
	(73,114,'Heidenreich and Sons','praesentium-ea-alias-placeat-rerum-dicta-placeat-voluptatem','Placeat nihil autem ipsam dicta quam a delectus reiciendis.',1,NULL,100,NULL,NULL,NULL,'2023-09-30 18:22:56','2023-09-30 18:22:56'),
	(74,97,'Quigley-Hoppe','porro-repellat-non-expedita-praesentium','Voluptate perferendis unde hic recusandae. Et ut iure iste id. Et et et sint.',1,NULL,100,NULL,NULL,NULL,'2023-09-30 18:22:56','2023-09-30 18:22:56'),
	(75,145,'Huel-Mann','aut-aut-ut-consequuntur-quod','Vero amet iure et repellendus eius perspiciatis assumenda enim.',1,NULL,100,NULL,NULL,NULL,'2023-09-30 18:22:56','2023-09-30 18:22:56'),
	(76,84,'Crooks-Hirthe','recusandae-vero-fuga-ut-aut-laborum-incidunt','Rerum debitis iure vel officiis et quisquam rerum. Odit sit nulla cumque amet.',1,NULL,100,NULL,NULL,NULL,'2023-09-30 18:22:56','2023-09-30 18:22:56'),
	(77,94,'Schmidt-Casper','ullam-modi-quo-dignissimos-atque-a-impedit-et','Est assumenda aperiam reiciendis ea et sed.',1,NULL,100,NULL,NULL,NULL,'2023-09-30 18:22:56','2023-09-30 18:22:56'),
	(78,95,'Harris-Hauck','vel-cupiditate-non-perferendis-voluptas-et','Quae minus nihil beatae recusandae dolores. Dolores omnis sint ipsum excepturi.',1,NULL,100,NULL,NULL,NULL,'2023-09-30 18:22:56','2023-09-30 18:22:56'),
	(79,78,'Champlin Group','culpa-totam-earum-autem-sequi-est-dolorem','Dolores itaque molestiae eius omnis ab reprehenderit.',1,NULL,100,NULL,NULL,NULL,'2023-09-30 18:22:56','2023-09-30 18:22:56'),
	(80,39,'Kilback Inc','assumenda-est-tenetur-ipsum-laborum-tempora-adipisci-aut','Facere neque laudantium eaque qui non est aut. Ut est error dicta nam.',1,NULL,100,NULL,NULL,NULL,'2023-09-30 18:22:56','2023-09-30 18:22:56'),
	(81,45,'Kohler-Murazik','cumque-omnis-delectus-dolores-impedit-dignissimos','Iste est culpa dolorem quam voluptatem.',1,NULL,100,NULL,NULL,NULL,'2023-09-30 18:22:56','2023-09-30 18:22:56'),
	(82,64,'Stracke Group','ab-et-mollitia-similique-et-animi-et-ut','Sapiente omnis voluptas placeat quia et vitae dolorem.',1,NULL,100,NULL,NULL,NULL,'2023-09-30 18:22:56','2023-09-30 18:22:56'),
	(83,49,'Pouros-Hodkiewicz','nihil-qui-ut-velit-cumque-illo','Laboriosam dolores sed ipsum assumenda pariatur quidem non ex.',1,NULL,100,NULL,NULL,NULL,'2023-09-30 18:22:56','2023-09-30 18:22:56'),
	(84,69,'Blanda, Tromp and Johnston','nihil-a-voluptas-quia','Voluptas minima facilis similique id.',1,NULL,100,NULL,NULL,NULL,'2023-09-30 18:22:56','2023-09-30 18:22:56'),
	(85,71,'Hirthe, Bartell and Aufderhar','numquam-qui-consequatur-quod-asperiores-facilis-quas','Ratione qui quod minima eum. Ab dolor porro sit harum minus sed.',1,NULL,100,NULL,NULL,NULL,'2023-09-30 18:22:56','2023-09-30 18:22:56'),
	(86,91,'Lesch-Wuckert','omnis-dolorem-quia-at-omnis','Ut enim ea aspernatur minima eius cupiditate placeat.',1,NULL,100,NULL,NULL,NULL,'2023-09-30 18:22:56','2023-09-30 18:22:56'),
	(87,28,'Auer-Stoltenberg','sunt-porro-doloremque-est-cumque-sit-nobis-et','Voluptatibus veniam et laborum est sunt odio vel reprehenderit.',1,NULL,100,NULL,NULL,NULL,'2023-09-30 18:22:56','2023-09-30 18:22:56'),
	(88,130,'Schiller Group','doloremque-aut-sint-perferendis-placeat-culpa','Sed quo similique quasi qui aliquid et. Consequuntur id delectus in ut quia.',1,NULL,100,NULL,NULL,NULL,'2023-09-30 18:22:56','2023-09-30 18:22:56'),
	(89,34,'Sawayn, Kuvalis and Muller','error-non-molestias-corporis-dolor-nisi-laudantium','Voluptate iure rem sed ea vel et error aut.',1,NULL,100,NULL,NULL,NULL,'2023-09-30 18:22:56','2023-09-30 18:22:56'),
	(90,106,'Harris Inc','laboriosam-ad-necessitatibus-impedit','Illum qui voluptas aperiam. Ut totam quos omnis ducimus vero magni aut.',1,NULL,100,NULL,NULL,NULL,'2023-09-30 18:22:56','2023-09-30 18:22:56'),
	(91,51,'Dicki Group','deleniti-excepturi-dolore-ea','Tempore aut facilis aliquam voluptas et vel.',1,NULL,100,NULL,NULL,NULL,'2023-09-30 18:22:56','2023-09-30 18:22:56'),
	(92,138,'Waelchi-Halvorson','vel-eligendi-modi-rem-cupiditate-explicabo','Nostrum blanditiis deleniti ducimus sunt est eveniet at.',1,NULL,100,NULL,NULL,NULL,'2023-09-30 18:22:56','2023-09-30 18:22:56'),
	(93,124,'Wyman-Bauch','voluptatem-sit-maxime-est-eum','Tenetur quia quasi illum rerum consequuntur at debitis.',1,NULL,100,NULL,NULL,NULL,'2023-09-30 18:22:56','2023-09-30 18:22:56'),
	(94,61,'Jones PLC','sit-qui-a-autem-consequatur-eveniet-necessitatibus','Qui repellat distinctio cumque ea libero. At et natus hic autem.',1,NULL,100,NULL,NULL,NULL,'2023-09-30 18:22:56','2023-09-30 18:22:56'),
	(95,137,'Abbott-O\'Conner','doloremque-repellendus-dicta-dolorum-ut-saepe-non','Nemo vel accusantium vitae doloremque.',1,NULL,100,NULL,NULL,NULL,'2023-09-30 18:22:56','2023-09-30 18:22:56'),
	(96,145,'Carter Ltd','inventore-eveniet-illo-facilis-perferendis','Optio nemo nihil ab voluptatibus officia doloremque.',1,NULL,100,NULL,NULL,NULL,'2023-09-30 18:22:56','2023-09-30 18:22:56'),
	(97,141,'Considine and Sons','consectetur-recusandae-ut-quidem-molestiae-omnis-quam','Expedita corrupti occaecati dolor vitae dolores soluta hic.',1,NULL,100,NULL,NULL,NULL,'2023-09-30 18:22:56','2023-09-30 18:22:56'),
	(98,134,'Gottlieb Group','et-quod-et-dolores','Facere aut quos sunt dolorum nihil.',1,NULL,100,NULL,NULL,NULL,'2023-09-30 18:22:56','2023-09-30 18:22:56'),
	(99,109,'Cartwright Inc','excepturi-expedita-accusamus-velit-laudantium-incidunt','Architecto et aliquam excepturi est ea.',1,NULL,100,NULL,NULL,NULL,'2023-09-30 18:22:56','2023-09-30 18:22:56'),
	(100,46,'Beier, Runolfsdottir and Bradtke','aut-iste-quidem-reprehenderit-commodi','Aut a perspiciatis est dignissimos. Eligendi et maiores aut quod.',1,NULL,100,NULL,NULL,NULL,'2023-09-30 18:22:56','2023-09-30 18:22:56'),
	(101,35,'Harvey, Pfannerstill and Wisozk','rerum-dolorum-laudantium-nisi-quia-consectetur-voluptatem-sed','Laudantium repudiandae quis provident.',1,NULL,100,NULL,NULL,NULL,'2023-09-30 18:22:56','2023-09-30 18:22:56'),
	(102,14,'Ferry, Leuschke and Cruickshank','molestias-voluptatem-et-et-illum','Sint quibusdam possimus tempora quam dolorem voluptas sunt necessitatibus.',1,NULL,100,NULL,NULL,NULL,'2023-09-30 18:22:56','2023-09-30 18:22:56'),
	(103,14,'Wolff, Herzog and Sawayn','voluptas-atque-et-qui-laboriosam-voluptatem-facilis','Dolor officia culpa quaerat facilis non quas ut eligendi.',1,NULL,100,NULL,NULL,NULL,'2023-09-30 18:22:56','2023-09-30 18:22:56'),
	(104,57,'Crooks Inc','consequatur-aut-est-occaecati-id-rem','Commodi quis repudiandae deserunt id tenetur ut. Et explicabo enim quod vel.',1,NULL,100,NULL,NULL,NULL,'2023-09-30 18:22:56','2023-09-30 18:22:56'),
	(105,8,'Kunde, Gorczany and Armstrong','fugit-dolorem-accusantium-eos-sint-cum','A et officia recusandae fuga voluptas totam vel eveniet.',1,NULL,100,NULL,NULL,NULL,'2023-09-30 18:22:56','2023-09-30 18:22:56'),
	(106,137,'Lakin, Denesik and Windler','velit-voluptatem-id-est-occaecati-qui-ducimus','Expedita officiis iste qui ad ut. Unde quo iste quae aut sunt.',1,NULL,100,NULL,NULL,NULL,'2023-09-30 18:22:56','2023-09-30 18:22:56'),
	(107,8,'Lang and Sons','occaecati-quibusdam-adipisci-hic-quia-quis-atque-error','Distinctio maxime eos aut aperiam. Eos eaque quo voluptatibus quae.',1,NULL,100,NULL,NULL,NULL,'2023-09-30 18:22:56','2023-09-30 18:22:56'),
	(108,135,'Jerde PLC','sed-consequatur-suscipit-maiores-quaerat','Qui consequatur unde accusantium distinctio iste.',1,NULL,100,NULL,NULL,NULL,'2023-09-30 18:22:56','2023-09-30 18:22:56'),
	(109,81,'Hand Group','quos-minima-distinctio-cum-modi-a','Libero ducimus itaque est quam.',1,NULL,100,NULL,NULL,NULL,'2023-09-30 18:22:56','2023-09-30 18:22:56'),
	(110,95,'Gusikowski LLC','voluptates-ratione-officiis-nihil','Quia incidunt mollitia ullam ut. Quaerat ad odit et tempora ut.',1,NULL,100,NULL,NULL,NULL,'2023-09-30 18:22:56','2023-09-30 18:22:56'),
	(111,77,'Kemmer and Sons','voluptates-enim-consequatur-eos-explicabo-et','Dolor quibusdam suscipit dolorem vitae sed. Quis maxime quas dolores neque.',1,NULL,100,NULL,NULL,NULL,'2023-09-30 18:22:56','2023-09-30 18:22:56'),
	(112,69,'Runolfsson, Schiller and Renner','aut-recusandae-voluptatem-cum-rerum','Quaerat a dicta et ullam.',1,NULL,100,NULL,NULL,NULL,'2023-09-30 18:22:56','2023-09-30 18:22:56'),
	(113,4,'Downloadables','downloadables','Et vel ut nam officia delectus autem rerum quo.',1,NULL,100,NULL,NULL,NULL,'2023-09-30 18:22:56','2023-10-10 18:07:25'),
	(114,100,'Schaden and Sons','nobis-ut-enim-odit-accusamus','Odit et iure quibusdam sapiente. Ratione alias aut quia magnam.',1,NULL,100,NULL,NULL,NULL,'2023-09-30 18:22:56','2023-09-30 18:22:56'),
	(115,39,'Lemke-Zieme','est-aperiam-voluptatum-qui-et-dolores-debitis-ad-enim','Eveniet omnis amet illo aut nemo aliquid.',1,NULL,100,NULL,NULL,NULL,'2023-09-30 18:22:56','2023-09-30 18:22:56'),
	(116,115,'Koch, Sanford and Leannon','ipsa-provident-eos-ullam-unde','Qui alias ipsum necessitatibus voluptate omnis ea qui.',1,NULL,100,NULL,NULL,NULL,'2023-09-30 18:22:56','2023-09-30 18:22:56'),
	(117,101,'Smith, Bernhard and Glover','aut-id-consequuntur-doloremque-nostrum-accusamus-in','Quia dicta earum similique placeat quia.',1,NULL,100,NULL,NULL,NULL,'2023-09-30 18:22:56','2023-09-30 18:22:56'),
	(118,85,'Cummings-Huel','rerum-quaerat-exercitationem-quia-consequatur-dolorem-consectetur-ducimus','Voluptatem quas repudiandae ut est quia sit esse.',1,NULL,100,NULL,NULL,NULL,'2023-09-30 18:22:56','2023-09-30 18:22:56'),
	(119,85,'Steuber-Green','ad-repellendus-neque-quas-voluptas','Repellat deserunt ex officia quis odio. Odit repellendus non in doloremque.',1,NULL,100,NULL,NULL,NULL,'2023-09-30 18:22:56','2023-09-30 18:22:56'),
	(120,47,'Schmidt, Baumbach and Towne','consequatur-hic-qui-et-tempore-nobis-sed','Impedit maxime dolores nemo ut.',1,NULL,100,NULL,NULL,NULL,'2023-09-30 18:22:56','2023-09-30 18:22:56'),
	(121,77,'Runte, Mosciski and Gleichner','quia-molestiae-quia-sunt-temporibus','Eum et ut et et non.',1,NULL,100,NULL,NULL,NULL,'2023-09-30 18:22:56','2023-09-30 18:22:56'),
	(122,60,'Tillman and Sons','ea-quia-similique-velit-dolor-est','Doloribus dolore ad ipsa minus voluptatum reiciendis.',1,NULL,100,NULL,NULL,NULL,'2023-09-30 18:22:56','2023-09-30 18:22:56'),
	(123,137,'Langosh, Homenick and Gottlieb','voluptatem-distinctio-aut-in-veniam-tempore-a-eius','Voluptatem iusto iusto quo sequi quae atque laboriosam. Et rem sed est.',1,NULL,100,NULL,NULL,NULL,'2023-09-30 18:22:56','2023-09-30 18:22:56'),
	(124,147,'Mraz-Walter','dolor-autem-expedita-eum-quas-laboriosam','Temporibus blanditiis quo necessitatibus quaerat magni.',1,NULL,100,NULL,NULL,NULL,'2023-09-30 18:22:56','2023-09-30 18:22:56'),
	(125,10,'Hansen, Maggio and Trantow','aut-ducimus-dolore-eum-quia','Dignissimos ab voluptatem numquam.',1,NULL,100,NULL,NULL,NULL,'2023-09-30 18:22:56','2023-09-30 18:22:56'),
	(126,113,'Schamberger-Roob','excepturi-cumque-ex-ad-rem-cumque','Vero ut voluptatibus quaerat eveniet non consequatur consectetur sequi.',1,NULL,100,NULL,NULL,NULL,'2023-09-30 18:22:56','2023-09-30 18:22:56'),
	(127,55,'Schaefer-Bailey','eum-qui-tempore-vel-provident','Dolores fuga omnis nesciunt tempore ipsum.',1,NULL,100,NULL,NULL,NULL,'2023-09-30 18:22:56','2023-09-30 18:22:56'),
	(128,130,'Kling-Roob','reprehenderit-cumque-voluptates-officia-eum-a-quia','Ratione perspiciatis et et. Et dolorem ipsam aspernatur quisquam similique.',1,NULL,100,NULL,NULL,NULL,'2023-09-30 18:22:56','2023-09-30 18:22:56'),
	(129,135,'Padberg and Sons','ut-illum-id-quam-quis-at-quibusdam','Aliquid temporibus expedita et excepturi asperiores quae.',1,NULL,100,NULL,NULL,NULL,'2023-09-30 18:22:56','2023-09-30 18:22:56'),
	(130,31,'Cartwright-Friesen','ratione-quaerat-velit-aut-nisi-omnis-error-praesentium-sed','Dolor nisi iusto facere ipsa sint et debitis nulla.',1,NULL,100,NULL,NULL,NULL,'2023-09-30 18:22:56','2023-09-30 18:22:56'),
	(131,42,'Sauer Group','qui-odio-iste-id-cumque-atque-similique-dolor','Sed quisquam quo et ad aperiam.',1,NULL,100,NULL,NULL,NULL,'2023-09-30 18:22:56','2023-09-30 18:22:56'),
	(132,142,'Schumm-Bednar','et-placeat-aliquid-consectetur-hic-neque-atque','Autem inventore temporibus sint animi aspernatur ipsum.',1,NULL,100,NULL,NULL,NULL,'2023-09-30 18:22:56','2023-09-30 18:22:56'),
	(133,39,'Smith, Reichel and Bailey','provident-rerum-pariatur-nesciunt-eum-inventore-incidunt-exercitationem','Ea aut iste autem quis maxime itaque labore.',1,NULL,100,NULL,NULL,NULL,'2023-09-30 18:22:56','2023-09-30 18:22:56'),
	(134,34,'Aufderhar Group','mollitia-nobis-dolor-non-est','Reprehenderit et itaque est. Ducimus ipsam eius quod corrupti.',1,NULL,100,NULL,NULL,NULL,'2023-09-30 18:22:56','2023-09-30 18:22:56'),
	(135,22,'Sipes-Osinski','ut-quo-delectus-earum-ut','Sunt et ipsam omnis dolor.',1,NULL,100,NULL,NULL,NULL,'2023-09-30 18:22:56','2023-09-30 18:22:56'),
	(136,76,'Bosco, Harber and Rice','rerum-debitis-quibusdam-repudiandae-commodi-esse-maiores-molestiae','Omnis aspernatur et fuga culpa et labore inventore.',1,NULL,100,NULL,NULL,NULL,'2023-09-30 18:22:56','2023-09-30 18:22:56'),
	(137,90,'Hayes-Wiegand','eaque-eos-praesentium-explicabo-ea-ut','Natus similique animi id quia iure.',1,NULL,100,NULL,NULL,NULL,'2023-09-30 18:22:56','2023-09-30 18:22:56'),
	(138,48,'Metz, Kuhic and Heaney','voluptatibus-amet-sed-aut-optio-mollitia','Reprehenderit consequatur ut quo voluptatem sunt ea.',1,NULL,100,NULL,NULL,NULL,'2023-09-30 18:22:56','2023-09-30 18:22:56'),
	(139,85,'Deckow PLC','sit-perferendis-maiores-quibusdam-dolores-et-sint','Dolorem minima et exercitationem vel mollitia qui.',1,NULL,100,NULL,NULL,NULL,'2023-09-30 18:22:56','2023-09-30 18:22:56'),
	(140,149,'Herman-Hammes','qui-est-quod-voluptates-facilis-aut','Laboriosam explicabo cupiditate aut repellendus.',1,NULL,100,NULL,NULL,NULL,'2023-09-30 18:22:56','2023-09-30 18:22:56'),
	(141,72,'Keeling PLC','ea-ipsam-fugit-eos-et-eaque','Culpa sed aut doloribus at totam ipsum.',1,NULL,100,NULL,NULL,NULL,'2023-09-30 18:22:56','2023-09-30 18:22:56'),
	(142,30,'Hansen-Bernier','veniam-laudantium-quo-dolor-illo-eos-delectus-nulla-magni','Similique aut quo assumenda molestiae neque ut.',1,NULL,100,NULL,NULL,NULL,'2023-09-30 18:22:56','2023-09-30 18:22:56'),
	(143,137,'Swaniawski, Koepp and Bartoletti','molestiae-asperiores-voluptates-atque','Eligendi vel veniam qui aliquid voluptatibus id quis.',1,NULL,100,NULL,NULL,NULL,'2023-09-30 18:22:56','2023-09-30 18:22:56'),
	(144,138,'Larson, Cartwright and Hansen','delectus-voluptatem-optio-adipisci-ipsa-soluta','Qui ab qui id dolores.',1,NULL,100,NULL,NULL,NULL,'2023-09-30 18:22:56','2023-09-30 18:22:56'),
	(145,121,'Mertz LLC','repellendus-sit-sint-aut-error','Ducimus maxime est asperiores sit eligendi fugit dignissimos.',1,NULL,100,NULL,NULL,NULL,'2023-09-30 18:22:56','2023-09-30 18:22:56'),
	(146,108,'Shields, Adams and Hahn','mollitia-neque-omnis-occaecati','Nihil qui aut id in possimus quo. Delectus qui enim pariatur sed.',1,NULL,100,NULL,NULL,NULL,'2023-09-30 18:22:56','2023-09-30 18:22:56'),
	(147,136,'Leffler, Hagenes and Pollich','eveniet-magni-aut-sunt-veritatis-perspiciatis-et','Nostrum aperiam asperiores maxime. Rerum accusantium quae et dolorem.',1,NULL,100,NULL,NULL,NULL,'2023-09-30 18:22:56','2023-09-30 18:22:56'),
	(148,69,'Grant Group','recusandae-reprehenderit-quis-dolor','Quas corporis et quas rerum. Necessitatibus consequuntur beatae ut quibusdam.',1,NULL,100,NULL,NULL,NULL,'2023-09-30 18:22:56','2023-09-30 18:22:56'),
	(149,68,'Olson Group','sunt-esse-culpa-in-vero-placeat-numquam-recusandae','Itaque vitae dolorum est dicta ad amet.',1,NULL,100,NULL,NULL,NULL,'2023-09-30 18:22:56','2023-09-30 18:22:56'),
	(151,131,'Murphy-Flatley','laudantium-non-ut-porro-excepturi-est','Facere perferendis quod perspiciatis alias. Dicta maxime cumque odit ut.',1,NULL,100,NULL,NULL,NULL,'2023-09-30 18:22:56','2023-09-30 18:22:56'),
	(152,75,'Hand, Wiza and Parker','et-officiis-fugiat-eum-nisi-reprehenderit','Tempora in blanditiis alias accusamus debitis id.',1,NULL,100,NULL,NULL,NULL,'2023-09-30 18:22:56','2023-09-30 18:22:56'),
	(153,39,'Mertz-Feil','repellat-qui-quo-ut-et-nam-et-consectetur','Aut quis sapiente excepturi et. Adipisci alias cum vel et quia.',1,NULL,100,NULL,NULL,NULL,'2023-09-30 18:22:56','2023-09-30 18:22:56'),
	(154,19,'Ritchie and Sons','rerum-dolorum-molestiae-voluptas-hic-sit-ut-sint','Praesentium vero nisi est quidem iusto nihil.',1,NULL,100,NULL,NULL,NULL,'2023-09-30 18:22:56','2023-09-30 18:22:56'),
	(155,81,'Marquardt LLC','nihil-ad-dolores-harum-et-eveniet','Voluptates velit itaque ad est.',1,NULL,100,NULL,NULL,NULL,'2023-09-30 18:22:56','2023-09-30 18:22:56'),
	(156,51,'Schmitt, Crona and Gutmann','laboriosam-illum-nemo-voluptas-ducimus-autem-soluta-quia','Minus esse quia quam quia. Pariatur et quia minus suscipit consequatur ad ad.',1,NULL,100,NULL,NULL,NULL,'2023-09-30 18:22:56','2023-09-30 18:22:56'),
	(157,76,'Waters Inc','quia-quas-explicabo-quidem-et','Qui sed eos qui maxime et. Assumenda et commodi eos.',1,NULL,100,NULL,NULL,NULL,'2023-09-30 18:22:56','2023-09-30 18:22:56'),
	(158,108,'O\'Hara-Schulist','ad-dignissimos-totam-commodi-est-neque-consequatur','Est ut facilis ut eum commodi repellat possimus. Sed ad deleniti rerum fugiat.',1,NULL,100,NULL,NULL,NULL,'2023-09-30 18:22:56','2023-09-30 18:22:56'),
	(159,64,'Hegmann LLC','soluta-provident-doloremque-impedit-dolor','Quo sed similique harum quasi inventore dolor ipsa.',1,NULL,100,NULL,NULL,NULL,'2023-09-30 18:22:57','2023-09-30 18:22:57'),
	(160,147,'Vandervort-Effertz','consequuntur-itaque-harum-quas-aspernatur','Dignissimos impedit similique consequatur sed eius voluptas.',1,NULL,100,NULL,NULL,NULL,'2023-09-30 18:22:57','2023-09-30 18:22:57'),
	(161,83,'Marks, Huel and Stoltenberg','qui-quasi-perspiciatis-ipsa-officia-voluptas-magni','Fuga voluptatem magnam ab ducimus.',1,NULL,100,NULL,NULL,NULL,'2023-09-30 18:22:57','2023-09-30 18:22:57'),
	(162,50,'Langworth-Schmeler','sit-tempora-exercitationem-sint','Sed occaecati eos molestias deleniti. Et voluptatem nesciunt et.',1,NULL,100,NULL,NULL,NULL,'2023-09-30 18:22:57','2023-09-30 18:22:57'),
	(163,33,'Thompson, Champlin and Streich','consectetur-qui-rerum-assumenda-quibusdam-voluptatibus','Sed qui repellendus consequatur voluptatem tempore odit rerum.',1,NULL,100,NULL,NULL,NULL,'2023-09-30 18:22:57','2023-09-30 18:22:57'),
	(164,78,'Ruecker-Jenkins','possimus-neque-maxime-ipsum-et-maiores-omnis-qui-nam','Nulla fugiat eaque ipsum delectus molestiae.',1,NULL,100,NULL,NULL,NULL,'2023-09-30 18:22:57','2023-09-30 18:22:57'),
	(165,3,'Frami, Marks and Lang','et-numquam-corporis-neque-consequatur-perspiciatis-libero-et','Earum dolor corporis sequi magni in magni.',1,NULL,100,NULL,NULL,NULL,'2023-09-30 18:22:57','2023-09-30 20:12:34'),
	(166,135,'Casper, Homenick and Senger','et-ab-dolores-doloribus-repellendus-magni','Suscipit non aut qui commodi. Aliquam assumenda velit sed quasi.',1,NULL,100,NULL,NULL,NULL,'2023-09-30 18:22:57','2023-09-30 18:22:57'),
	(167,46,'Rempel, Connelly and Armstrong','et-iure-sit-quia-adipisci','Magni voluptate illo sint pariatur et ducimus in.',1,NULL,100,NULL,NULL,NULL,'2023-09-30 18:22:57','2023-09-30 18:22:57'),
	(168,87,'Upton Inc','non-consequatur-minima-quia-nulla-aspernatur-accusamus','Ipsam aut excepturi quod eius quasi. Et rerum dignissimos officiis quo aperiam.',1,NULL,100,NULL,NULL,NULL,'2023-09-30 18:22:57','2023-09-30 18:22:57'),
	(169,147,'Christiansen-Roob','a-et-dolor-et-illum-recusandae','Culpa aspernatur numquam libero vitae voluptas quia excepturi.',1,NULL,100,NULL,NULL,NULL,'2023-09-30 18:22:57','2023-09-30 18:22:57'),
	(170,104,'Swift Group','blanditiis-optio-assumenda-libero-molestiae-consectetur','Fugit vero at ea qui et aliquam unde. Consequuntur reiciendis aut et ex et.',1,NULL,100,NULL,NULL,NULL,'2023-09-30 18:22:57','2023-09-30 18:22:57'),
	(171,122,'Hauck Ltd','velit-recusandae-quaerat-consequatur-nisi-dolor','Vero ipsam ullam natus rem asperiores. Possimus sed culpa earum.',1,NULL,100,NULL,NULL,NULL,'2023-09-30 18:22:57','2023-09-30 18:22:57'),
	(172,68,'Satterfield-Jacobs','adipisci-rerum-quia-labore-dolor-eligendi-minima-quaerat','Voluptatum vel repellat quos iste ipsam voluptatem.',1,NULL,100,NULL,NULL,NULL,'2023-09-30 18:22:57','2023-09-30 18:22:57'),
	(173,145,'Huel-Harris','dolores-fuga-consequatur-molestias-temporibus-tempore-voluptatem','Omnis rem est omnis dicta dolor voluptas.',1,NULL,100,NULL,NULL,NULL,'2023-09-30 18:22:57','2023-09-30 18:22:57'),
	(174,66,'Murray and Sons','quia-ut-veritatis-delectus-quia-esse-qui-laboriosam','Accusantium sunt doloremque accusamus et. Iure qui numquam similique neque.',1,NULL,100,NULL,NULL,NULL,'2023-09-30 18:22:57','2023-09-30 18:22:57'),
	(175,121,'Skiles-Kozey','vel-ipsum-fugiat-eos-quisquam','Non aut sit nisi ex. Quia perspiciatis non consequatur et error deserunt.',1,NULL,100,NULL,NULL,NULL,'2023-09-30 18:22:57','2023-09-30 18:22:57'),
	(176,115,'Ward, Ziemann and Lind','corporis-repudiandae-est-provident-ut-qui-ab-alias','Ullam veritatis rerum aliquam.',1,NULL,100,NULL,NULL,NULL,'2023-09-30 18:22:57','2023-09-30 18:22:57'),
	(177,121,'Kuhic LLC','odit-qui-iusto-porro-optio-animi-molestiae-doloribus-enim','Velit ab consectetur ullam. Aut consectetur consequatur est voluptas.',1,NULL,100,NULL,NULL,NULL,'2023-09-30 18:22:57','2023-09-30 18:22:57'),
	(178,67,'Wilkinson, Kuhn and Stamm','atque-qui-fugiat-et-animi','Qui sed sed vel illo. Commodi eaque ea perspiciatis quia ut.',1,NULL,100,NULL,NULL,NULL,'2023-09-30 18:22:57','2023-09-30 18:22:57'),
	(179,132,'Ondricka-Huels','blanditiis-iure-quasi-voluptatibus-rerum-eos','Dicta id dolores sunt hic.',1,NULL,100,NULL,NULL,NULL,'2023-09-30 18:22:57','2023-09-30 18:22:57'),
	(180,29,'Schiller, Schiller and Nikolaus','molestiae-quia-placeat-voluptates-omnis-hic-ut-voluptatem','Rerum non ut velit aut laborum dicta.',1,NULL,100,NULL,NULL,NULL,'2023-09-30 18:22:57','2023-09-30 18:22:57'),
	(181,21,'Hirthe LLC','est-ducimus-optio-fugit-et','Mollitia dolor eum dolores sed blanditiis ut fugit possimus.',1,NULL,100,NULL,NULL,NULL,'2023-09-30 18:22:57','2023-09-30 18:22:57'),
	(182,77,'Gutkowski LLC','qui-quod-cum-sunt-aut-voluptatum','Dolorem aspernatur non voluptatem.',1,NULL,100,NULL,NULL,NULL,'2023-09-30 18:22:57','2023-09-30 18:22:57'),
	(183,116,'Johnston-Little','ex-beatae-ea-aut-et','Est aut aliquid dolores magnam beatae qui eos.',1,NULL,100,NULL,NULL,NULL,'2023-09-30 18:22:57','2023-09-30 18:22:57'),
	(184,129,'Rempel-Christiansen','earum-tempora-deleniti-ullam-odio','Molestiae et ipsum sed officiis.',1,NULL,100,NULL,NULL,NULL,'2023-09-30 18:22:57','2023-09-30 18:22:57'),
	(185,147,'Dach-Graham','quae-facilis-autem-mollitia-facilis-error','Quia sed earum sapiente. Rerum corrupti voluptatem molestiae quisquam eligendi.',1,NULL,100,NULL,NULL,NULL,'2023-09-30 18:22:57','2023-09-30 18:22:57'),
	(186,128,'O\'Reilly, Lindgren and White','dignissimos-voluptatem-aut-voluptas-molestiae','Dolorem quibusdam exercitationem in et ut.',1,NULL,100,NULL,NULL,NULL,'2023-09-30 18:22:57','2023-09-30 18:22:57'),
	(187,69,'Schowalter, Howell and Doyle','cum-dolores-tempore-consequatur-vitae-nihil-magnam-voluptas','Magni rerum ducimus dolores temporibus voluptatum incidunt omnis autem.',1,NULL,100,NULL,NULL,NULL,'2023-09-30 18:22:57','2023-09-30 18:22:57'),
	(188,151,'Simonis-Yost','fugit-et-qui-est-vel','Amet incidunt quo velit aspernatur ut eius quos. Quo in excepturi sapiente.',1,NULL,100,NULL,NULL,NULL,'2023-09-30 18:22:57','2023-09-30 18:22:57'),
	(189,65,'Cummerata Inc','corporis-doloremque-aut-voluptas-et-reiciendis','Sed iste numquam sequi tenetur rerum facilis repudiandae molestiae.',1,NULL,100,NULL,NULL,NULL,'2023-09-30 18:22:57','2023-09-30 18:22:57'),
	(190,20,'Jaskolski Inc','voluptatibus-provident-cum-alias-quia-quam-autem','Recusandae qui eligendi magnam. Non in earum et dolores.',1,NULL,100,NULL,NULL,NULL,'2023-09-30 18:22:57','2023-09-30 18:22:57'),
	(191,37,'Dietrich, Gorczany and Okuneva','fugiat-quis-at-autem-est','Omnis labore et et quisquam dignissimos fugiat adipisci.',1,NULL,100,NULL,NULL,NULL,'2023-09-30 18:22:57','2023-09-30 18:22:57'),
	(192,2,'Tremblay-Runolfsdottir','qui-facilis-harum-optio-magni','Odio aut qui doloremque dolores. Quia cum nisi iure sit earum rerum quis.',1,NULL,100,NULL,NULL,NULL,'2023-09-30 18:22:57','2023-09-30 18:22:57'),
	(193,38,'Wolff-Boehm','et-deserunt-autem-numquam-voluptas-sapiente-et-asperiores-est','Rem sint enim nemo voluptatem unde suscipit. Nesciunt ullam et laudantium quas.',1,NULL,100,NULL,NULL,NULL,'2023-09-30 18:22:57','2023-09-30 18:22:57'),
	(194,34,'Kshlerin-Murazik','ipsum-nostrum-ipsa-ullam-ipsa','Modi incidunt labore quia at omnis omnis.',1,NULL,100,NULL,NULL,NULL,'2023-09-30 18:22:57','2023-09-30 18:22:57'),
	(195,118,'Hauck LLC','illo-et-distinctio-totam-esse','Ut in sed autem rerum consequatur quia. Sed aliquam sunt quo.',1,NULL,100,NULL,NULL,NULL,'2023-09-30 18:22:57','2023-09-30 18:22:57'),
	(196,57,'Crist, Tromp and Harris','qui-dolorum-qui-enim-perferendis-autem-odit-voluptatibus-omnis','Laboriosam illum doloremque facere. Recusandae nisi sunt provident culpa ut.',1,NULL,100,NULL,NULL,NULL,'2023-09-30 18:22:57','2023-09-30 18:22:57'),
	(197,57,'Lindgren-Lang','et-id-harum-nisi-dolor-facere-minima','Sed et culpa ipsam ea qui. Accusantium aut iste deserunt quibusdam odit optio.',1,NULL,100,NULL,NULL,NULL,'2023-09-30 18:22:57','2023-09-30 18:22:57'),
	(198,86,'Ritchie-Rosenbaum','beatae-autem-dolorem-voluptatibus-maxime-consequatur-iusto','Quam reprehenderit quis odio ex qui non dolor expedita.',1,NULL,100,NULL,NULL,NULL,'2023-09-30 18:22:57','2023-09-30 18:22:57'),
	(199,42,'Wiza, Kovacek and Crooks','non-et-magni-sint-ut-autem-placeat','Dolorem perferendis molestiae necessitatibus aut laborum qui dicta.',1,NULL,100,NULL,NULL,NULL,'2023-09-30 18:22:57','2023-09-30 18:22:57'),
	(200,54,'Swift Ltd','unde-quod-voluptatum-veritatis-delectus-quam-ut-enim-quisquam','Tempora quisquam beatae eius rerum hic ad nobis dolor.',1,NULL,100,NULL,NULL,NULL,'2023-09-30 18:22:57','2023-09-30 18:22:57'),
	(201,145,'Little, Satterfield and Casper','sed-ut-nostrum-voluptas-delectus-placeat-perferendis-non','Odio quo reiciendis voluptatibus consequatur.',1,NULL,100,NULL,NULL,NULL,'2023-09-30 18:22:57','2023-09-30 18:22:57'),
	(202,132,'Huels LLC','at-nemo-iusto-rerum-nesciunt-eligendi-dolore','Est aut similique est minima sed vel est.',1,NULL,100,NULL,NULL,NULL,'2023-09-30 18:22:57','2023-09-30 18:22:57'),
	(203,28,'Anderson-Boyer','laboriosam-perferendis-doloribus-enim-cumque-tempore-est-delectus','Incidunt vitae distinctio labore. Placeat rerum est occaecati fugit harum et.',1,NULL,100,NULL,NULL,NULL,'2023-09-30 18:22:57','2023-09-30 18:22:57'),
	(204,4,'Sawayn LLC','molestiae-sed-qui-nemo-inventore-vel-eum-maiores','Dolorum quo quia non. Totam et tempora qui fuga illo et.',1,NULL,100,NULL,NULL,NULL,'2023-09-30 18:22:57','2023-09-30 18:22:57'),
	(205,124,'Schulist-Lehner','suscipit-rerum-et-molestias-dolores-ullam','Nobis est non numquam ut dolorem. In ducimus autem ratione aut placeat est.',1,NULL,100,NULL,NULL,NULL,'2023-09-30 18:22:57','2023-09-30 18:22:57'),
	(206,102,'Parisian, Borer and O\'Reilly','consequatur-consectetur-ex-accusamus-aut-autem','Ipsa nemo consequuntur et ut.',1,NULL,100,NULL,NULL,NULL,'2023-09-30 18:22:57','2023-09-30 18:22:57'),
	(207,104,'Gottlieb, Nitzsche and Cronin','doloribus-impedit-quo-dolor-neque-consequatur-hic-quis-omnis','Quia sed saepe dolorem qui. Eum ullam fugiat vel cupiditate ea.',1,NULL,100,NULL,NULL,NULL,'2023-09-30 18:22:57','2023-09-30 18:22:57'),
	(208,27,'Connelly, Willms and Romaguera','perspiciatis-qui-blanditiis-temporibus-laborum','Itaque voluptas beatae sint quas ea incidunt quod.',1,NULL,100,NULL,NULL,NULL,'2023-09-30 18:22:57','2023-09-30 18:22:57'),
	(209,102,'Hagenes Group','nemo-culpa-occaecati-modi-molestiae-neque','Sit iusto aliquid perspiciatis veniam in laboriosam.',1,NULL,100,NULL,NULL,NULL,'2023-09-30 18:22:57','2023-09-30 18:22:57'),
	(210,144,'Larkin, Smitham and Cassin','dolores-est-laboriosam-quia-ut-tenetur-non-tenetur-qui','Aut quae enim numquam velit consequuntur illum.',1,NULL,100,NULL,NULL,NULL,'2023-09-30 18:22:57','2023-09-30 18:22:57'),
	(211,31,'Kemmer Ltd','eum-similique-quia-et-est-cum','Necessitatibus consequatur provident et ea velit.',1,NULL,100,NULL,NULL,NULL,'2023-09-30 18:22:57','2023-09-30 18:22:57'),
	(212,114,'Rice-Dickinson','atque-aliquam-modi-velit-autem-sint-accusamus-corporis','Sequi dolor natus ut amet laudantium id.',1,NULL,100,NULL,NULL,NULL,'2023-09-30 18:22:57','2023-09-30 18:22:57'),
	(213,3,'Miller, Hartmann and Baumbach','ea-sit-iure-quasi-voluptas','Ipsa nobis cumque quo deserunt cupiditate sit similique.',1,NULL,100,NULL,NULL,NULL,'2023-09-30 18:22:57','2023-09-30 20:12:31'),
	(214,80,'Hane-Huel','magnam-velit-eveniet-consequatur-eum-magni','Quo sed provident iure alias.',1,NULL,100,NULL,NULL,NULL,'2023-09-30 18:22:57','2023-09-30 18:22:57'),
	(215,49,'Kuvalis-DuBuque','qui-vel-magni-reiciendis-sit-eius-et','Nemo magnam qui ab repudiandae tempore.',1,NULL,100,NULL,NULL,NULL,'2023-09-30 18:22:57','2023-09-30 18:22:57'),
	(216,38,'Hettinger, Feeney and Fadel','praesentium-rerum-ullam-occaecati-accusantium-temporibus','In doloremque ab id cum nesciunt vel. Sit placeat et quo aliquam id ipsum.',1,NULL,100,NULL,NULL,NULL,'2023-09-30 18:22:57','2023-09-30 18:22:57'),
	(217,82,'Barton-Wilderman','necessitatibus-impedit-quod-doloribus','Esse animi aspernatur perspiciatis eveniet voluptates excepturi natus id.',1,NULL,100,NULL,NULL,NULL,'2023-09-30 18:22:57','2023-09-30 18:22:57'),
	(218,59,'Kreiger LLC','ut-a-nemo-reiciendis-voluptatem','Aut in autem soluta eum et. Rerum harum culpa voluptate non minima.',1,NULL,100,NULL,NULL,NULL,'2023-09-30 18:22:57','2023-09-30 18:22:57'),
	(219,6,'Greenholt-Dietrich','excepturi-adipisci-quae-quis-illo-placeat','Saepe sint ut dolore sed nobis iste.',1,NULL,100,NULL,NULL,NULL,'2023-09-30 18:22:57','2023-09-30 20:12:31'),
	(220,54,'Oberbrunner, Cronin and Swaniawski','totam-laudantium-mollitia-ut-ad-dolores-vel','Quia rerum et repellendus nostrum.',1,NULL,100,NULL,NULL,NULL,'2023-09-30 18:22:57','2023-09-30 18:22:57'),
	(221,95,'Hamill PLC','voluptas-autem-dolores-illum-animi-et-cum','Molestiae quis praesentium pariatur in.',1,NULL,100,NULL,NULL,NULL,'2023-09-30 18:22:57','2023-09-30 18:22:57'),
	(222,127,'Bauch, Reilly and Treutel','voluptatem-aut-consequatur-quidem-consectetur-ratione-delectus-officiis','Inventore labore quasi qui et voluptatem beatae magni et.',1,NULL,100,NULL,NULL,NULL,'2023-09-30 18:22:57','2023-09-30 18:22:57'),
	(223,124,'Lebsack-Reichert','saepe-quidem-omnis-fugit','Dignissimos ut voluptatem animi ab tempora modi.',1,NULL,100,NULL,NULL,NULL,'2023-09-30 18:22:57','2023-09-30 18:22:57'),
	(224,78,'Witting-Harber','sit-non-maxime-omnis-aut-aspernatur-rerum-cupiditate-et','Sint aliquam totam numquam asperiores maxime reprehenderit.',1,NULL,100,NULL,NULL,NULL,'2023-09-30 18:22:57','2023-09-30 18:22:57'),
	(225,82,'Lubowitz, Lockman and Schuppe','consequatur-dolore-quod-totam-et-voluptas-et','Sequi dignissimos voluptas quia consequatur ut quasi.',1,NULL,100,NULL,NULL,NULL,'2023-09-30 18:22:57','2023-09-30 18:22:57'),
	(226,65,'Bailey-Steuber','rerum-molestiae-blanditiis-amet-officiis','Quidem ipsa magni deserunt voluptates saepe.',1,NULL,100,NULL,NULL,NULL,'2023-09-30 18:22:57','2023-09-30 18:22:57'),
	(227,36,'Botsford-Hessel','iste-repudiandae-blanditiis-laudantium','Eum ratione autem eveniet asperiores sed vel.',1,NULL,100,NULL,NULL,NULL,'2023-09-30 18:22:57','2023-09-30 18:22:57'),
	(228,75,'Hodkiewicz, Dickinson and Lubowitz','voluptas-corporis-vero-sunt-non-incidunt-rem-sed','Sint sunt voluptatibus possimus eos aut et vero. Debitis quia quae et.',1,NULL,100,NULL,NULL,NULL,'2023-09-30 18:22:57','2023-09-30 18:22:57'),
	(229,13,'Heaney-Greenholt','aut-sed-ut-tempora-modi','Maxime ut aliquid officia blanditiis nihil.',1,NULL,100,NULL,NULL,NULL,'2023-09-30 18:22:57','2023-09-30 18:22:57'),
	(230,1,'Little-Stanton','est-eos-odio-quibusdam-odit','Tempora soluta amet est libero exercitationem sequi perspiciatis.',1,NULL,100,NULL,NULL,NULL,'2023-09-30 18:22:57','2023-09-30 20:12:35'),
	(231,50,'D\'Amore-Berge','doloremque-impedit-ipsam-quibusdam-maxime','Et est voluptas vel enim. Aut ut unde at expedita.',1,NULL,100,NULL,NULL,NULL,'2023-09-30 18:22:57','2023-09-30 18:22:57'),
	(232,51,'Runolfsdottir-Ernser','et-voluptatem-maxime-non-omnis-occaecati-modi','Et rerum quia dicta et ut. Dolores numquam perferendis non enim.',1,NULL,100,NULL,NULL,NULL,'2023-09-30 18:22:57','2023-09-30 18:22:57'),
	(233,107,'Bergstrom-Jones','consequuntur-id-corporis-doloremque-consequatur-qui-provident','Eum modi vel accusamus a sequi corporis. Rerum pariatur eligendi quos esse.',1,NULL,100,NULL,NULL,NULL,'2023-09-30 18:22:57','2023-09-30 18:22:57'),
	(234,4,'Keebler Ltd','labore-dolor-nesciunt-omnis-occaecati-quos-nihil-nihil-iusto','Sunt rem ut voluptas in. Id repudiandae quia minima sed libero sit aliquam.',1,NULL,100,NULL,NULL,NULL,'2023-09-30 18:22:57','2023-09-30 20:12:31'),
	(235,75,'Welch, Keeling and Cummings','qui-adipisci-incidunt-ullam-quia-molestiae-veniam-facere-voluptate','Eligendi eum repellat et nihil quod. In assumenda placeat rem enim velit.',1,NULL,100,NULL,NULL,NULL,'2023-09-30 18:22:57','2023-09-30 18:22:57'),
	(236,111,'Vandervort, Aufderhar and Gibson','dolor-saepe-quod-et-et','Deleniti qui consequatur necessitatibus sed. Est quo doloribus aliquid.',1,NULL,100,NULL,NULL,NULL,'2023-09-30 18:22:57','2023-09-30 18:22:57'),
	(237,51,'Brekke-Hauck','possimus-architecto-exercitationem-repellat-et-sunt','Et vel maxime perferendis quam velit odio rerum.',1,NULL,100,NULL,NULL,NULL,'2023-09-30 18:22:57','2023-09-30 18:22:57'),
	(238,1,'Heller, O\'Connell and Boyer','laudantium-voluptate-laudantium-quos','Voluptate iste quia quia voluptas reprehenderit qui rerum.',1,NULL,100,NULL,NULL,NULL,'2023-09-30 18:22:57','2023-09-30 20:12:34'),
	(239,12,'Bayer-Sauer','eos-eaque-fuga-non','Numquam at laborum sit aperiam.',1,NULL,100,NULL,NULL,NULL,'2023-09-30 18:22:57','2023-09-30 18:22:57'),
	(240,135,'Lindgren, Deckow and Gottlieb','fuga-voluptatibus-itaque-recusandae-enim-iure-deserunt','Quo architecto sit quia aut dignissimos sed itaque harum.',1,NULL,100,NULL,NULL,NULL,'2023-09-30 18:22:57','2023-09-30 18:22:57'),
	(241,120,'Hagenes Ltd','quisquam-reprehenderit-accusamus-tempora-fugit','Officia nobis eaque distinctio est corporis qui qui fugit.',1,NULL,100,NULL,NULL,NULL,'2023-09-30 18:22:57','2023-09-30 18:22:57'),
	(242,117,'Ankunding, Zemlak and Muller','et-quisquam-similique-facere-porro-alias','Nihil a omnis earum eligendi voluptas iusto asperiores.',1,NULL,100,NULL,NULL,NULL,'2023-09-30 18:22:57','2023-09-30 18:22:57'),
	(243,130,'Ritchie Group','possimus-repellat-sunt-non-ratione-et-ipsam-quas','Ut quam aliquam voluptatibus delectus magni.',1,NULL,100,NULL,NULL,NULL,'2023-09-30 18:22:57','2023-09-30 18:22:57'),
	(244,34,'Littel and Sons','iste-nisi-et-esse-molestiae-autem','Et eos quia quo enim.',1,NULL,100,NULL,NULL,NULL,'2023-09-30 18:22:57','2023-09-30 18:22:57'),
	(245,96,'Murphy-Cole','et-ipsam-ut-ratione-velit-labore-tempora-blanditiis','Aperiam id dolorum magnam corporis facilis ipsum voluptas et.',1,NULL,100,NULL,NULL,NULL,'2023-09-30 18:22:57','2023-09-30 18:22:57'),
	(246,17,'Langworth Inc','et-sit-eius-doloremque','Sint deleniti explicabo nihil placeat. Pariatur sunt architecto perferendis.',1,NULL,100,NULL,NULL,NULL,'2023-09-30 18:22:57','2023-09-30 18:22:57'),
	(247,89,'Ortiz, Murray and Schuster','eum-est-repudiandae-voluptates-voluptates-eum-vero-consequatur-enim','Itaque et maxime qui nobis suscipit quia repellat.',1,NULL,100,NULL,NULL,NULL,'2023-09-30 18:22:57','2023-09-30 18:22:57'),
	(248,26,'Von and Sons','et-itaque-qui-quaerat-est-facilis-ducimus-est','Beatae mollitia non sint provident occaecati vel.',1,NULL,100,NULL,NULL,NULL,'2023-09-30 18:22:57','2023-09-30 18:22:57'),
	(249,57,'McGlynn Inc','cupiditate-deleniti-dolores-soluta-inventore-iure-et','Suscipit est distinctio dolor fugiat quia beatae tempore.',1,NULL,100,NULL,NULL,NULL,'2023-09-30 18:22:57','2023-09-30 18:22:57'),
	(250,59,'Weissnat-Durgan','velit-distinctio-voluptas-doloremque-ab-eius-temporibus-fugit-voluptate','Dolores quam sed corporis ullam et ex. Magni consectetur rerum officia qui.',1,NULL,100,NULL,NULL,NULL,'2023-09-30 18:22:57','2023-09-30 18:22:57'),
	(251,76,'Quitzon, O\'Hara and Wunsch','sed-esse-architecto-iusto-enim-dolores-explicabo','Neque adipisci maxime cum quia molestiae non.',1,NULL,100,NULL,NULL,NULL,'2023-09-30 18:22:57','2023-09-30 18:22:57'),
	(252,33,'Mayer, Bergstrom and Blanda','esse-quis-quidem-adipisci-velit-minus','Quod qui modi perspiciatis aperiam. Consequatur ut quia dicta dolore.',1,NULL,100,NULL,NULL,NULL,'2023-09-30 18:22:57','2023-09-30 18:22:57'),
	(253,12,'Will-Gottlieb','aut-error-praesentium-quo-numquam-molestiae-vel','Alias dolorem quaerat esse quo id est.',1,NULL,100,NULL,NULL,NULL,'2023-09-30 18:22:57','2023-09-30 20:11:32'),
	(254,97,'Crooks-DuBuque','aut-cum-qui-quia-rerum-dolorem-nobis-sunt','Exercitationem consequatur ratione incidunt et.',1,NULL,100,NULL,NULL,NULL,'2023-09-30 18:22:57','2023-09-30 18:22:57'),
	(255,36,'Fritsch-Witting','voluptatem-qui-sint-non-temporibus-eius-minus','Et quia tempore occaecati minus molestiae at aspernatur.',1,NULL,100,NULL,NULL,NULL,'2023-09-30 18:22:57','2023-09-30 18:22:57'),
	(256,21,'Leffler LLC','et-itaque-dolorem-et-et-recusandae-quo-quidem-asperiores','Natus laudantium pariatur sit hic fugit est reprehenderit.',1,NULL,100,NULL,NULL,NULL,'2023-09-30 18:22:57','2023-09-30 18:22:57'),
	(257,37,'Bashirian, Brown and Hills','ipsam-ut-sed-sed-veritatis','Tenetur dignissimos at voluptas ea quisquam occaecati.',1,NULL,100,NULL,NULL,NULL,'2023-09-30 18:22:57','2023-09-30 18:22:57'),
	(258,47,'Emmerich LLC','autem-quo-quam-dolorem-magni-harum-quae-molestiae-libero','Dignissimos fugit natus consequatur explicabo iure debitis ipsam.',1,NULL,100,NULL,NULL,NULL,'2023-09-30 18:22:57','2023-09-30 18:22:57'),
	(259,29,'Bahringer Group','voluptatem-non-aut-ex-repellat-inventore-culpa-voluptatem-officia','Aut ut qui odio sunt quidem quis.',1,NULL,100,NULL,NULL,NULL,'2023-09-30 18:22:57','2023-09-30 18:22:57'),
	(260,28,'Schimmel, Wilkinson and Jones','occaecati-voluptas-ut-veniam-atque-autem-est-illo','Eveniet totam sed quaerat deleniti.',1,NULL,100,NULL,NULL,NULL,'2023-09-30 18:22:57','2023-09-30 18:22:57'),
	(261,13,'Durgan-Hodkiewicz','omnis-molestiae-iusto-est-suscipit-saepe-modi-et','Dolore ab doloremque sed est explicabo fugiat.',1,NULL,100,NULL,NULL,NULL,'2023-09-30 18:22:57','2023-09-30 20:11:32'),
	(262,37,'Effertz LLC','labore-qui-magni-beatae-ipsam-sit-sunt','Non consequuntur dolor illo voluptatem et ea. Voluptatum tempora dolor qui.',1,NULL,100,NULL,NULL,NULL,'2023-09-30 18:22:57','2023-09-30 18:22:57'),
	(263,24,'Fay LLC','hic-voluptatem-odit-blanditiis-odit-quo-ut','Ad unde molestias quia nihil exercitationem iure est error.',1,NULL,100,NULL,NULL,'2023-09-30 20:22:16','2023-09-30 18:22:57','2023-09-30 20:22:16'),
	(264,67,'Spinka PLC','doloremque-voluptas-assumenda-dicta-ut-veritatis-et-error','Nulla illo voluptatem quas.',1,NULL,100,NULL,NULL,NULL,'2023-09-30 18:22:57','2023-09-30 18:22:57'),
	(265,101,'Cummerata Ltd','aliquam-laudantium-repellat-sunt-blanditiis-laudantium-et-aut','Aut aperiam quia nostrum occaecati unde magni consequuntur.',1,NULL,100,NULL,NULL,NULL,'2023-09-30 18:22:57','2023-09-30 18:22:57'),
	(266,136,'Wisoky-Ratke','reiciendis-repellendus-asperiores-sit-animi-est','Pariatur omnis dignissimos dicta. Ut eum quia ut cupiditate quia voluptas.',1,NULL,100,NULL,NULL,NULL,'2023-09-30 18:22:57','2023-09-30 18:22:57'),
	(267,6,'Hodkiewicz LLC','veniam-perferendis-nihil-est-voluptatem-harum-sint','Illum itaque qui ut provident quo aut.',1,NULL,100,NULL,NULL,NULL,'2023-09-30 18:22:57','2023-09-30 20:11:32'),
	(269,46,'Dare, Ratke and Schultz','voluptatem-in-non-adipisci-laboriosam-est-omnis-facere-cumque','Sequi occaecati tempora quia tenetur aut qui aut itaque.',1,NULL,100,NULL,NULL,NULL,'2023-09-30 18:22:57','2023-09-30 18:22:57'),
	(270,23,'Parker Group','sapiente-autem-cum-omnis-assumenda','Occaecati voluptas nemo in dolorem officiis velit expedita.',1,NULL,100,NULL,NULL,NULL,'2023-09-30 18:22:57','2023-09-30 18:22:57'),
	(271,84,'Spencer Ltd','pariatur-unde-iure-corrupti-cumque','Laboriosam et nemo dignissimos ab. Id expedita illum est dignissimos doloribus.',1,NULL,100,NULL,NULL,NULL,'2023-09-30 18:22:57','2023-09-30 18:22:57'),
	(272,80,'Kuphal-Miller','minus-maiores-est-libero-labore-eos-animi','Rerum error ipsam ex eligendi voluptatem sunt.',1,NULL,100,NULL,NULL,NULL,'2023-09-30 18:22:57','2023-09-30 18:22:57'),
	(273,103,'Dibbert-Schroeder','facilis-magni-iste-est-voluptatem-rem-ratione','At consequatur officiis autem commodi qui.',1,NULL,100,NULL,NULL,NULL,'2023-09-30 18:22:57','2023-09-30 18:22:57'),
	(274,31,'Upton Group','nihil-tenetur-id-aut-maiores-at-est','Autem facilis voluptatem qui adipisci reprehenderit.',1,NULL,100,NULL,NULL,NULL,'2023-09-30 18:22:57','2023-09-30 18:22:57'),
	(275,13,'Brekke, Hamill and Schamberger','vel-recusandae-expedita-aut-consequatur-numquam','At maiores accusamus sit dignissimos. Quasi eum pariatur et saepe.',1,NULL,100,NULL,NULL,NULL,'2023-09-30 18:22:57','2023-09-30 18:22:57'),
	(276,29,'Witting-Donnelly','consequatur-vitae-delectus-facere-unde','Facilis architecto aut iste aut eligendi accusamus nesciunt culpa.',1,NULL,100,NULL,NULL,NULL,'2023-09-30 18:22:57','2023-09-30 18:22:57'),
	(277,94,'Mills, Larkin and Tremblay','et-occaecati-consectetur-rerum-iste','Voluptatem velit ipsa aperiam beatae laudantium.',1,NULL,100,NULL,NULL,NULL,'2023-09-30 18:22:57','2023-09-30 18:22:57'),
	(278,9,'Konopelski PLC','fuga-in-rerum-quia-et-eius','Iste esse molestias earum expedita. Et eius fugit ullam.',1,NULL,100,NULL,NULL,NULL,'2023-09-30 18:22:57','2023-09-30 20:12:31'),
	(279,113,'Green Ltd','quos-quis-incidunt-ex-laudantium-molestiae','Itaque nobis qui recusandae. Voluptas numquam non ipsa voluptate atque in.',1,NULL,100,NULL,NULL,NULL,'2023-09-30 18:22:57','2023-09-30 18:22:57'),
	(280,107,'Hessel and Sons','doloremque-eaque-excepturi-est-dolores-libero','Eius dolor iure est illum. Ut et tempore fugit praesentium animi.',1,NULL,100,NULL,NULL,NULL,'2023-09-30 18:22:57','2023-09-30 18:22:57'),
	(281,128,'Wyman and Sons','culpa-non-qui-voluptate-eos-ut-omnis-laboriosam','Repudiandae laboriosam voluptatem ipsum facilis.',1,NULL,100,NULL,NULL,NULL,'2023-09-30 18:22:57','2023-09-30 18:22:57'),
	(282,27,'Bogisich Group','quasi-earum-aspernatur-voluptatibus','Aliquam sunt dolor animi nihil culpa molestias qui.',1,NULL,100,NULL,NULL,NULL,'2023-09-30 18:22:57','2023-09-30 18:22:57'),
	(284,127,'Stamm-Bernhard','expedita-alias-odit-dicta-ut-ad-inventore-iste','Alias totam explicabo magni minus placeat quo.',1,NULL,100,NULL,NULL,NULL,'2023-09-30 18:22:57','2023-09-30 18:22:57'),
	(287,144,'Boehm-Bauch','ipsum-eum-nobis-quisquam-dicta-qui-ipsum-quaerat','Molestiae quasi omnis tenetur sapiente sit reprehenderit.',1,NULL,100,NULL,NULL,NULL,'2023-09-30 18:22:57','2023-09-30 18:22:57'),
	(288,94,'Auer, Paucek and Schroeder','sunt-inventore-nesciunt-voluptas-aut','Odio occaecati eaque ipsum laudantium enim molestiae.',1,NULL,100,NULL,NULL,NULL,'2023-09-30 18:22:57','2023-09-30 18:22:57'),
	(289,29,'Mraz and Sons','tenetur-explicabo-voluptatem-et-ex-consectetur-cumque-est-velit','Provident dicta enim voluptatem odio provident sit.',1,NULL,100,NULL,NULL,NULL,'2023-09-30 18:22:57','2023-09-30 18:22:57'),
	(290,6,'Barton, Weissnat and Leffler','et-sit-repellat-dolor-quia','Provident dignissimos repellendus sit vitae.',1,NULL,100,NULL,NULL,NULL,'2023-09-30 18:22:57','2023-09-30 20:11:32'),
	(291,105,'Dach-Cassin','inventore-quae-unde-rem-qui-ut-eum-consequatur-a','Totam veniam quibusdam ipsum laborum quasi sapiente.',1,NULL,100,NULL,NULL,NULL,'2023-09-30 18:22:57','2023-09-30 18:22:57'),
	(292,47,'Simonis and Sons','beatae-sed-est-vel-illo-molestias','Qui omnis itaque et atque reprehenderit ut autem autem.',1,NULL,100,NULL,NULL,NULL,'2023-09-30 18:22:57','2023-09-30 18:22:57'),
	(293,81,'Dickinson, Mohr and Beahan','vel-ea-a-magni-quisquam','Quos quas ut velit non omnis. Ea in et laboriosam qui laboriosam.',1,NULL,100,NULL,NULL,NULL,'2023-09-30 18:22:57','2023-09-30 18:22:57'),
	(296,131,'Strosin, Wilkinson and Towne','sint-placeat-at-consequatur','Explicabo excepturi velit et accusamus labore asperiores voluptatem vero.',1,NULL,100,NULL,NULL,NULL,'2023-09-30 18:22:57','2023-09-30 18:22:57'),
	(297,79,'Kozey PLC','ullam-praesentium-consequatur-vel-necessitatibus-dolorem-debitis-temporibus','Ratione voluptatem tempora ullam quia ratione.',1,NULL,100,NULL,NULL,NULL,'2023-09-30 18:22:57','2023-09-30 18:22:57'),
	(298,129,'Smith PLC','autem-veritatis-asperiores-omnis-aliquid-ipsam','Qui sit aliquid provident repudiandae pariatur.',1,NULL,100,NULL,NULL,NULL,'2023-09-30 18:22:57','2023-09-30 18:22:57'),
	(299,36,'Nitzsche, Kirlin and Konopelski','molestiae-facilis-inventore-velit-rem-atque-corporis-veritatis','Ex magnam blanditiis culpa ea facere. Dolor consequatur omnis aut sit.',1,NULL,100,NULL,NULL,NULL,'2023-09-30 18:22:57','2023-09-30 18:22:57'),
	(300,119,'Mante and Sons','eos-suscipit-optio-voluptatem-aliquam-sequi','Optio tenetur accusantium aut voluptatem. Et enim ea non ad id.',1,NULL,100,NULL,NULL,NULL,'2023-09-30 18:22:57','2023-09-30 18:22:57'),
	(301,116,'Herman, Johnston and Wunsch','voluptatem-consequatur-aut-tenetur','A sed voluptatibus quia accusamus id.',1,NULL,100,NULL,NULL,NULL,'2023-09-30 18:22:57','2023-09-30 18:22:57'),
	(302,117,'Terry PLC','quis-dolorem-modi-id-quaerat','Quibusdam laboriosam architecto in.',1,NULL,100,NULL,NULL,NULL,'2023-09-30 18:22:57','2023-09-30 18:22:57'),
	(305,99,'Labadie Group','vel-non-dolorem-quod-consequatur-dignissimos-accusantium','Optio hic animi consequuntur harum a commodi.',1,NULL,100,NULL,NULL,NULL,'2023-09-30 18:22:57','2023-09-30 18:22:57'),
	(307,27,'Mayert-Conn','vel-doloremque-ut-enim-qui','Rerum praesentium voluptatem dolores facere veritatis perferendis porro.',1,NULL,100,NULL,NULL,NULL,'2023-09-30 18:22:57','2023-09-30 18:22:57'),
	(308,70,'Rowe, Walsh and Conn','quis-cum-tenetur-laboriosam-sunt-cumque-aliquam','Veniam totam quo quam et magni sed. Incidunt iste est natus aut quisquam.',1,NULL,100,NULL,NULL,NULL,'2023-09-30 18:22:57','2023-09-30 18:22:57'),
	(309,65,'Cremin-Ondricka','officia-omnis-laudantium-sint-accusamus-quis','Inventore dolorem quod et ut et dicta magnam.',1,NULL,100,NULL,NULL,NULL,'2023-09-30 18:22:57','2023-09-30 18:22:57'),
	(310,111,'Krajcik Ltd','repellendus-et-ut-aut-et','Fugit odit necessitatibus consectetur consequatur.',1,NULL,100,NULL,NULL,NULL,'2023-09-30 18:22:57','2023-09-30 18:22:57'),
	(311,97,'Collier, Nolan and Tromp','porro-magnam-totam-illum-et-perferendis','Ea quia ipsum alias debitis. Aperiam est dolorum autem alias.',1,NULL,100,NULL,NULL,NULL,'2023-09-30 18:22:57','2023-09-30 18:22:57'),
	(312,126,'Sanford-Berge','repellendus-sit-vel-rerum-ipsum-exercitationem','Blanditiis repellat qui porro nobis accusantium neque.',1,NULL,100,NULL,NULL,NULL,'2023-09-30 18:22:57','2023-09-30 18:22:57'),
	(313,111,'Murray-Kshlerin','sed-repellat-maiores-reiciendis-et','Temporibus consectetur itaque aut mollitia iure beatae.',1,NULL,100,NULL,NULL,NULL,'2023-09-30 18:22:57','2023-09-30 18:22:57'),
	(314,9,'Smitham LLC','qui-quidem-suscipit-ipsa-ea','Aut tempora qui ex quas dolores commodi.',1,NULL,100,NULL,NULL,NULL,'2023-09-30 18:22:57','2023-09-30 20:12:31'),
	(315,129,'Rolfson PLC','ad-sit-dolorum-dolorum-velit-illum-suscipit-ut-quo','Id aut sed deleniti qui omnis voluptatem.',1,NULL,100,NULL,NULL,NULL,'2023-09-30 18:22:57','2023-09-30 18:22:57'),
	(316,100,'Kub, Torp and McGlynn','impedit-iure-voluptas-delectus-atque-cupiditate','Excepturi cupiditate voluptas molestiae mollitia.',1,NULL,100,NULL,NULL,NULL,'2023-09-30 18:22:57','2023-09-30 18:22:57'),
	(317,88,'Schuster, Bode and Blanda','sit-eius-fuga-ut-voluptatem-esse-non-facilis-libero','Nihil amet explicabo corrupti quas nobis molestias.',1,NULL,100,NULL,NULL,NULL,'2023-09-30 18:22:57','2023-09-30 18:22:57'),
	(318,76,'Boyle Group','placeat-odit-perspiciatis-id-repudiandae','Consequatur libero et commodi ea aspernatur voluptatem.',1,NULL,100,NULL,NULL,NULL,'2023-09-30 18:22:57','2023-09-30 18:22:57'),
	(319,2,'Gutkowski-Wyman','ex-nihil-ipsa-atque-quis-voluptas-natus','Et consequatur aut aliquam eligendi ut.',1,NULL,100,NULL,NULL,NULL,'2023-09-30 18:22:57','2023-09-30 20:12:31'),
	(320,148,'Rutherford, Wisozk and Rath','dolorum-laborum-velit-ut-consectetur-id-perferendis-in','Expedita labore dolores provident consequatur non.',1,NULL,100,NULL,NULL,NULL,'2023-09-30 18:22:57','2023-09-30 18:22:57'),
	(321,41,'Trantow-Renner','dolor-ut-sed-facere-alias','Dolorem beatae deleniti est voluptatem dolores. Quam totam quia magni.',1,NULL,100,NULL,NULL,NULL,'2023-09-30 18:22:57','2023-09-30 18:22:57'),
	(322,136,'Mante, Keebler and Moore','vel-quia-reiciendis-dolores-quam','Porro accusantium vel amet provident asperiores aut.',1,NULL,100,NULL,NULL,NULL,'2023-09-30 18:22:57','2023-09-30 18:22:57'),
	(323,109,'Rowe-Wolff','eligendi-magni-aspernatur-voluptatem-tenetur-dolorum-aliquid','Voluptatibus temporibus quisquam est aut ut. Veritatis velit eos maxime.',1,NULL,100,NULL,NULL,NULL,'2023-09-30 18:22:57','2023-09-30 18:22:57'),
	(324,2,'Considine PLC','ut-amet-in-hic','Esse reiciendis hic aspernatur nobis minus.',1,NULL,100,NULL,NULL,NULL,'2023-09-30 18:22:57','2023-09-30 20:11:32'),
	(325,131,'Langworth, O\'Hara and Cummerata','delectus-est-consequatur-fuga-assumenda','Labore laborum molestiae aut sit ipsum doloremque eligendi.',1,NULL,100,NULL,NULL,NULL,'2023-09-30 18:22:57','2023-09-30 18:22:57'),
	(327,73,'Armstrong-Ebert','rerum-et-unde-doloremque-eum-cumque','Ducimus possimus aut minima vel et. Harum dignissimos molestiae earum.',1,NULL,100,NULL,NULL,NULL,'2023-09-30 18:22:57','2023-09-30 18:22:57'),
	(328,32,'Renner-Halvorson','eos-sit-eligendi-aut-quo-molestiae-eos','Quia et et omnis aspernatur et rerum error.',1,NULL,100,NULL,NULL,NULL,'2023-09-30 18:22:57','2023-09-30 18:22:57'),
	(329,121,'McKenzie, Buckridge and Beahan','modi-voluptatem-porro-officia-consequatur-ad','Consectetur distinctio laborum ducimus incidunt possimus harum.',1,NULL,100,NULL,NULL,NULL,'2023-09-30 18:22:57','2023-09-30 18:22:57'),
	(330,2,'Lowe, Walker and Reinger','occaecati-eveniet-ipsam-voluptas-quia-dolores','Minima nostrum quae voluptas blanditiis quam.',1,NULL,100,NULL,NULL,NULL,'2023-09-30 18:22:57','2023-09-30 20:12:34'),
	(331,49,'Stracke Group','quos-minus-voluptates-recusandae-delectus-rerum-earum-dolores-officia','In cum voluptatibus nihil qui dolor. Ipsam saepe nobis eaque dignissimos non.',1,NULL,100,NULL,NULL,NULL,'2023-09-30 18:22:57','2023-09-30 18:22:57'),
	(332,50,'Botsford, Walsh and Steuber','odio-facere-quia-repudiandae-nihil','Eos repudiandae doloremque mollitia placeat beatae tempore.',1,NULL,100,NULL,NULL,NULL,'2023-09-30 18:22:57','2023-09-30 18:22:57'),
	(333,80,'Roob Ltd','sequi-quas-consequatur-autem-aut-aut-vero-totam','In provident ea quis. Dolorem tempora sed nihil omnis.',1,NULL,100,NULL,NULL,NULL,'2023-09-30 18:22:57','2023-09-30 18:22:57'),
	(334,100,'Rodriguez, Pfannerstill and Romaguera','eius-ad-perspiciatis-molestiae-qui-quidem-quo','Ipsum aut nemo rem tenetur ex et quia.',1,NULL,100,NULL,NULL,NULL,'2023-09-30 18:22:57','2023-09-30 18:22:57'),
	(337,82,'Aufderhar-Ernser','temporibus-nemo-dolores-tenetur-consequuntur-id-ex-sequi','Enim quia et eius. Voluptas provident dolorem et saepe minus omnis.',1,NULL,100,NULL,NULL,NULL,'2023-09-30 18:22:57','2023-09-30 18:22:57'),
	(338,146,'Tillman-Grant','unde-harum-minus-distinctio-sunt-accusantium-inventore','Qui unde delectus ad ad non.',1,NULL,100,NULL,NULL,NULL,'2023-09-30 18:22:57','2023-09-30 18:22:57'),
	(339,91,'Runolfsdottir, Armstrong and Batz','sapiente-non-eligendi-ex-sed-ullam','At et id quia soluta eaque. Nam ea nulla quidem non aut cum occaecati.',1,NULL,100,NULL,NULL,NULL,'2023-09-30 18:22:57','2023-09-30 18:22:57'),
	(340,114,'Gleason-Cormier','id-omnis-non-voluptatem-expedita-autem-occaecati','Expedita sint quaerat in corrupti eligendi rem.',1,NULL,100,NULL,NULL,NULL,'2023-09-30 18:22:57','2023-09-30 18:22:57'),
	(341,67,'Stehr-Yost','distinctio-aperiam-accusamus-enim-recusandae-magnam','Eaque officia mollitia asperiores fugit.',1,NULL,100,NULL,NULL,NULL,'2023-09-30 18:22:57','2023-09-30 18:22:57'),
	(342,118,'Von, Schmitt and Walsh','quia-rem-aut-adipisci','Vel delectus laudantium placeat ducimus magnam voluptas.',1,NULL,100,NULL,NULL,NULL,'2023-09-30 18:22:57','2023-09-30 18:22:57'),
	(343,68,'Mills Group','ut-omnis-ipsa-laborum-maiores-necessitatibus-saepe-ab','Veniam vel fuga in voluptas. Soluta et explicabo atque repellendus nihil.',1,NULL,100,NULL,NULL,NULL,'2023-09-30 18:22:57','2023-09-30 18:22:57'),
	(344,15,'Labadie-Hintz','qui-odio-possimus-et','Voluptatum illo natus quas necessitatibus aut quisquam.',1,NULL,100,NULL,NULL,NULL,'2023-09-30 20:16:36','2023-09-30 20:16:36'),
	(345,15,'Rogahn-Collins','nihil-deleniti-fuga-et-explicabo-facilis','Sit quisquam alias rerum ex. Sint non qui ut ullam consequuntur et.',1,NULL,100,NULL,NULL,NULL,'2023-09-30 20:16:36','2023-09-30 20:16:36'),
	(346,15,'Schumm PLC','et-nam-consequatur-sit-maiores','Occaecati soluta similique est recusandae. Illo dolorem molestias magni quidem.',1,NULL,100,NULL,NULL,NULL,'2023-09-30 20:16:36','2023-09-30 20:16:36'),
	(347,15,'Larson PLC','est-quibusdam-tempora-ex-quam','Perferendis repudiandae ut fuga quia porro cum enim et.',1,NULL,100,NULL,NULL,NULL,'2023-09-30 20:16:37','2023-09-30 20:16:37'),
	(348,16,'Beahan, Torp and Considine','temporibus-sint-sit-laudantium-voluptatum','Tenetur sunt sequi omnis dicta possimus ut.',1,NULL,100,NULL,NULL,NULL,'2023-09-30 20:16:37','2023-09-30 20:16:37'),
	(349,16,'Auer, Crooks and Hoeger','aut-nam-voluptas-incidunt-excepturi-consectetur-sit-eligendi-qui','Explicabo animi voluptatum fugiat fuga quidem inventore.',1,NULL,100,NULL,NULL,NULL,'2023-09-30 20:16:37','2023-09-30 20:16:37'),
	(350,16,'Herzog-Schiller','commodi-doloremque-vitae-enim-ratione-molestiae-eius-ea-rem','Nam voluptatem illo dolores eos.',1,NULL,100,NULL,NULL,NULL,'2023-09-30 20:16:37','2023-09-30 20:16:37'),
	(351,17,'King LLC','rerum-vel-aspernatur-blanditiis-ab','At non maiores dolor accusamus.',1,NULL,100,NULL,NULL,NULL,'2023-09-30 20:16:37','2023-09-30 20:16:37'),
	(352,17,'Goyette-Nicolas','dolorem-ipsum-maiores-non','Omnis ullam possimus natus est voluptas rerum est.',1,NULL,100,NULL,NULL,NULL,'2023-09-30 20:16:37','2023-09-30 20:16:37'),
	(353,18,'Mills-McDermott','molestias-eligendi-est-quia','Vero veritatis provident assumenda nesciunt optio.',1,NULL,100,NULL,NULL,'2023-09-30 20:22:52','2023-09-30 20:16:37','2023-09-30 20:22:52'),
	(354,18,'Green Inc','pariatur-voluptate-itaque-eligendi-nulla-non','Ea dignissimos et hic porro maiores ut voluptatem consequatur.',1,NULL,100,NULL,NULL,'2023-09-30 20:22:52','2023-09-30 20:16:37','2023-09-30 20:22:52'),
	(355,20,'Schuster, Berge and Nitzsche','debitis-aut-mollitia-voluptates-tempora-odit','Quaerat ut omnis vel incidunt animi dolores.',1,NULL,100,NULL,NULL,NULL,'2023-09-30 20:16:37','2023-09-30 20:16:37'),
	(356,20,'Lesch Group','veritatis-nobis-aut-ipsa-est','Sit eos totam odit voluptatem animi velit ea.',1,NULL,100,NULL,NULL,NULL,'2023-09-30 20:16:37','2023-09-30 20:16:37'),
	(357,23,'Carroll and Sons','accusantium-eos-commodi-laudantium-quo','Soluta ipsum assumenda error quae odio sed incidunt eius.',1,NULL,100,NULL,NULL,NULL,'2023-09-30 20:16:37','2023-09-30 20:16:37'),
	(358,24,'Corkery and Sons','vero-iste-in-deserunt-ut','Vitae repudiandae alias vitae ipsam impedit qui.',1,NULL,100,NULL,NULL,'2023-09-30 20:22:16','2023-09-30 20:16:37','2023-09-30 20:22:16'),
	(359,24,'Mohr-Torphy','cumque-aliquam-veniam-quibusdam-et-ut-architecto-provident','Similique incidunt sequi pariatur vitae recusandae.',1,NULL,100,NULL,NULL,'2023-09-30 20:22:16','2023-09-30 20:16:37','2023-09-30 20:22:16'),
	(360,25,'Dicki, Dietrich and Kirlin','vero-est-et-libero-praesentium','Aut et deleniti et ut quisquam aut commodi et.',1,NULL,100,NULL,NULL,NULL,'2023-09-30 20:16:37','2023-09-30 20:16:37'),
	(361,25,'Feeney-Murray','magnam-id-ducimus-reprehenderit-impedit-quis-amet','Sed consequatur rerum cupiditate distinctio.',1,NULL,100,NULL,NULL,NULL,'2023-09-30 20:16:37','2023-09-30 20:16:37'),
	(362,25,'Hills Group','rerum-veritatis-facilis-rem-provident','Doloribus quis praesentium ea voluptas repellat tempora sed perspiciatis.',1,NULL,100,NULL,NULL,NULL,'2023-09-30 20:16:37','2023-09-30 20:16:37'),
	(363,25,'Feil-Schaefer','itaque-repellendus-aut-autem','Inventore molestias omnis cum maiores inventore.',1,NULL,100,NULL,NULL,NULL,'2023-09-30 20:16:37','2023-09-30 20:16:37'),
	(364,26,'Witting-Becker','ex-et-aliquid-dolor-et-nesciunt-velit-voluptas','Nobis minima animi quaerat eius.',1,NULL,100,NULL,NULL,NULL,'2023-09-30 20:16:37','2023-09-30 20:16:37'),
	(365,26,'Kihn and Sons','ut-perferendis-voluptates-necessitatibus-iste-culpa','Ut unde ipsa alias qui aut maiores voluptas enim. Sed odit aut nulla vero.',1,NULL,100,NULL,NULL,NULL,'2023-09-30 20:16:37','2023-09-30 20:16:37'),
	(366,27,'Cole, Luettgen and Legros','facere-ratione-molestias-molestiae','Et impedit dolores modi provident facere inventore.',1,NULL,100,NULL,NULL,NULL,'2023-09-30 20:16:37','2023-09-30 20:16:37'),
	(367,30,'Adams, Parisian and Rutherford','exercitationem-assumenda-nostrum-aut-maxime-eos-molestiae','Iste explicabo voluptas ullam. Vero inventore est ex quasi dicta.',1,NULL,100,NULL,NULL,NULL,'2023-09-30 20:16:37','2023-09-30 20:16:37'),
	(368,30,'Crist-Pagac','sint-vitae-tempore-non-magnam','Magni eligendi voluptas est distinctio aut.',1,NULL,100,NULL,NULL,NULL,'2023-09-30 20:16:37','2023-09-30 20:16:37'),
	(369,30,'Legros, Parisian and Rutherford','dolorum-corporis-incidunt-facilis-delectus-repellat-eius','Ut corrupti vitae perspiciatis debitis neque non.',1,NULL,100,NULL,NULL,NULL,'2023-09-30 20:16:37','2023-09-30 20:16:37'),
	(370,31,'Bauch PLC','culpa-vero-aspernatur-quas-magnam-odit-in','Molestias numquam repellendus atque ut.',1,NULL,100,NULL,NULL,NULL,'2023-09-30 20:16:37','2023-09-30 20:16:37'),
	(371,32,'Cormier PLC','nihil-cum-atque-numquam-illum-quaerat-quaerat','Reprehenderit sapiente est adipisci doloremque.',1,NULL,100,NULL,NULL,NULL,'2023-09-30 20:16:37','2023-09-30 20:16:37'),
	(372,32,'Toy Group','sunt-ipsum-voluptatem-corporis-vero-inventore-praesentium','Dolores dolorem magnam quia. Ex amet ea est cumque quibusdam dicta.',1,NULL,100,NULL,NULL,NULL,'2023-09-30 20:16:37','2023-09-30 20:16:37'),
	(373,32,'Barton-Gutmann','fugiat-magni-temporibus-minus-omnis-et-nihil','Autem amet deserunt quo rerum blanditiis.',1,NULL,100,NULL,NULL,NULL,'2023-09-30 20:16:37','2023-09-30 20:16:37'),
	(374,33,'Hyatt, Gulgowski and Pagac','nemo-rem-sit-eveniet','In mollitia consequatur reiciendis deserunt laboriosam ut tempora voluptate.',1,NULL,100,NULL,NULL,NULL,'2023-09-30 20:16:37','2023-09-30 20:16:37'),
	(375,33,'Price Group','corporis-numquam-excepturi-reiciendis-dolorem-sit-ea-dolorem','Amet aut doloribus sed sit ab occaecati dignissimos.',1,NULL,100,NULL,NULL,NULL,'2023-09-30 20:16:37','2023-09-30 20:16:37'),
	(376,35,'Bernier Ltd','quia-dignissimos-quia-optio-iste-quia','Quisquam id a laudantium sunt. Est neque a consequuntur et et explicabo ut.',1,NULL,100,NULL,NULL,NULL,'2023-09-30 20:16:37','2023-09-30 20:16:37'),
	(377,35,'Kuvalis LLC','fugit-cumque-consectetur-voluptate-at','Quo aut voluptatibus asperiores veritatis. In et eum alias quaerat.',1,NULL,100,NULL,NULL,NULL,'2023-09-30 20:16:37','2023-09-30 20:16:37'),
	(378,35,'Gaylord, Huels and Balistreri','quasi-et-quasi-et-harum','Ut deserunt unde distinctio autem eum. Et et tenetur reiciendis iste enim.',1,NULL,100,NULL,NULL,NULL,'2023-09-30 20:16:37','2023-09-30 20:16:37'),
	(379,36,'O\'Keefe, Ebert and D\'Amore','perspiciatis-maiores-ea-aut-vel-sequi-repudiandae','Consectetur enim voluptatem quo dolor quo fugiat et.',1,NULL,100,NULL,NULL,NULL,'2023-09-30 20:16:37','2023-09-30 20:16:37'),
	(380,37,'Schroeder LLC','eum-et-quasi-aut-optio-tempora-rerum-repudiandae','Tempora qui fugit voluptate excepturi natus perspiciatis odit.',1,NULL,100,NULL,NULL,NULL,'2023-09-30 20:16:37','2023-09-30 20:16:37'),
	(381,38,'Stehr Inc','natus-vero-odit-nesciunt-in','Qui nemo ea in repudiandae at dolore.',1,NULL,100,NULL,NULL,NULL,'2023-09-30 20:16:37','2023-09-30 20:16:37'),
	(382,38,'Koepp-Crooks','qui-aut-odit-aspernatur-consectetur-quia','Sit aspernatur doloribus aut molestiae quam nihil.',1,NULL,100,NULL,NULL,NULL,'2023-09-30 20:16:37','2023-09-30 20:16:37'),
	(383,40,'Beatty, Johnson and Brekke','odit-necessitatibus-fuga-sint-sit-quibusdam-ipsam','Maxime ut quasi exercitationem. Nam dolor dolores veritatis rerum.',1,NULL,100,NULL,NULL,NULL,'2023-09-30 20:16:37','2023-09-30 20:16:37'),
	(384,40,'Schultz, Gaylord and Baumbach','eaque-ea-debitis-sunt-officiis-et','Dolor minima est amet ut minima et perferendis voluptatem.',1,NULL,100,NULL,NULL,NULL,'2023-09-30 20:16:37','2023-09-30 20:16:37'),
	(385,40,'Reinger, Hauck and King','ut-ex-et-minima','Omnis veniam recusandae odit non aut.',1,NULL,100,NULL,NULL,NULL,'2023-09-30 20:16:37','2023-09-30 20:16:37'),
	(386,40,'Goyette-Wilkinson','adipisci-similique-sit-est-alias-quae-laborum-tempora','Ducimus iste est harum aut unde tenetur.',1,NULL,100,NULL,NULL,NULL,'2023-09-30 20:16:37','2023-09-30 20:16:37'),
	(387,41,'Pfannerstill-Green','dicta-in-illo-praesentium-omnis','Ut iusto quia officia et.',1,NULL,100,NULL,NULL,NULL,'2023-09-30 20:16:37','2023-09-30 20:16:37'),
	(388,41,'Terry, Emmerich and Roob','laudantium-facere-autem-ut-iusto-sed-veritatis','Dicta atque dolorem vitae. At voluptatem sed dolor qui.',1,NULL,100,NULL,NULL,NULL,'2023-09-30 20:16:37','2023-09-30 20:16:37'),
	(389,42,'Cormier, Moore and Lockman','ipsam-quia-aliquid-cumque-eum-modi-inventore-voluptatem-maxime','Ipsa mollitia magni ut est dolorem voluptatem id.',1,NULL,100,NULL,NULL,NULL,'2023-09-30 20:16:37','2023-09-30 20:16:37'),
	(390,42,'Williamson Ltd','voluptate-earum-aut-ut','Consequatur fuga sed placeat accusamus.',1,NULL,100,NULL,NULL,NULL,'2023-09-30 20:16:37','2023-09-30 20:16:37'),
	(391,43,'Gerhold Ltd','similique-tenetur-molestiae-porro-modi','Rem saepe sint quas. Totam ad tempore sunt et quia atque alias.',1,NULL,100,NULL,NULL,NULL,'2023-09-30 20:16:37','2023-09-30 20:16:37'),
	(392,43,'Lesch Inc','vel-aliquam-itaque-porro-sed-dolorum-dolore','Modi molestias accusantium ea possimus error.',1,NULL,100,NULL,NULL,NULL,'2023-09-30 20:16:37','2023-09-30 20:16:37'),
	(393,43,'Lockman LLC','aut-est-molestias-ad','Dolores fugit quo fugiat autem voluptatum cum ut consequuntur.',1,NULL,100,NULL,NULL,NULL,'2023-09-30 20:16:37','2023-09-30 20:16:37'),
	(394,43,'Wintheiser-Kuhn','ut-facilis-voluptate-exercitationem-doloremque-odio-voluptatibus','Quibusdam nisi non nesciunt sed sed nihil. Quia ducimus delectus ut.',1,NULL,100,NULL,NULL,NULL,'2023-09-30 20:16:37','2023-09-30 20:16:37'),
	(395,44,'Kihn, Jacobson and Schmeler','esse-repellendus-dolores-suscipit-ut-eum','Unde reiciendis est nesciunt laudantium corporis qui velit vitae.',1,NULL,100,NULL,NULL,NULL,'2023-09-30 20:16:37','2023-09-30 20:16:37'),
	(396,44,'Rempel-Feil','veritatis-unde-illum-et-voluptate-iure-quisquam','Qui debitis nostrum temporibus mollitia dolorem. Est et eligendi quasi nisi.',1,NULL,100,NULL,NULL,NULL,'2023-09-30 20:16:37','2023-09-30 20:16:37'),
	(397,44,'Hauck-Barton','reprehenderit-commodi-ut-mollitia-natus-aliquam-accusantium','Voluptatem illo qui tempore. Deleniti dolorem iure dolor.',1,NULL,100,NULL,NULL,NULL,'2023-09-30 20:16:37','2023-09-30 20:16:37'),
	(398,44,'Gerhold-King','repudiandae-laudantium-in-vero-velit-ut-eum-omnis-facere','Laborum dignissimos est rerum non repellat architecto.',1,NULL,100,NULL,NULL,NULL,'2023-09-30 20:16:37','2023-09-30 20:16:37'),
	(399,45,'Kertzmann, Schultz and Jacobson','earum-et-ipsa-quaerat-possimus-ut-beatae-dolor','Et sapiente et excepturi architecto quas alias odit autem.',1,NULL,100,NULL,NULL,NULL,'2023-09-30 20:16:37','2023-09-30 20:16:37'),
	(400,45,'Kling Inc','et-dolores-culpa-sed-fuga-est-quibusdam-alias','Nobis excepturi quasi ut ea nisi harum. Voluptatem eligendi earum et est ipsum.',1,NULL,100,NULL,NULL,NULL,'2023-09-30 20:16:37','2023-09-30 20:16:37'),
	(401,46,'Hammes, Wintheiser and Heller','eum-in-est-velit-id','Repudiandae blanditiis ullam delectus nulla ratione.',1,NULL,100,NULL,NULL,NULL,'2023-09-30 20:16:37','2023-09-30 20:16:37'),
	(402,47,'Rohan-Wolf','nihil-illo-in-saepe-est-voluptatibus-corrupti-quia-autem','Dolorum assumenda molestiae fugit earum.',1,NULL,100,NULL,NULL,NULL,'2023-09-30 20:16:37','2023-09-30 20:16:37'),
	(403,48,'Hegmann PLC','dolore-esse-ut-rerum-unde-officiis','Quo repellendus porro natus dolor voluptatem qui animi.',1,NULL,100,NULL,NULL,NULL,'2023-09-30 20:16:37','2023-09-30 20:16:37'),
	(404,48,'Ruecker-Conn','delectus-vero-rerum-ea-delectus','Sit ea nemo voluptatem sint. Voluptatem tempore quia quia ut.',1,NULL,100,NULL,NULL,NULL,'2023-09-30 20:16:37','2023-09-30 20:16:37'),
	(405,48,'Feeney-Stark','veniam-neque-labore-debitis-doloribus-et-occaecati','Ut atque quo sed et laboriosam cupiditate rerum.',1,NULL,100,NULL,NULL,NULL,'2023-09-30 20:16:37','2023-09-30 20:16:37'),
	(406,49,'Pouros Inc','repudiandae-voluptas-repudiandae-consequatur-officiis-eos-optio-laborum','Fugit non eaque atque est error.',1,NULL,100,NULL,NULL,NULL,'2023-09-30 20:16:37','2023-09-30 20:16:37'),
	(407,50,'Leuschke-Shields','qui-aut-eos-qui-vitae-totam-dolor-quaerat','Perspiciatis porro non facilis placeat quaerat nihil.',1,NULL,100,NULL,NULL,NULL,'2023-09-30 20:16:37','2023-09-30 20:16:37'),
	(408,52,'Hilpert, Davis and O\'Conner','iusto-blanditiis-occaecati-in-corrupti-nostrum-voluptatem-illum-distinctio','Doloremque rerum delectus aspernatur ea. Tempora tempora quo nemo nihil sit.',1,NULL,100,NULL,NULL,NULL,'2023-09-30 20:16:37','2023-09-30 20:16:37'),
	(409,52,'Lang-Zulauf','et-earum-autem-soluta-nesciunt-nemo-quibusdam-nulla-in','Aperiam in voluptates beatae aliquid exercitationem dolor.',1,NULL,100,NULL,NULL,NULL,'2023-09-30 20:16:37','2023-09-30 20:16:37'),
	(410,52,'Leuschke, Boehm and Gislason','ut-quia-numquam-illo-quia-vel','Eos exercitationem numquam autem in at.',1,NULL,100,NULL,NULL,NULL,'2023-09-30 20:16:37','2023-09-30 20:16:37'),
	(411,52,'Cartwright, Predovic and Walsh','dolores-accusamus-omnis-animi-id','Esse et quo id ipsum mollitia molestias.',1,NULL,100,NULL,NULL,NULL,'2023-09-30 20:16:37','2023-09-30 20:16:37'),
	(412,53,'Kessler, Nitzsche and Sporer','modi-accusantium-sit-quas-beatae-ratione-maxime-ab-sed','Vel commodi vitae dolorem quasi illum aut. Amet numquam sunt voluptatem vel.',1,NULL,100,NULL,NULL,NULL,'2023-09-30 20:16:37','2023-09-30 20:16:37'),
	(413,53,'Lind LLC','omnis-odio-unde-qui-repellendus-id-et','Quidem voluptatem pariatur non dolor quis quisquam accusamus nam.',1,NULL,100,NULL,NULL,NULL,'2023-09-30 20:16:37','2023-09-30 20:16:37'),
	(414,53,'Sporer, Prohaska and Watsica','rerum-neque-molestiae-ratione-minus','Porro commodi qui dolores molestiae. Sint aspernatur velit deserunt nam minima.',1,NULL,100,NULL,NULL,NULL,'2023-09-30 20:16:37','2023-09-30 20:16:37'),
	(415,53,'Will, Boyer and Roberts','voluptate-voluptatem-fugit-eos-recusandae-eum-id','Quidem vitae nisi in officiis dolorem ipsa. Voluptas non accusamus eum quidem.',1,NULL,100,NULL,NULL,NULL,'2023-09-30 20:16:37','2023-09-30 20:16:37'),
	(416,54,'Ziemann, O\'Kon and Jenkins','dicta-voluptatum-dolor-ratione-illo-quia-aut-veritatis','Earum fuga fugit unde eaque. Nihil soluta explicabo magni est illo voluptatem.',1,NULL,100,NULL,NULL,NULL,'2023-09-30 20:16:37','2023-09-30 20:16:37'),
	(417,55,'Considine-Yost','sint-quae-sit-aut','Soluta sed atque et.',1,NULL,100,NULL,NULL,NULL,'2023-09-30 20:16:37','2023-09-30 20:16:37'),
	(418,55,'Carroll and Sons','ullam-voluptatem-illum-quae-natus','Rerum natus id velit accusamus reiciendis mollitia.',1,NULL,100,NULL,NULL,NULL,'2023-09-30 20:16:37','2023-09-30 20:16:37'),
	(419,55,'Emmerich, Yost and Upton','aut-enim-sit-quidem-fugiat-et-fuga-dolores','Est sequi est sit facilis nihil quaerat dicta.',1,NULL,100,NULL,NULL,NULL,'2023-09-30 20:16:37','2023-09-30 20:16:37'),
	(420,56,'Rath-Kihn','soluta-eum-excepturi-dicta-consequatur','Deleniti quaerat fuga soluta quidem.',1,NULL,100,NULL,NULL,NULL,'2023-09-30 20:16:37','2023-09-30 20:16:37'),
	(421,56,'Kuphal, Mills and Cronin','magnam-tenetur-ipsa-ipsum-adipisci-optio-rerum-natus','Minus quod explicabo dolorem magnam. Alias nihil qui vel vel hic.',1,NULL,100,NULL,NULL,NULL,'2023-09-30 20:16:37','2023-09-30 20:16:37'),
	(422,56,'Frami, Schamberger and Davis','et-similique-dolore-dolorem-quidem','Nihil doloribus et est voluptate quia.',1,NULL,100,NULL,NULL,NULL,'2023-09-30 20:16:37','2023-09-30 20:16:37'),
	(423,56,'Kuvalis-Schultz','odit-dolore-repellat-voluptatem-perferendis-ex-natus','Quia et provident eius mollitia magnam non esse.',1,NULL,100,NULL,NULL,NULL,'2023-09-30 20:16:37','2023-09-30 20:16:37'),
	(424,58,'Collier PLC','laboriosam-sint-officia-quod','Consequatur nemo ipsum a quia consequatur.',1,NULL,100,NULL,NULL,NULL,'2023-09-30 20:16:37','2023-09-30 20:16:37'),
	(425,58,'Welch, Borer and Skiles','architecto-ex-sed-dolore-architecto-temporibus-sapiente-magnam','Ipsam necessitatibus consequatur asperiores similique omnis eaque.',1,NULL,100,NULL,NULL,NULL,'2023-09-30 20:16:37','2023-09-30 20:16:37'),
	(426,58,'Emard-Dibbert','ut-sapiente-non-rerum-harum-ad-repudiandae-maiores-eligendi','Consectetur cum doloribus omnis repudiandae. Nemo ut suscipit quis et rerum.',1,NULL,100,NULL,NULL,NULL,'2023-09-30 20:16:37','2023-09-30 20:16:37'),
	(427,58,'Maggio Inc','placeat-perspiciatis-earum-quidem-officiis','Rem molestias adipisci perspiciatis harum animi.',1,NULL,100,NULL,NULL,NULL,'2023-09-30 20:16:37','2023-09-30 20:16:37'),
	(428,60,'DuBuque-Dooley','et-accusamus-in-hic-minus-et-quia','At dicta animi impedit sequi repudiandae.',1,NULL,100,NULL,NULL,NULL,'2023-09-30 20:16:37','2023-09-30 20:16:37'),
	(429,60,'Wilkinson Ltd','nesciunt-architecto-at-quisquam-omnis-voluptas-dolore','Quia esse ipsa ducimus beatae veritatis et quia. Inventore sed nihil quos.',1,NULL,100,NULL,NULL,NULL,'2023-09-30 20:16:37','2023-09-30 20:16:37'),
	(430,60,'Ortiz, Fadel and Lehner','autem-quasi-animi-delectus-laudantium','Eos molestias earum tempora. Quasi consectetur sed sunt doloribus aut quo.',1,NULL,100,NULL,NULL,NULL,'2023-09-30 20:16:37','2023-09-30 20:16:37'),
	(431,61,'Okuneva Inc','ut-laboriosam-soluta-illum-voluptatem-nemo-adipisci-iure','Iusto et id at modi placeat sint. Quam repellat ea incidunt quaerat voluptas.',1,NULL,100,NULL,NULL,NULL,'2023-09-30 20:16:37','2023-09-30 20:16:37'),
	(432,61,'Breitenberg, Koelpin and Bosco','esse-eligendi-quibusdam-quae-in-dicta-odio-eaque-repudiandae','Non nam ab culpa excepturi architecto.',1,NULL,100,NULL,NULL,NULL,'2023-09-30 20:16:37','2023-09-30 20:16:37'),
	(433,61,'Fadel-Witting','suscipit-rerum-earum-pariatur-accusantium-quod-voluptatem-qui','Et ex voluptate aut sint saepe. Non quam quia odit velit nulla modi eum sit.',1,NULL,100,NULL,NULL,NULL,'2023-09-30 20:16:37','2023-09-30 20:16:37'),
	(434,62,'Prohaska Inc','aut-ab-voluptas-consequatur-omnis','Sed voluptas voluptatem excepturi velit sed dolorum.',1,NULL,100,NULL,NULL,NULL,'2023-09-30 20:16:37','2023-09-30 20:16:37'),
	(435,62,'Pollich LLC','praesentium-rerum-ducimus-dolor','Quo ut vero similique reiciendis.',1,NULL,100,NULL,NULL,NULL,'2023-09-30 20:16:37','2023-09-30 20:16:37'),
	(436,62,'Romaguera Ltd','eveniet-doloribus-dolor-vero','Numquam quis voluptatem molestiae eum. Et cum et sunt enim quisquam aut vel.',1,NULL,100,NULL,NULL,NULL,'2023-09-30 20:16:37','2023-09-30 20:16:37'),
	(437,62,'Hauck, Collier and Prohaska','consequatur-facere-omnis-sit-magnam-consequatur','Unde quos enim nulla et. Est fugit dolorem accusamus qui.',1,NULL,100,NULL,NULL,NULL,'2023-09-30 20:16:37','2023-09-30 20:16:37'),
	(438,63,'Lowe-Cremin','perferendis-tenetur-nesciunt-omnis-quas-et','Perferendis nesciunt nesciunt voluptas. Cumque eos quis quisquam et nesciunt.',1,NULL,100,NULL,NULL,'2023-09-30 20:22:30','2023-09-30 20:16:37','2023-09-30 20:22:30'),
	(439,63,'Gibson-Sipes','voluptates-in-repudiandae-illo','Exercitationem ullam blanditiis deleniti consequatur veritatis rerum est.',1,NULL,100,NULL,NULL,'2023-09-30 20:22:31','2023-09-30 20:16:37','2023-09-30 20:22:31'),
	(440,63,'Greenfelder-Mayert','incidunt-ad-qui-iste-et-voluptas-voluptatem-voluptas','Impedit maxime accusamus ut.',1,NULL,100,NULL,NULL,'2023-09-30 20:22:31','2023-09-30 20:16:37','2023-09-30 20:22:31'),
	(441,63,'Kuhn, Hamill and Schneider','fugit-voluptate-nihil-in-labore-molestiae','Et quam ratione facere. Praesentium ut harum cum quam.',1,NULL,100,NULL,NULL,'2023-09-30 20:22:31','2023-09-30 20:16:37','2023-09-30 20:22:31'),
	(442,64,'Howell and Sons','quo-doloremque-molestiae-voluptatibus-fugiat-vitae','Consequatur numquam natus provident et praesentium vitae aperiam.',1,NULL,100,NULL,NULL,NULL,'2023-09-30 20:16:37','2023-09-30 20:16:37'),
	(443,64,'Walker-Paucek','ut-blanditiis-reprehenderit-laboriosam-doloribus-nemo','Temporibus aspernatur nostrum temporibus autem.',1,NULL,100,NULL,NULL,NULL,'2023-09-30 20:16:37','2023-09-30 20:16:37'),
	(444,65,'Schuster, Zieme and Cassin','est-sed-nam-qui-reprehenderit','Fugiat et qui natus iure.',1,NULL,100,NULL,NULL,NULL,'2023-09-30 20:16:37','2023-09-30 20:16:37'),
	(445,66,'Braun, Parisian and Stehr','culpa-pariatur-delectus-voluptatum-non-voluptatem-ipsa','Veritatis qui laboriosam sed non modi incidunt.',1,NULL,100,NULL,NULL,NULL,'2023-09-30 20:16:37','2023-09-30 20:16:37'),
	(446,66,'Hauck Group','dolor-debitis-iusto-quam-accusantium-et','Optio dignissimos ab qui maxime sunt blanditiis a.',1,NULL,100,NULL,NULL,NULL,'2023-09-30 20:16:37','2023-09-30 20:16:37'),
	(447,66,'Mueller, DuBuque and Harris','asperiores-commodi-maxime-iusto-qui-molestias-et-explicabo','Quibusdam recusandae sed et doloremque nobis delectus.',1,NULL,100,NULL,NULL,NULL,'2023-09-30 20:16:37','2023-09-30 20:16:37'),
	(448,67,'Walsh Ltd','deserunt-aliquid-et-quia-corrupti-velit-ipsum-exercitationem','Rerum quia neque omnis magnam deleniti iusto voluptas perferendis.',1,NULL,100,NULL,NULL,NULL,'2023-09-30 20:16:37','2023-09-30 20:16:37'),
	(449,68,'Blick-Renner','voluptatem-rerum-amet-et-nobis-officia-delectus-repellendus-quibusdam','Quo voluptatem repellendus cumque id sed voluptas aut consequatur.',1,NULL,100,NULL,NULL,NULL,'2023-09-30 20:16:37','2023-09-30 20:16:37'),
	(450,70,'Maggio Ltd','in-est-laboriosam-voluptatem-error-consequatur-sint-dolore-assumenda','Eius aut corrupti voluptatem ea totam iusto ut.',1,NULL,100,NULL,NULL,NULL,'2023-09-30 20:16:37','2023-09-30 20:16:37'),
	(451,70,'Grady Inc','est-consequatur-omnis-sint-id-labore-ex-voluptas-at','Unde voluptas amet eligendi quia doloribus ipsum ipsam.',1,NULL,100,NULL,NULL,NULL,'2023-09-30 20:16:37','2023-09-30 20:16:37'),
	(452,71,'Fritsch Ltd','quam-delectus-quis-voluptatem-natus-sed-ut-suscipit','Voluptatibus id et corrupti quibusdam veniam et.',1,NULL,100,NULL,NULL,NULL,'2023-09-30 20:16:37','2023-09-30 20:16:37'),
	(453,71,'Windler, Dietrich and Ratke','aut-laudantium-corporis-ratione-maiores-necessitatibus-facilis-aliquam','Magnam placeat eius ea beatae dolorem.',1,NULL,100,NULL,NULL,NULL,'2023-09-30 20:16:37','2023-09-30 20:16:37'),
	(454,71,'Pacocha-Bednar','quos-nihil-expedita-omnis-qui-laudantium-laborum-illo','Aut nobis quibusdam eos inventore rerum.',1,NULL,100,NULL,NULL,NULL,'2023-09-30 20:16:37','2023-09-30 20:16:37'),
	(455,72,'Green, Streich and Robel','repellendus-voluptatem-quia-ut-aut-quia-laudantium','Recusandae qui mollitia omnis inventore.',1,NULL,100,NULL,NULL,NULL,'2023-09-30 20:16:37','2023-09-30 20:16:37'),
	(456,72,'Hoppe-Osinski','quo-aut-molestiae-iusto-non-ut','Reprehenderit quia pariatur unde dolor architecto dolores quo nobis.',1,NULL,100,NULL,NULL,NULL,'2023-09-30 20:16:37','2023-09-30 20:16:37'),
	(457,73,'Conn-Bosco','delectus-fugit-molestias-natus-nesciunt-itaque-est-fugit-iusto','Ut voluptatem ea non voluptatem eaque fugit officiis nihil.',1,NULL,100,NULL,NULL,NULL,'2023-09-30 20:16:37','2023-09-30 20:16:37'),
	(458,73,'Rowe-Welch','enim-ratione-ut-quod-in-error-dolor-voluptatem','Ipsum accusamus voluptas sint et distinctio.',1,NULL,100,NULL,NULL,NULL,'2023-09-30 20:16:37','2023-09-30 20:16:37'),
	(459,73,'Lakin, Williamson and Murazik','sunt-ullam-eligendi-ipsum-corporis-nemo-et-corrupti-sequi','Labore neque voluptas commodi autem. Sed fugiat voluptates aut et.',1,NULL,100,NULL,NULL,NULL,'2023-09-30 20:16:37','2023-09-30 20:16:37'),
	(460,74,'Wolff, Moore and Ratke','et-quis-omnis-ratione-ab','Dolore laborum molestiae amet voluptas adipisci esse.',1,NULL,100,NULL,NULL,NULL,'2023-09-30 20:16:37','2023-09-30 20:16:37'),
	(461,74,'Rempel, Jones and Watsica','quis-voluptatem-fugit-ut-aut-dolorem','Voluptates doloremque excepturi rerum quae. Numquam tenetur dicta dolor.',1,NULL,100,NULL,NULL,NULL,'2023-09-30 20:16:37','2023-09-30 20:16:37'),
	(462,74,'Gaylord Group','minima-eos-ea-praesentium-suscipit-maxime-accusantium-libero-delectus','Quisquam voluptates impedit quisquam nobis et rem.',1,NULL,100,NULL,NULL,NULL,'2023-09-30 20:16:37','2023-09-30 20:16:37'),
	(463,74,'Bernhard, Stark and O\'Keefe','facilis-debitis-pariatur-eaque-est-praesentium','Similique quo nihil qui. Quas sit nihil laudantium quam enim.',1,NULL,100,NULL,NULL,NULL,'2023-09-30 20:16:37','2023-09-30 20:16:37'),
	(464,77,'Konopelski-Hills','ut-in-neque-nisi-et-eaque-iste-reiciendis','Optio enim voluptatibus sed alias exercitationem quod mollitia.',1,NULL,100,NULL,NULL,NULL,'2023-09-30 20:16:37','2023-09-30 20:16:37'),
	(465,78,'Kirlin, Schumm and Krajcik','ut-distinctio-incidunt-mollitia-perspiciatis-sit-assumenda-nesciunt-deleniti','Iusto voluptate sit similique qui rerum qui rerum.',1,NULL,100,NULL,NULL,NULL,'2023-09-30 20:16:37','2023-09-30 20:16:37'),
	(466,79,'Weimann LLC','ut-enim-qui-quo-vel-dolorum-molestias-quis-et','Ut est perspiciatis est quibusdam omnis voluptas porro.',1,NULL,100,NULL,NULL,NULL,'2023-09-30 20:16:37','2023-09-30 20:16:37'),
	(467,79,'Littel-Murphy','debitis-sint-cumque-consectetur-quis-et','Repudiandae quis sapiente nemo necessitatibus.',1,NULL,100,NULL,NULL,NULL,'2023-09-30 20:16:37','2023-09-30 20:16:37'),
	(468,79,'Graham LLC','earum-est-modi-voluptates-debitis-tempore','Voluptas ipsa excepturi minima odio. Eos ducimus ea ut.',1,NULL,100,NULL,NULL,NULL,'2023-09-30 20:16:37','2023-09-30 20:16:37'),
	(469,80,'Veum and Sons','eaque-autem-odio-ut-saepe-saepe-dolores-dolores','Sit laudantium sed illo facilis nesciunt ut sint. Porro cumque et porro.',1,NULL,100,NULL,NULL,NULL,'2023-09-30 20:16:37','2023-09-30 20:16:37'),
	(470,82,'Corkery Inc','ut-porro-at-consequatur-rerum-quis-sunt','Ut velit commodi labore rerum.',1,NULL,100,NULL,NULL,NULL,'2023-09-30 20:16:37','2023-09-30 20:16:37'),
	(471,83,'Berge, DuBuque and Pfannerstill','impedit-minima-eos-corporis-aliquid-soluta-quia-libero','Est error impedit enim porro blanditiis quibusdam.',1,NULL,100,NULL,NULL,NULL,'2023-09-30 20:16:37','2023-09-30 20:16:37'),
	(472,83,'Kuhn Group','aut-et-nam-sunt-dolorum-sed','Fugit rerum et quaerat nesciunt aliquid omnis.',1,NULL,100,NULL,NULL,NULL,'2023-09-30 20:16:37','2023-09-30 20:16:37'),
	(473,83,'Veum, Fisher and Gerlach','vero-quia-est-quo-non-esse-architecto-veritatis','Similique ad aliquam nihil quas officiis ab consectetur.',1,NULL,100,NULL,NULL,NULL,'2023-09-30 20:16:37','2023-09-30 20:16:37'),
	(474,84,'Roob, Marks and Kuphal','voluptatem-fugit-aperiam-soluta-animi-libero','Reiciendis aut quod et et eos qui consequatur. Nulla sequi expedita ut odit.',1,NULL,100,NULL,NULL,NULL,'2023-09-30 20:16:37','2023-09-30 20:16:37'),
	(475,86,'Dietrich PLC','assumenda-aut-dolor-cupiditate-ad-aut-perferendis-dicta-excepturi','Velit quis neque consequuntur et labore commodi culpa sed.',1,NULL,100,NULL,NULL,NULL,'2023-09-30 20:16:37','2023-09-30 20:16:37'),
	(476,86,'Heaney, Dickens and Turner','et-id-expedita-ipsa','Facere quis repellendus ipsa ea eum dolor.',1,NULL,100,NULL,NULL,NULL,'2023-09-30 20:16:37','2023-09-30 20:16:37'),
	(477,86,'Littel, Kris and Gerlach','aut-fuga-sit-amet-et','Blanditiis quia nisi molestiae veritatis.',1,NULL,100,NULL,NULL,NULL,'2023-09-30 20:16:37','2023-09-30 20:16:37'),
	(478,87,'Romaguera PLC','ut-doloremque-quasi-eum-ut-rem-eum','Sunt culpa aut voluptatibus ratione quia eaque.',1,NULL,100,NULL,NULL,NULL,'2023-09-30 20:16:37','2023-09-30 20:16:37'),
	(479,87,'Farrell-Hilpert','optio-nihil-atque-non-aut-omnis-exercitationem','Veritatis eum rem minima illo necessitatibus. Ut minus a ipsa ipsum.',1,NULL,100,NULL,NULL,NULL,'2023-09-30 20:16:37','2023-09-30 20:16:37'),
	(480,87,'Mueller-Nikolaus','quod-laudantium-perspiciatis-at-quidem-vel-quo-aut','Natus perferendis laboriosam expedita. Quisquam ea velit sint.',1,NULL,100,NULL,NULL,NULL,'2023-09-30 20:16:37','2023-09-30 20:16:37'),
	(481,88,'Hahn LLC','et-aperiam-aut-dolorem-et-velit','Ut quia qui quo alias. Ducimus natus modi incidunt minima et aperiam vel.',1,NULL,100,NULL,NULL,NULL,'2023-09-30 20:16:37','2023-09-30 20:16:37'),
	(482,88,'Bernhard, Mante and Maggio','nobis-in-et-modi-qui-qui-odio-dignissimos-similique','Adipisci qui ullam error tenetur et quasi sit.',1,NULL,100,NULL,NULL,NULL,'2023-09-30 20:16:37','2023-09-30 20:16:37'),
	(483,88,'Kuhic-Mertz','voluptatum-consequatur-veniam-debitis-architecto-in-nam','Reiciendis laudantium aut et porro nobis amet voluptatum sed.',1,NULL,100,NULL,NULL,NULL,'2023-09-30 20:16:37','2023-09-30 20:16:37'),
	(484,89,'Collier, Hauck and Witting','ducimus-sunt-minus-consectetur-quia-et','Provident nulla ut quia voluptatem corrupti. Aut qui aut sequi doloribus.',1,NULL,100,NULL,NULL,NULL,'2023-09-30 20:16:37','2023-09-30 20:16:37'),
	(485,89,'Crist, Eichmann and McKenzie','illum-at-est-eum-aut-recusandae-nesciunt-necessitatibus','Voluptate perspiciatis commodi est qui dolor.',1,NULL,100,NULL,NULL,NULL,'2023-09-30 20:16:37','2023-09-30 20:16:37'),
	(486,90,'Wilkinson and Sons','alias-est-rerum-explicabo-similique','Ut sed odit provident id explicabo. Qui ullam ipsa est provident aut.',1,NULL,100,NULL,NULL,NULL,'2023-09-30 20:16:37','2023-09-30 20:16:37'),
	(487,90,'Koch Ltd','est-quaerat-ipsum-et-mollitia-dolorem-illum-voluptas-velit','Sit tenetur aut optio.',1,NULL,100,NULL,NULL,NULL,'2023-09-30 20:16:37','2023-09-30 20:16:37'),
	(488,91,'Prohaska-Walsh','sunt-non-praesentium-voluptatum-ea-cum-voluptatum-dicta','Similique et mollitia sequi est.',1,NULL,100,NULL,NULL,NULL,'2023-09-30 20:16:37','2023-09-30 20:16:37'),
	(489,91,'Cummerata LLC','dolorem-in-ullam-ea-deserunt-numquam','Magni voluptatem et reprehenderit sed aliquam.',1,NULL,100,NULL,NULL,NULL,'2023-09-30 20:16:37','2023-09-30 20:16:37'),
	(490,92,'Rice-Lynch','et-odio-laboriosam-velit-et-nihil-temporibus-id-voluptatem','Iure ex culpa praesentium et recusandae. Occaecati sed alias maxime fugit aut.',1,NULL,100,NULL,NULL,NULL,'2023-09-30 20:16:37','2023-09-30 20:16:37'),
	(491,92,'Powlowski LLC','minus-qui-dolores-consequatur-minus-vitae-repellendus-perferendis-reprehenderit','Provident praesentium a voluptatem reprehenderit voluptate.',1,NULL,100,NULL,NULL,NULL,'2023-09-30 20:16:37','2023-09-30 20:16:37'),
	(492,92,'Pfannerstill Group','temporibus-et-ducimus-soluta-reprehenderit','Et voluptatibus vitae voluptatibus deleniti quaerat modi impedit.',1,NULL,100,NULL,NULL,NULL,'2023-09-30 20:16:37','2023-09-30 20:16:37'),
	(493,92,'Reichel, Raynor and Watsica','facere-enim-aut-cumque-id-ea','Maiores sed voluptatibus aut praesentium veritatis odit id.',1,NULL,100,NULL,NULL,NULL,'2023-09-30 20:16:37','2023-09-30 20:16:37'),
	(494,93,'Kertzmann-Sporer','qui-a-ipsam-dolor-nesciunt','Velit voluptatum ut earum occaecati et mollitia.',1,NULL,100,NULL,NULL,NULL,'2023-09-30 20:16:37','2023-09-30 20:16:37'),
	(495,93,'Farrell, Hand and Hahn','voluptatibus-veritatis-non-itaque-et','Architecto blanditiis facilis et aut ut odio et. Et vero culpa aut vel.',1,NULL,100,NULL,NULL,NULL,'2023-09-30 20:16:37','2023-09-30 20:16:37'),
	(496,93,'Rath, Fritsch and Stanton','quia-temporibus-sunt-neque-occaecati','Sed sed et vel officia pariatur esse.',1,NULL,100,NULL,NULL,NULL,'2023-09-30 20:16:37','2023-09-30 20:16:37'),
	(497,94,'Boyer, Goodwin and Fahey','sed-veritatis-quos-natus-reprehenderit','Quasi aut ut nihil animi vel est itaque.',1,NULL,100,NULL,NULL,NULL,'2023-09-30 20:16:37','2023-09-30 20:16:37'),
	(498,96,'Monahan and Sons','incidunt-deleniti-voluptatum-dolores-sed-beatae','Animi et voluptatem sint dolore quia ex.',1,NULL,100,NULL,NULL,NULL,'2023-09-30 20:16:37','2023-09-30 20:16:37'),
	(499,96,'Kub, Bergnaum and Considine','veniam-libero-reprehenderit-aut-reiciendis-earum-optio-reiciendis','Nemo a qui modi. Alias ex numquam harum maiores. Neque et porro ut tempore.',1,NULL,100,NULL,NULL,NULL,'2023-09-30 20:16:37','2023-09-30 20:16:37'),
	(500,96,'Zieme-Zieme','modi-aut-dolorem-debitis','Vel iure in eum provident vel omnis occaecati. Reprehenderit ut eos voluptates.',1,NULL,100,NULL,NULL,NULL,'2023-09-30 20:16:37','2023-09-30 20:16:37'),
	(501,97,'Friesen PLC','error-est-sit-ex-beatae-ex-aliquid-rerum','Quo enim labore impedit quia dolore. Provident quia voluptas in atque.',1,NULL,100,NULL,NULL,NULL,'2023-09-30 20:16:37','2023-09-30 20:16:37'),
	(502,98,'Pfeffer LLC','quidem-molestiae-praesentium-animi-quas-optio-eveniet-ut','Ut non minus deleniti officiis debitis esse nemo.',1,NULL,100,NULL,NULL,NULL,'2023-09-30 20:16:37','2023-09-30 20:16:37'),
	(503,98,'Spinka Inc','officiis-voluptatem-culpa-fuga-tempora','Sapiente incidunt enim tenetur consequuntur laudantium nemo et.',1,NULL,100,NULL,NULL,NULL,'2023-09-30 20:16:37','2023-09-30 20:16:37'),
	(504,98,'Boehm, Carroll and Goyette','consequatur-fugiat-debitis-aspernatur-perferendis','Quo consequatur est nostrum illum molestiae perspiciatis aut.',1,NULL,100,NULL,NULL,NULL,'2023-09-30 20:16:37','2023-09-30 20:16:37'),
	(505,99,'Kuvalis-Dach','et-repellendus-laboriosam-non-soluta-est-sunt-rerum-quo','Cumque ratione necessitatibus sed reprehenderit laboriosam tempore.',1,NULL,100,NULL,NULL,NULL,'2023-09-30 20:16:37','2023-09-30 20:16:37'),
	(506,99,'Sipes, Weissnat and Lowe','voluptate-nulla-vel-vero','Voluptatem et consequatur et eligendi quis.',1,NULL,100,NULL,NULL,NULL,'2023-09-30 20:16:37','2023-09-30 20:16:37'),
	(507,99,'Swaniawski-Ernser','consequatur-ipsam-ipsum-quo-fuga-in','Non nihil quo illum est laudantium voluptatibus.',1,NULL,100,NULL,NULL,NULL,'2023-09-30 20:16:37','2023-09-30 20:16:37'),
	(508,100,'Kub Group','et-earum-sunt-doloremque-a-cumque-sequi-molestiae','Non nulla commodi neque et voluptates. Harum dicta harum et.',1,NULL,100,NULL,NULL,NULL,'2023-09-30 20:16:37','2023-09-30 20:16:37'),
	(509,101,'Gerlach, Miller and Bechtelar','et-dolores-totam-omnis-rerum-illum-officia','Qui rerum eligendi alias vel molestiae non.',1,NULL,100,NULL,NULL,NULL,'2023-09-30 20:16:37','2023-09-30 20:16:37'),
	(510,101,'Walter Inc','sint-maxime-ullam-quam-ratione-sed','Ad earum tenetur nam unde sunt. Sunt quo iusto in.',1,NULL,100,NULL,NULL,NULL,'2023-09-30 20:16:37','2023-09-30 20:16:37'),
	(511,102,'Dach Ltd','rerum-optio-ut-architecto-voluptate-consequatur-id-maiores','Consequatur beatae tenetur in sed est voluptatem.',1,NULL,100,NULL,NULL,NULL,'2023-09-30 20:16:37','2023-09-30 20:16:37'),
	(512,102,'Berge-Daniel','suscipit-et-dolores-consequatur-ut-ipsam','Reiciendis temporibus et quia error deserunt.',1,NULL,100,NULL,NULL,NULL,'2023-09-30 20:16:37','2023-09-30 20:16:37'),
	(513,103,'Wilkinson-Stanton','non-numquam-laboriosam-in-dolor-est-ut-nam','Aperiam optio velit totam voluptatibus iure sed. Est quasi cum quo nihil.',1,NULL,100,NULL,NULL,NULL,'2023-09-30 20:16:37','2023-09-30 20:16:37'),
	(514,103,'Senger and Sons','adipisci-eos-qui-autem-vitae-dolores-sunt','Aliquid ut exercitationem ipsa nihil similique aliquid omnis.',1,NULL,100,NULL,NULL,NULL,'2023-09-30 20:16:37','2023-09-30 20:16:37'),
	(515,103,'O\'Keefe, Treutel and Koch','iusto-animi-iste-sint-et','Et harum et et voluptate voluptatem. Est sunt ad iste provident aut architecto.',1,NULL,100,NULL,NULL,NULL,'2023-09-30 20:16:37','2023-09-30 20:16:37'),
	(516,104,'Beer-Deckow','placeat-minima-aut-fugit-quaerat-facilis-dolores-laudantium-eum','Reiciendis qui commodi et voluptas ipsum. Rerum quae est dolorem porro nemo.',1,NULL,100,NULL,NULL,NULL,'2023-09-30 20:16:37','2023-09-30 20:16:37'),
	(517,104,'Bernier Group','sed-labore-maiores-sit-dolores-ipsa-ullam-et-quo','Ut nihil inventore ut et excepturi.',1,NULL,100,NULL,NULL,NULL,'2023-09-30 20:16:37','2023-09-30 20:16:37'),
	(518,105,'Murazik, Schaefer and Sipes','ut-quaerat-et-voluptates-et-natus','Blanditiis ut omnis quas dolores sint dolorum.',1,NULL,100,NULL,NULL,NULL,'2023-09-30 20:16:37','2023-09-30 20:16:37'),
	(519,105,'Pagac-Kutch','maxime-officia-qui-totam-omnis-dolorum','Dicta in delectus voluptatem soluta nihil harum sed.',1,NULL,100,NULL,NULL,NULL,'2023-09-30 20:16:37','2023-09-30 20:16:37'),
	(520,105,'VonRueden-Becker','ea-repellat-animi-aliquid-esse','Enim accusantium veniam rem nisi id rerum. Explicabo rem unde eum nisi facilis.',1,NULL,100,NULL,NULL,NULL,'2023-09-30 20:16:37','2023-09-30 20:16:37'),
	(521,106,'Stehr Group','accusamus-dicta-earum-sequi-error','Nisi voluptate enim qui culpa nobis. Nulla sunt sit et. Itaque et aut in.',1,NULL,100,NULL,NULL,NULL,'2023-09-30 20:16:37','2023-09-30 20:16:37'),
	(522,106,'Schowalter, Senger and Batz','ratione-voluptatem-quidem-praesentium-cupiditate-consequatur-quia','Autem corporis vitae voluptatibus ab.',1,NULL,100,NULL,NULL,NULL,'2023-09-30 20:16:37','2023-09-30 20:16:37'),
	(523,106,'Frami-Osinski','quidem-ut-perferendis-nobis-sed-quibusdam-pariatur-velit','Quos et nobis neque et nisi deserunt beatae.',1,NULL,100,NULL,NULL,NULL,'2023-09-30 20:16:37','2023-09-30 20:16:37'),
	(524,107,'Baumbach, Kerluke and Moore','omnis-atque-earum-sunt-voluptas','Nemo molestiae ab impedit reiciendis eaque ratione laudantium.',1,NULL,100,NULL,NULL,NULL,'2023-09-30 20:16:37','2023-09-30 20:16:37'),
	(525,107,'Davis Group','iste-quia-nihil-dolor','Quia neque voluptas quaerat aliquid. Explicabo rerum molestiae ullam tempora.',1,NULL,100,NULL,NULL,NULL,'2023-09-30 20:16:37','2023-09-30 20:16:37'),
	(526,108,'Erdman, Bartoletti and Gorczany','distinctio-alias-et-at-expedita-vero','Ab aut hic sapiente assumenda. Vero qui blanditiis hic quo.',1,NULL,100,NULL,NULL,NULL,'2023-09-30 20:16:37','2023-09-30 20:16:37'),
	(527,108,'Champlin-Fisher','quibusdam-voluptate-fugiat-a-enim-et-sed','Repellendus omnis perferendis dolores inventore.',1,NULL,100,NULL,NULL,NULL,'2023-09-30 20:16:37','2023-09-30 20:16:37'),
	(528,109,'Schumm-Will','temporibus-nobis-dolores-libero-animi','Ex debitis mollitia sit magni ad.',1,NULL,100,NULL,NULL,NULL,'2023-09-30 20:16:37','2023-09-30 20:16:37'),
	(529,109,'Trantow-Quigley','molestiae-reiciendis-libero-dolorum-iste-natus-cupiditate-aut-repudiandae','Enim ad temporibus itaque voluptatem et necessitatibus fugit.',1,NULL,100,NULL,NULL,NULL,'2023-09-30 20:16:37','2023-09-30 20:16:37'),
	(530,110,'Kreiger, Howell and Brekke','est-omnis-deserunt-libero-vitae-ut-labore','Saepe veniam culpa excepturi excepturi incidunt. Est rem rerum est quo.',1,NULL,100,NULL,NULL,NULL,'2023-09-30 20:16:37','2023-09-30 20:16:37'),
	(531,110,'Spencer, O\'Connell and Renner','animi-nobis-exercitationem-tempore-commodi-eius','Ad consectetur aut impedit qui eius.',1,NULL,100,NULL,NULL,NULL,'2023-09-30 20:16:37','2023-09-30 20:16:37'),
	(532,110,'Blick, Schmidt and Bernier','error-soluta-sint-atque-non-cupiditate-fugit-asperiores','Dolor asperiores quo laudantium quisquam enim deleniti est praesentium.',1,NULL,100,NULL,NULL,NULL,'2023-09-30 20:16:37','2023-09-30 20:16:37'),
	(533,110,'Lang, Waters and Williamson','sit-excepturi-excepturi-aut-aut','Enim doloremque qui provident dolorem eligendi explicabo non.',1,NULL,100,NULL,NULL,NULL,'2023-09-30 20:16:37','2023-09-30 20:16:37'),
	(534,111,'Hessel, Hauck and VonRueden','nam-quis-modi-inventore-voluptas-molestiae-placeat-modi','Est sint et dolor dolorem.',1,NULL,100,NULL,NULL,NULL,'2023-09-30 20:16:37','2023-09-30 20:16:37'),
	(535,112,'Boyle Group','consequuntur-eaque-consequatur-aut-aut-non-vel-vel','Occaecati at eaque qui nemo porro omnis incidunt expedita.',1,NULL,100,NULL,NULL,NULL,'2023-09-30 20:16:37','2023-09-30 20:16:37'),
	(536,112,'Koch, Greenfelder and Gorczany','quis-ipsam-non-sint-sequi-mollitia-asperiores','In labore numquam adipisci omnis. Cupiditate quis corrupti rerum sunt.',1,NULL,100,NULL,NULL,NULL,'2023-09-30 20:16:37','2023-09-30 20:16:37'),
	(537,112,'Casper-Koelpin','id-vel-autem-nihil-consectetur-corrupti-ipsa','Nobis sit laboriosam sunt voluptatem. Sunt qui quis exercitationem.',1,NULL,100,NULL,NULL,NULL,'2023-09-30 20:16:37','2023-09-30 20:16:37'),
	(538,112,'Bode-Paucek','qui-alias-provident-quia-architecto-repellendus-eos','Rerum voluptates quidem illo inventore. Tempora itaque molestiae eos sed alias.',1,NULL,100,NULL,NULL,NULL,'2023-09-30 20:16:37','2023-09-30 20:16:37'),
	(539,113,'Schiller-Considine','sit-quia-voluptates-veniam-dolorem','Saepe esse et tempore tenetur vitae architecto perspiciatis.',1,NULL,100,NULL,NULL,NULL,'2023-09-30 20:16:37','2023-09-30 20:16:37'),
	(540,113,'Koelpin-Parisian','labore-non-dolorem-ipsam-omnis-nihil-magnam','Debitis ut omnis aut maxime dignissimos accusantium.',1,NULL,100,NULL,NULL,NULL,'2023-09-30 20:16:37','2023-09-30 20:16:37'),
	(541,115,'Carter, Lakin and Hahn','quasi-architecto-rerum-pariatur-qui-fugit','Aut tempore quis aut rerum ea. Est repellendus consequatur nobis ab nihil.',1,NULL,100,NULL,NULL,NULL,'2023-09-30 20:16:37','2023-09-30 20:16:37'),
	(542,115,'Donnelly Ltd','expedita-molestiae-ut-molestias-atque-quis-et','Facilis ea error nemo. Adipisci est a commodi alias maxime in.',1,NULL,100,NULL,NULL,NULL,'2023-09-30 20:16:37','2023-09-30 20:16:37'),
	(543,116,'Yundt Group','et-aut-recusandae-commodi-consequatur-aut-ex-architecto-pariatur','Eum et quae omnis libero.',1,NULL,100,NULL,NULL,NULL,'2023-09-30 20:16:37','2023-09-30 20:16:37'),
	(544,117,'Homenick, Schmeler and Sauer','asperiores-aut-eum-at-asperiores','Delectus dolor quae error aperiam.',1,NULL,100,NULL,NULL,NULL,'2023-09-30 20:16:37','2023-09-30 20:16:37'),
	(545,117,'Weber and Sons','fugit-accusamus-neque-odio-enim-omnis-adipisci','Necessitatibus et commodi explicabo incidunt.',1,NULL,100,NULL,NULL,NULL,'2023-09-30 20:16:37','2023-09-30 20:16:37'),
	(546,118,'Kirlin, Casper and Huel','libero-facilis-accusantium-voluptatem-voluptas','Eum nam aperiam rem distinctio consequatur molestiae.',1,NULL,100,NULL,NULL,NULL,'2023-09-30 20:16:37','2023-09-30 20:16:37'),
	(547,118,'Renner Group','ut-soluta-ut-est-quasi-est','Dolor eius velit iste inventore nemo alias. Qui magnam et sed repellat odio.',1,NULL,100,NULL,NULL,NULL,'2023-09-30 20:16:37','2023-09-30 20:16:37'),
	(548,119,'Walsh PLC','velit-exercitationem-aut-dicta-quae','Placeat quo modi tempora sed veritatis. Et perspiciatis iure voluptas nemo.',1,NULL,100,NULL,NULL,NULL,'2023-09-30 20:16:37','2023-09-30 20:16:37'),
	(549,119,'Sawayn Ltd','eius-qui-minima-eum-quis-alias-provident','Omnis sint rerum modi rerum. Id sit et aut voluptas animi eligendi.',1,NULL,100,NULL,NULL,NULL,'2023-09-30 20:16:37','2023-09-30 20:16:37'),
	(550,119,'Conroy, Goldner and Abshire','consectetur-fuga-sit-cumque-alias','Accusantium expedita omnis ut repudiandae labore nam aperiam dolorem.',1,NULL,100,NULL,NULL,NULL,'2023-09-30 20:16:37','2023-09-30 20:16:37'),
	(551,120,'Muller, Roberts and Lakin','vitae-libero-accusantium-doloribus-quo','Soluta quam explicabo ut corporis quam delectus.',1,NULL,100,NULL,NULL,NULL,'2023-09-30 20:16:37','2023-09-30 20:16:37'),
	(552,120,'Weber, Bosco and Stroman','autem-expedita-est-quia-et-fuga-quasi-ipsum-magnam','Non est recusandae est eligendi commodi.',1,NULL,100,NULL,NULL,NULL,'2023-09-30 20:16:38','2023-09-30 20:16:38'),
	(553,120,'Krajcik, Hudson and Lueilwitz','sapiente-sit-sapiente-et-eveniet-illum-assumenda-quo-eum','Quod dolor repellat quod voluptate sint voluptatem impedit et.',1,NULL,100,NULL,NULL,NULL,'2023-09-30 20:16:38','2023-09-30 20:16:38'),
	(554,122,'Weimann-Collins','reiciendis-quas-explicabo-aut','Repellendus et eveniet sed consequatur ipsum veritatis.',1,NULL,100,NULL,NULL,NULL,'2023-09-30 20:16:38','2023-09-30 20:16:38'),
	(555,122,'O\'Keefe-Rippin','molestiae-sunt-voluptate-sapiente-quia-vero','Cumque voluptatum commodi voluptatem voluptas.',1,NULL,100,NULL,NULL,NULL,'2023-09-30 20:16:38','2023-09-30 20:16:38'),
	(556,122,'Padberg LLC','aliquid-culpa-vel-deserunt-praesentium','Voluptates minus est architecto nisi.',1,NULL,100,NULL,NULL,NULL,'2023-09-30 20:16:38','2023-09-30 20:16:38'),
	(557,123,'Wilderman-Gutmann','occaecati-est-ipsam-qui-sunt','Mollitia enim tempora sed earum veritatis in.',1,NULL,100,NULL,NULL,NULL,'2023-09-30 20:16:38','2023-09-30 20:16:38'),
	(558,123,'Howe, Willms and Little','consequuntur-voluptates-autem-delectus-et','Id et cupiditate dicta perspiciatis id sed.',1,NULL,100,NULL,NULL,NULL,'2023-09-30 20:16:38','2023-09-30 20:16:38'),
	(559,123,'Weimann LLC','reiciendis-fugit-sed-unde-quisquam','Recusandae nihil quia expedita sint et est dolorem.',1,NULL,100,NULL,NULL,NULL,'2023-09-30 20:16:38','2023-09-30 20:16:38'),
	(560,123,'Rogahn, Lueilwitz and Haag','voluptatem-aspernatur-consequuntur-quae-soluta-voluptas-itaque-laborum-ut','Accusamus sunt fugit tempore molestiae ipsa accusantium adipisci aut.',1,NULL,100,NULL,NULL,NULL,'2023-09-30 20:16:38','2023-09-30 20:16:38'),
	(561,125,'Shields-Turner','explicabo-dolores-quidem-qui-blanditiis-unde-dolores-similique','Dolorum ipsum quis eaque aliquam similique sint et.',1,NULL,100,NULL,NULL,NULL,'2023-09-30 20:16:38','2023-09-30 20:16:38'),
	(562,125,'Dach Inc','doloribus-repellat-et-itaque-necessitatibus-qui-et-officiis','Ipsa ut delectus ducimus qui sunt exercitationem eum.',1,NULL,100,NULL,NULL,NULL,'2023-09-30 20:16:38','2023-09-30 20:16:38'),
	(563,125,'Beatty and Sons','ab-aut-aperiam-natus-voluptatum-esse-dolorem','Aut porro tempore dicta quasi provident commodi nam recusandae.',1,NULL,100,NULL,NULL,NULL,'2023-09-30 20:16:38','2023-09-30 20:16:38'),
	(564,126,'Wintheiser, Daugherty and Murazik','ut-adipisci-esse-quam-nam-maxime','Iste vel eos cupiditate sapiente.',1,NULL,100,NULL,NULL,NULL,'2023-09-30 20:16:38','2023-09-30 20:16:38'),
	(565,126,'Buckridge-Huels','eaque-perspiciatis-repellendus-et-omnis-est','Nesciunt laudantium porro rerum.',1,NULL,100,NULL,NULL,NULL,'2023-09-30 20:16:38','2023-09-30 20:16:38'),
	(566,126,'Brakus-Carroll','facilis-nostrum-et-et-beatae-in-expedita','Deserunt officia illo recusandae quod. Et sit quos culpa deleniti repellendus.',1,NULL,100,NULL,NULL,NULL,'2023-09-30 20:16:38','2023-09-30 20:16:38'),
	(567,127,'Considine Ltd','molestiae-inventore-corporis-similique-amet-aut-eveniet-iste','Tempora totam accusantium atque. Qui natus id ab.',1,NULL,100,NULL,NULL,NULL,'2023-09-30 20:16:38','2023-09-30 20:16:38'),
	(568,127,'Reinger, Wehner and Douglas','consequatur-voluptate-natus-autem-mollitia-velit-nam','Tenetur reprehenderit aut voluptatum possimus soluta minus.',1,NULL,100,NULL,NULL,NULL,'2023-09-30 20:16:38','2023-09-30 20:16:38'),
	(569,128,'Hill and Sons','sit-voluptatem-doloremque-ipsam','Porro qui eos dolor voluptas in voluptatem.',1,NULL,100,NULL,NULL,NULL,'2023-09-30 20:16:38','2023-09-30 20:16:38'),
	(570,128,'Oberbrunner-Thiel','enim-at-quas-voluptatem-consequatur','Nobis quia distinctio a quia. Ipsa iure repudiandae qui est magnam consectetur.',1,NULL,100,NULL,NULL,NULL,'2023-09-30 20:16:38','2023-09-30 20:16:38'),
	(571,129,'Jacobs Inc','recusandae-qui-quidem-sint','Sed ut quia accusantium totam enim illum praesentium.',1,NULL,100,NULL,NULL,NULL,'2023-09-30 20:16:38','2023-09-30 20:16:38'),
	(572,131,'Mayert LLC','natus-qui-et-quos-laudantium-ipsum-doloribus-eum','Aliquid maiores culpa neque. Tenetur sint velit est necessitatibus et.',1,NULL,100,NULL,NULL,NULL,'2023-09-30 20:16:38','2023-09-30 20:16:38'),
	(573,132,'Gutmann-Anderson','minima-accusantium-iste-qui-cum-saepe-non-laudantium','Hic eius rerum dolor ipsa. Minus voluptatem non molestiae assumenda laboriosam.',1,NULL,100,NULL,NULL,NULL,'2023-09-30 20:16:38','2023-09-30 20:16:38'),
	(574,132,'Beer Ltd','et-fuga-dolor-quasi-molestias-quasi','Quia aut nesciunt maiores. Illo ullam qui qui architecto rerum aut assumenda.',1,NULL,100,NULL,NULL,NULL,'2023-09-30 20:16:38','2023-09-30 20:16:38'),
	(575,133,'Gislason-Leannon','id-vitae-blanditiis-consequatur-delectus-ullam-ipsum','Saepe suscipit error qui sunt odit optio.',1,NULL,100,NULL,NULL,NULL,'2023-09-30 20:16:38','2023-09-30 20:16:38'),
	(576,133,'Stehr Inc','est-aut-porro-voluptatem-dicta-eligendi-quam','Aut nihil ea quia aut quisquam odio voluptate.',1,NULL,100,NULL,NULL,NULL,'2023-09-30 20:16:38','2023-09-30 20:16:38'),
	(577,133,'Nitzsche-Terry','recusandae-accusantium-iste-voluptate-a-perspiciatis-consequuntur','Inventore qui maxime beatae voluptatem fugit praesentium rem aperiam.',1,NULL,100,NULL,NULL,NULL,'2023-09-30 20:16:38','2023-09-30 20:16:38'),
	(578,133,'Muller LLC','quia-nemo-autem-asperiores-eaque-in-aliquam-in','Veniam laboriosam rerum sunt quasi consequatur eius.',1,NULL,100,NULL,NULL,NULL,'2023-09-30 20:16:38','2023-09-30 20:16:38'),
	(579,134,'Jenkins Inc','ipsam-maiores-dolores-et-et-eos','Ex ipsum possimus voluptas magni. Et possimus voluptates eum rerum.',1,NULL,100,NULL,NULL,NULL,'2023-09-30 20:16:38','2023-09-30 20:16:38'),
	(580,134,'Stiedemann, Smitham and Zulauf','et-ex-qui-est-praesentium','Qui omnis accusantium voluptates distinctio natus corrupti ipsum.',1,NULL,100,NULL,NULL,NULL,'2023-09-30 20:16:38','2023-09-30 20:16:38'),
	(581,134,'O\'Kon, Goldner and Wiza','omnis-et-quis-nulla-enim-cumque-iste-vero-et','Pariatur ea sint qui ullam et reprehenderit exercitationem.',1,NULL,100,NULL,NULL,NULL,'2023-09-30 20:16:38','2023-09-30 20:16:38'),
	(582,138,'Rohan LLC','iure-deserunt-dolor-accusantium-sed','Similique et provident molestiae. Dolore at quisquam voluptatibus placeat aut.',1,NULL,100,NULL,NULL,NULL,'2023-09-30 20:16:38','2023-09-30 20:16:38'),
	(583,138,'Baumbach-Schumm','officia-vel-explicabo-officia-labore-dolorem','Corporis vitae temporibus perferendis necessitatibus.',1,NULL,100,NULL,NULL,NULL,'2023-09-30 20:16:38','2023-09-30 20:16:38'),
	(584,139,'Auer Group','enim-et-minus-vero-architecto-voluptas-tempore-qui-corporis','Iure architecto tempore et nulla quos eos. Autem et dolor cum amet eligendi.',1,NULL,100,NULL,NULL,NULL,'2023-09-30 20:16:38','2023-09-30 20:16:38'),
	(585,139,'Koch, Hauck and Koss','quia-non-hic-ut-recusandae-dicta-ullam','Iusto sunt quam qui eum ut earum.',1,NULL,100,NULL,NULL,NULL,'2023-09-30 20:16:38','2023-09-30 20:16:38'),
	(586,139,'Muller-Wunsch','odit-vero-id-et','Quo voluptates numquam optio occaecati. Asperiores aut quam id et.',1,NULL,100,NULL,NULL,NULL,'2023-09-30 20:16:38','2023-09-30 20:16:38'),
	(587,139,'Casper-Stark','iste-sed-magni-debitis-odit-facere','Vel corrupti id possimus atque qui aut dolor hic.',1,NULL,100,NULL,NULL,NULL,'2023-09-30 20:16:38','2023-09-30 20:16:38'),
	(588,140,'Hahn and Sons','quis-dolor-qui-eum','Quia odit tempora debitis nisi. Eveniet laudantium et adipisci ea minus et.',1,NULL,100,NULL,NULL,NULL,'2023-09-30 20:16:38','2023-09-30 20:16:38'),
	(589,140,'McCullough, Effertz and Pagac','at-dicta-est-facere-dolores-odio-alias-qui-qui','Repudiandae sint qui dolor omnis itaque.',1,NULL,100,NULL,NULL,NULL,'2023-09-30 20:16:38','2023-09-30 20:16:38'),
	(590,140,'Smith, O\'Hara and Mitchell','deleniti-quas-quo-et-dolores','Atque perspiciatis qui est qui blanditiis eaque.',1,NULL,100,NULL,NULL,NULL,'2023-09-30 20:16:38','2023-09-30 20:16:38'),
	(591,140,'Jaskolski-Deckow','id-ipsa-voluptatem-qui-consequatur','Quidem laboriosam et beatae ducimus inventore.',1,NULL,100,NULL,NULL,NULL,'2023-09-30 20:16:38','2023-09-30 20:16:38'),
	(592,141,'Predovic-Funk','cupiditate-dolores-rem-autem-vel-id','Quis adipisci quaerat enim quos. Quia nihil provident quos et necessitatibus.',1,NULL,100,NULL,NULL,NULL,'2023-09-30 20:16:38','2023-09-30 20:16:38'),
	(593,141,'Sauer LLC','exercitationem-dolorum-ullam-voluptas-consequatur-aut','Veritatis asperiores commodi aut itaque officia ipsam sed.',1,NULL,100,NULL,NULL,NULL,'2023-09-30 20:16:38','2023-09-30 20:16:38'),
	(594,141,'Pacocha-Bergnaum','fuga-deleniti-dolorum-ut-at-ea-exercitationem-minus-distinctio','Natus vel sed ratione magni. Praesentium alias deserunt iusto ut.',1,NULL,100,NULL,NULL,NULL,'2023-09-30 20:16:38','2023-09-30 20:16:38'),
	(595,142,'Pollich, Okuneva and Thiel','ipsa-inventore-corrupti-incidunt-praesentium-aut-atque','Quis et inventore error et quasi.',1,NULL,100,NULL,NULL,NULL,'2023-09-30 20:16:38','2023-09-30 20:16:38'),
	(596,142,'Willms, Balistreri and Hickle','animi-tempora-dolorem-quaerat-rerum-et-repudiandae','Perferendis eum doloremque natus.',1,NULL,100,NULL,NULL,NULL,'2023-09-30 20:16:38','2023-09-30 20:16:38'),
	(597,142,'Cartwright-Stark','dolor-perferendis-iusto-natus-molestiae','Quibusdam et non ad laudantium quae sit.',1,NULL,100,NULL,NULL,NULL,'2023-09-30 20:16:38','2023-09-30 20:16:38'),
	(598,143,'Mayer, Gibson and Murazik','iusto-recusandae-voluptatem-in-non-atque','Veritatis dolores doloribus est totam cupiditate quasi illum.',1,NULL,100,NULL,NULL,NULL,'2023-09-30 20:16:38','2023-09-30 20:16:38'),
	(599,143,'Howe-Schinner','odio-et-iusto-error-corporis','Numquam consequatur repellat illo exercitationem dolorem qui occaecati.',1,NULL,100,NULL,NULL,NULL,'2023-09-30 20:16:38','2023-09-30 20:16:38'),
	(600,143,'Mitchell Group','quia-dolores-provident-unde-et-expedita-voluptatem-ea','Facilis voluptatum et consequatur deleniti sunt necessitatibus iste iusto.',1,NULL,100,NULL,NULL,NULL,'2023-09-30 20:16:38','2023-09-30 20:16:38'),
	(601,143,'Wiegand LLC','facere-ab-odio-assumenda-non','Autem tempora quis et occaecati libero rerum id.',1,NULL,100,NULL,NULL,NULL,'2023-09-30 20:16:38','2023-09-30 20:16:38'),
	(602,144,'Pagac-Leffler','totam-sed-et-ut-facere-amet-qui','Nobis quidem facilis omnis aperiam ad.',1,NULL,100,NULL,NULL,NULL,'2023-09-30 20:16:38','2023-09-30 20:16:38'),
	(603,144,'Stokes-Bode','similique-ab-maiores-et-possimus-voluptates','Sed cum sed nemo ut. Quia dolorum quia incidunt perferendis vel praesentium.',1,NULL,100,NULL,NULL,NULL,'2023-09-30 20:16:38','2023-09-30 20:16:38'),
	(604,146,'Paucek and Sons','eveniet-officiis-doloremque-culpa-recusandae-omnis-autem-autem','Magnam sint debitis ipsa unde nihil provident.',1,NULL,100,NULL,NULL,NULL,'2023-09-30 20:16:38','2023-09-30 20:16:38'),
	(605,146,'Reynolds, Pacocha and Padberg','consequuntur-animi-eum-explicabo-id','Occaecati et et odit odit alias.',1,NULL,100,NULL,NULL,NULL,'2023-09-30 20:16:38','2023-09-30 20:16:38'),
	(606,146,'Shanahan-Blick','eius-reiciendis-fugiat-et-nihil','Nam autem consequatur qui vel. Mollitia laudantium sit quia autem animi.',1,NULL,100,NULL,NULL,NULL,'2023-09-30 20:16:38','2023-09-30 20:16:38'),
	(607,148,'Hill Group','dolores-ex-asperiores-fugit-deleniti-officiis-commodi','Qui consequatur et libero. Aut repellendus quia in quia.',1,NULL,100,NULL,NULL,NULL,'2023-09-30 20:16:38','2023-09-30 20:16:38'),
	(608,148,'Stroman-Denesik','cupiditate-nesciunt-vel-eligendi-incidunt-sequi-eum','Cumque laboriosam illum quia facilis sint.',1,NULL,100,NULL,NULL,NULL,'2023-09-30 20:16:38','2023-09-30 20:16:38'),
	(609,148,'Little-Rosenbaum','consequuntur-tempore-eius-similique-eius-voluptates-cum-quidem','Nesciunt commodi voluptates eveniet ea culpa.',1,NULL,100,NULL,NULL,NULL,'2023-09-30 20:16:38','2023-09-30 20:16:38'),
	(610,149,'Schneider-Conn','molestiae-corrupti-deleniti-itaque-accusantium','Nulla maxime ab voluptas ex consectetur ut. Eos ratione assumenda odio illum.',1,NULL,100,NULL,NULL,NULL,'2023-09-30 20:16:38','2023-09-30 20:16:38'),
	(611,149,'Abernathy Inc','esse-quis-atque-enim','Quod sit necessitatibus beatae quibusdam.',1,NULL,100,NULL,NULL,NULL,'2023-09-30 20:16:38','2023-09-30 20:16:38'),
	(612,150,'Miller Group','quo-non-error-quidem-recusandae-laborum-maxime-eaque','Ut dolores modi ut molestiae error perspiciatis.',1,NULL,100,NULL,NULL,NULL,'2023-09-30 20:16:38','2023-09-30 20:16:38'),
	(613,150,'Lind-D\'Amore','cupiditate-nihil-voluptas-minus-non-asperiores-vel-ut','Dignissimos et qui necessitatibus eveniet nostrum nobis quibusdam.',1,NULL,100,NULL,NULL,NULL,'2023-09-30 20:16:38','2023-09-30 20:16:38'),
	(614,150,'Wilderman PLC','dolor-laboriosam-recusandae-officiis-nesciunt-neque-quidem-enim-iste','Et laboriosam sed voluptatum qui asperiores qui doloremque.',1,NULL,100,NULL,NULL,NULL,'2023-09-30 20:16:38','2023-09-30 20:16:38'),
	(615,150,'Howe-Kling','repellendus-beatae-nihil-est-sapiente','Enim quo magni similique sed sunt ullam. Facere et esse molestiae.',1,NULL,100,NULL,NULL,NULL,'2023-09-30 20:16:38','2023-09-30 20:16:38'),
	(616,151,'Purdy and Sons','fuga-nam-tempore-voluptatem-sint-mollitia-eos','Molestiae et sapiente nisi quia.',1,NULL,100,NULL,NULL,NULL,'2023-09-30 20:16:38','2023-09-30 20:16:38'),
	(617,151,'Bernhard and Sons','sit-officia-sit-sed-at-vel-exercitationem-maiores','Reprehenderit et sed exercitationem molestias aut enim eveniet quia.',1,NULL,100,NULL,NULL,NULL,'2023-09-30 20:16:38','2023-09-30 20:16:38'),
	(618,152,'Emard, Parker and Rempel','accusantium-adipisci-facere-recusandae-ipsum-esse','Ut quaerat ut eligendi ipsum.',1,NULL,100,NULL,NULL,NULL,'2023-09-30 20:16:38','2023-09-30 20:16:38'),
	(619,152,'O\'Connell Inc','pariatur-doloribus-in-magnam-atque','Necessitatibus tempora culpa praesentium voluptatem quo est cumque qui.',1,NULL,100,NULL,NULL,NULL,'2023-09-30 20:16:38','2023-09-30 20:16:38'),
	(620,152,'Ullrich Ltd','perferendis-totam-voluptatibus-ut-blanditiis-illo-earum-quisquam','Doloribus veniam totam sunt eos.',1,NULL,100,NULL,NULL,NULL,'2023-09-30 20:16:38','2023-09-30 20:16:38'),
	(621,152,'Fadel, Davis and Wilkinson','quaerat-vero-occaecati-fugit-corporis-tenetur-ipsum','Illo dolore in reprehenderit repellat. Commodi accusamus cum nisi harum.',1,NULL,100,NULL,NULL,NULL,'2023-09-30 20:16:38','2023-09-30 20:16:38');



# Dump of table category_groups
# ------------------------------------------------------------

